176.87.105.56 - - [12/Mar/2026:15:52:26 +0100] "GET /img/g-asador-casa-tomas-06p.jpg HTTP/1.0" 200 408 "https://asadorcasatomas.com/restaurante-casa-tomas.html" "Mozilla/5.0 (iPhone; CPU iPhone OS 18_7 like Mac OS X) AppleWebKit/605.1.15 (KHTML, like Gecko) Version/26.2 Mobile/15E148 Safari/604.1"
176.87.105.56 - - [12/Mar/2026:15:52:26 +0100] "GET /img/g-asador-casa-tomas-09p.jpg HTTP/1.0" 200 408 "https://asadorcasatomas.com/restaurante-casa-tomas.html" "Mozilla/5.0 (iPhone; CPU iPhone OS 18_7 like Mac OS X) AppleWebKit/605.1.15 (KHTML, like Gecko) Version/26.2 Mobile/15E148 Safari/604.1"
176.87.105.56 - - [12/Mar/2026:15:52:26 +0100] "GET /img/g-asador-casa-tomas-08p.jpg HTTP/1.0" 200 408 "https://asadorcasatomas.com/restaurante-casa-tomas.html" "Mozilla/5.0 (iPhone; CPU iPhone OS 18_7 like Mac OS X) AppleWebKit/605.1.15 (KHTML, like Gecko) Version/26.2 Mobile/15E148 Safari/604.1"
176.87.105.56 - - [12/Mar/2026:15:52:26 +0100] "GET /img/g-asador-casa-tomas-04p.jpg HTTP/1.0" 200 408 "https://asadorcasatomas.com/restaurante-casa-tomas.html" "Mozilla/5.0 (iPhone; CPU iPhone OS 18_7 like Mac OS X) AppleWebKit/605.1.15 (KHTML, like Gecko) Version/26.2 Mobile/15E148 Safari/604.1"
176.87.105.56 - - [12/Mar/2026:15:52:26 +0100] "GET /img/th-asador-casa-tomas-nevada.jpg HTTP/1.0" 200 412 "https://asadorcasatomas.com/restaurante-casa-tomas.html" "Mozilla/5.0 (iPhone; CPU iPhone OS 18_7 like Mac OS X) AppleWebKit/605.1.15 (KHTML, like Gecko) Version/26.2 Mobile/15E148 Safari/604.1"
176.87.105.56 - - [12/Mar/2026:15:52:26 +0100] "GET /img/ruta-del-vino-peq.gif HTTP/1.0" 200 401 "https://asadorcasatomas.com/restaurante-casa-tomas.html" "Mozilla/5.0 (iPhone; CPU iPhone OS 18_7 like Mac OS X) AppleWebKit/605.1.15 (KHTML, like Gecko) Version/26.2 Mobile/15E148 Safari/604.1"
176.87.105.56 - - [12/Mar/2026:15:52:26 +0100] "GET /img/ico-boton-am.gif HTTP/1.0" 200 809 "https://asadorcasatomas.com/restaurante-casa-tomas.html" "Mozilla/5.0 (iPhone; CPU iPhone OS 18_7 like Mac OS X) AppleWebKit/605.1.15 (KHTML, like Gecko) Version/26.2 Mobile/15E148 Safari/604.1"
176.87.105.56 - - [12/Mar/2026:15:52:26 +0100] "GET /img/prev.png HTTP/1.0" 200 388 "https://asadorcasatomas.com/restaurante-casa-tomas.html" "Mozilla/5.0 (iPhone; CPU iPhone OS 18_7 like Mac OS X) AppleWebKit/605.1.15 (KHTML, like Gecko) Version/26.2 Mobile/15E148 Safari/604.1"
176.87.105.56 - - [12/Mar/2026:15:52:26 +0100] "GET /img/next.png HTTP/1.0" 200 388 "https://asadorcasatomas.com/restaurante-casa-tomas.html" "Mozilla/5.0 (iPhone; CPU iPhone OS 18_7 like Mac OS X) AppleWebKit/605.1.15 (KHTML, like Gecko) Version/26.2 Mobile/15E148 Safari/604.1"
176.87.105.56 - - [12/Mar/2026:15:52:26 +0100] "GET /img/loading.gif HTTP/1.0" 200 391 "https://asadorcasatomas.com/restaurante-casa-tomas.html" "Mozilla/5.0 (iPhone; CPU iPhone OS 18_7 like Mac OS X) AppleWebKit/605.1.15 (KHTML, like Gecko) Version/26.2 Mobile/15E148 Safari/604.1"
176.87.105.56 - - [12/Mar/2026:15:52:26 +0100] "GET /img/close.png HTTP/1.0" 200 730 "https://asadorcasatomas.com/restaurante-casa-tomas.html" "Mozilla/5.0 (iPhone; CPU iPhone OS 18_7 like Mac OS X) AppleWebKit/605.1.15 (KHTML, like Gecko) Version/26.2 Mobile/15E148 Safari/604.1"
57.141.0.9 - - [12/Mar/2026:15:52:31 +0100] "GET /item/5819262 HTTP/1.0" 404 1498 "-" "meta-externalagent/1.1 (+https://developers.facebook.com/docs/sharing/webmasters/crawler)"
185.128.9.58 - - [12/Mar/2026:15:52:43 +0100] "GET /includes/1-1.php?die=rough HTTP/1.0" 404 1127 "-" "Mozilla/5.0 (X11; Linux x86_64) AppleWebKit/537.36 (KHTML, like Gecko) Chrome/143.0.0.0 Safari/537.36"
57.141.0.30 - - [12/Mar/2026:15:53:11 +0100] "GET /item/5881840 HTTP/1.0" 404 1498 "-" "meta-externalagent/1.1 (+https://developers.facebook.com/docs/sharing/webmasters/crawler)"
57.141.0.21 - - [12/Mar/2026:15:53:51 +0100] "GET /item/6700785 HTTP/1.0" 404 1498 "-" "meta-externalagent/1.1 (+https://developers.facebook.com/docs/sharing/webmasters/crawler)"
57.141.0.67 - - [12/Mar/2026:15:54:31 +0100] "GET /item/6362269 HTTP/1.0" 404 1498 "-" "meta-externalagent/1.1 (+https://developers.facebook.com/docs/sharing/webmasters/crawler)"
57.141.0.67 - - [12/Mar/2026:15:55:11 +0100] "GET /item/5010427 HTTP/1.0" 404 1498 "-" "meta-externalagent/1.1 (+https://developers.facebook.com/docs/sharing/webmasters/crawler)"
66.249.73.96 - - [12/Mar/2026:15:55:15 +0100] "GET /item/6913856 HTTP/1.0" 404 1127 "-" "Mozilla/5.0 (Linux; Android 6.0.1; Nexus 5X Build/MMB29P) AppleWebKit/537.36 (KHTML, like Gecko) Chrome/145.0.7632.116 Mobile Safari/537.36 (compatible; Googlebot/2.1; +http://www.google.com/bot.html)"
57.141.0.45 - - [12/Mar/2026:15:55:51 +0100] "GET /item/4950739 HTTP/1.0" 404 1498 "-" "meta-externalagent/1.1 (+https://developers.facebook.com/docs/sharing/webmasters/crawler)"
57.141.0.36 - - [12/Mar/2026:15:56:31 +0100] "GET /item/5415308 HTTP/1.0" 404 1498 "-" "meta-externalagent/1.1 (+https://developers.facebook.com/docs/sharing/webmasters/crawler)"
57.141.0.31 - - [12/Mar/2026:15:57:11 +0100] "GET /item/5308895 HTTP/1.0" 404 1498 "-" "meta-externalagent/1.1 (+https://developers.facebook.com/docs/sharing/webmasters/crawler)"
57.141.0.55 - - [12/Mar/2026:15:57:51 +0100] "GET /item/5118039 HTTP/1.0" 404 1498 "-" "meta-externalagent/1.1 (+https://developers.facebook.com/docs/sharing/webmasters/crawler)"
57.141.0.35 - - [12/Mar/2026:15:58:31 +0100] "GET /item/5260271 HTTP/1.0" 404 1498 "-" "meta-externalagent/1.1 (+https://developers.facebook.com/docs/sharing/webmasters/crawler)"
57.141.0.58 - - [12/Mar/2026:15:59:11 +0100] "GET /item/5123987 HTTP/1.0" 404 1498 "-" "meta-externalagent/1.1 (+https://developers.facebook.com/docs/sharing/webmasters/crawler)"
57.141.0.27 - - [12/Mar/2026:15:59:51 +0100] "GET /item/6252283 HTTP/1.0" 404 1498 "-" "meta-externalagent/1.1 (+https://developers.facebook.com/docs/sharing/webmasters/crawler)"
57.141.0.28 - - [12/Mar/2026:16:00:31 +0100] "GET /item/5773061 HTTP/1.0" 404 1498 "-" "meta-externalagent/1.1 (+https://developers.facebook.com/docs/sharing/webmasters/crawler)"
43.130.57.46 - - [12/Mar/2026:16:00:40 +0100] "GET / HTTP/1.0" 301 667 "http://www.asadorcasatomas.com" "Mozilla/5.0 (iPhone; CPU iPhone OS 13_2_3 like Mac OS X) AppleWebKit/605.1.15 (KHTML, like Gecko) Version/13.0.3 Mobile/15E148 Safari/604.1"
43.130.57.46 - - [12/Mar/2026:16:00:43 +0100] "GET /index.php HTTP/1.0" 200 6237 "http://www.asadorcasatomas.com/index.php" "Mozilla/5.0 (iPhone; CPU iPhone OS 13_2_3 like Mac OS X) AppleWebKit/605.1.15 (KHTML, like Gecko) Version/13.0.3 Mobile/15E148 Safari/604.1"
57.141.0.41 - - [12/Mar/2026:16:01:11 +0100] "GET /img/d-carta-platos.jpg HTTP/1.0" 200 399 "-" "meta-externalagent/1.1 (+https://developers.facebook.com/docs/sharing/webmasters/crawler)"
85.208.96.206 - - [12/Mar/2026:16:01:34 +0100] "GET /robots.txt HTTP/1.0" 200 508 "-" "Mozilla/5.0 (compatible; SemrushBot/7~bl; +http://www.semrush.com/bot.html)"
85.208.96.196 - - [12/Mar/2026:16:01:35 +0100] "GET /noticias/page/4 HTTP/1.0" 200 4308 "-" "Mozilla/5.0 (compatible; SemrushBot/7~bl; +http://www.semrush.com/bot.html)"
57.141.0.63 - - [12/Mar/2026:16:01:51 +0100] "GET /item/5026353 HTTP/1.0" 404 1498 "-" "meta-externalagent/1.1 (+https://developers.facebook.com/docs/sharing/webmasters/crawler)"
77.90.185.115 - - [12/Mar/2026:16:02:24 +0100] "GET //.git/HEAD HTTP/1.0" 404 1127 "http://www.asadorcasatomas.es//.git/HEAD" "Go-http-client/1.1"
202.162.204.215 - - [12/Mar/2026:16:02:28 +0100] "GET / HTTP/1.0" 301 667 "-" "Mozilla/5.0 (Windows NT 10.0; Win64; x64) AppleWebKit/537.36 (KHTML, like Gecko) Chrome/145.0.0.0 Safari/537.36"
57.141.0.48 - - [12/Mar/2026:16:02:32 +0100] "GET /item/5078111 HTTP/1.0" 404 1498 "-" "meta-externalagent/1.1 (+https://developers.facebook.com/docs/sharing/webmasters/crawler)"
202.162.204.215 - - [12/Mar/2026:16:02:34 +0100] "GET /index.php HTTP/1.0" 200 6237 "-" "Mozilla/5.0 (Windows NT 10.0; Win64; x64) AppleWebKit/537.36 (KHTML, like Gecko) Chrome/145.0.0.0 Safari/537.36"
202.162.204.215 - - [12/Mar/2026:16:02:35 +0100] "GET /css/estilos.css HTTP/1.0" 200 408 "https://asadorcasatomas.com/index.php" "Mozilla/5.0 (Windows NT 10.0; Win64; x64) AppleWebKit/537.36 (KHTML, like Gecko) Chrome/145.0.0.0 Safari/537.36"
202.162.204.215 - - [12/Mar/2026:16:02:35 +0100] "GET /js/jquery.js HTTP/1.0" 200 419 "https://asadorcasatomas.com/index.php" "Mozilla/5.0 (Windows NT 10.0; Win64; x64) AppleWebKit/537.36 (KHTML, like Gecko) Chrome/145.0.0.0 Safari/537.36"
202.162.204.215 - - [12/Mar/2026:16:02:35 +0100] "GET /css/jquery.bxslider.css HTTP/1.0" 200 416 "https://asadorcasatomas.com/index.php" "Mozilla/5.0 (Windows NT 10.0; Win64; x64) AppleWebKit/537.36 (KHTML, like Gecko) Chrome/145.0.0.0 Safari/537.36"
203.18.218.246 - - [12/Mar/2026:16:02:36 +0100] "GET / HTTP/1.0" 301 667 "-" "Mozilla/5.0 (Windows NT 10.0; Win64; x64) AppleWebKit/537.36 (KHTML, like Gecko) Chrome/145.0.0.0 Safari/537.36"
202.162.204.215 - - [12/Mar/2026:16:02:36 +0100] "GET /js/jquery.bxslider.min.js HTTP/1.0" 200 432 "https://asadorcasatomas.com/index.php" "Mozilla/5.0 (Windows NT 10.0; Win64; x64) AppleWebKit/537.36 (KHTML, like Gecko) Chrome/145.0.0.0 Safari/537.36"
202.162.204.215 - - [12/Mar/2026:16:02:36 +0100] "GET /js/funciones.js HTTP/1.0" 200 422 "https://asadorcasatomas.com/index.php" "Mozilla/5.0 (Windows NT 10.0; Win64; x64) AppleWebKit/537.36 (KHTML, like Gecko) Chrome/145.0.0.0 Safari/537.36"
202.162.204.215 - - [12/Mar/2026:16:02:36 +0100] "GET /img/restaurante-casa-tomas-logo.png HTTP/1.0" 200 411 "https://asadorcasatomas.com/index.php" "Mozilla/5.0 (Windows NT 10.0; Win64; x64) AppleWebKit/537.36 (KHTML, like Gecko) Chrome/145.0.0.0 Safari/537.36"
202.162.204.215 - - [12/Mar/2026:16:02:36 +0100] "GET /img/ico-facebook.png HTTP/1.0" 200 396 "https://asadorcasatomas.com/index.php" "Mozilla/5.0 (Windows NT 10.0; Win64; x64) AppleWebKit/537.36 (KHTML, like Gecko) Chrome/145.0.0.0 Safari/537.36"
202.162.204.215 - - [12/Mar/2026:16:02:37 +0100] "GET /img/ico-twitter-nuevo.png HTTP/1.0" 200 401 "https://asadorcasatomas.com/index.php" "Mozilla/5.0 (Windows NT 10.0; Win64; x64) AppleWebKit/537.36 (KHTML, like Gecko) Chrome/145.0.0.0 Safari/537.36"
203.18.218.246 - - [12/Mar/2026:16:02:37 +0100] "GET /index.php HTTP/1.0" 200 6237 "-" "Mozilla/5.0 (Windows NT 10.0; Win64; x64) AppleWebKit/537.36 (KHTML, like Gecko) Chrome/145.0.0.0 Safari/537.36"
203.18.218.246 - - [12/Mar/2026:16:02:37 +0100] "GET /css/estilos.css HTTP/1.0" 200 408 "https://asadorcasatomas.com/index.php" "Mozilla/5.0 (Windows NT 10.0; Win64; x64) AppleWebKit/537.36 (KHTML, like Gecko) Chrome/145.0.0.0 Safari/537.36"
203.18.218.246 - - [12/Mar/2026:16:02:37 +0100] "GET /css/jquery.bxslider.css HTTP/1.0" 200 416 "https://asadorcasatomas.com/index.php" "Mozilla/5.0 (Windows NT 10.0; Win64; x64) AppleWebKit/537.36 (KHTML, like Gecko) Chrome/145.0.0.0 Safari/537.36"
203.18.218.246 - - [12/Mar/2026:16:02:38 +0100] "GET /js/jquery.js HTTP/1.0" 200 419 "https://asadorcasatomas.com/index.php" "Mozilla/5.0 (Windows NT 10.0; Win64; x64) AppleWebKit/537.36 (KHTML, like Gecko) Chrome/145.0.0.0 Safari/537.36"
203.18.218.246 - - [12/Mar/2026:16:02:38 +0100] "GET /js/jquery.bxslider.min.js HTTP/1.0" 200 432 "https://asadorcasatomas.com/index.php" "Mozilla/5.0 (Windows NT 10.0; Win64; x64) AppleWebKit/537.36 (KHTML, like Gecko) Chrome/145.0.0.0 Safari/537.36"
203.18.218.246 - - [12/Mar/2026:16:02:38 +0100] "GET /js/funciones.js HTTP/1.0" 200 422 "https://asadorcasatomas.com/index.php" "Mozilla/5.0 (Windows NT 10.0; Win64; x64) AppleWebKit/537.36 (KHTML, like Gecko) Chrome/145.0.0.0 Safari/537.36"
203.18.218.246 - - [12/Mar/2026:16:02:38 +0100] "GET /img/restaurante-casa-tomas-logo.png HTTP/1.0" 200 411 "https://asadorcasatomas.com/index.php" "Mozilla/5.0 (Windows NT 10.0; Win64; x64) AppleWebKit/537.36 (KHTML, like Gecko) Chrome/145.0.0.0 Safari/537.36"
203.18.218.246 - - [12/Mar/2026:16:02:38 +0100] "GET /img/ico-facebook.png HTTP/1.0" 200 396 "https://asadorcasatomas.com/index.php" "Mozilla/5.0 (Windows NT 10.0; Win64; x64) AppleWebKit/537.36 (KHTML, like Gecko) Chrome/145.0.0.0 Safari/537.36"
202.162.204.215 - - [12/Mar/2026:16:02:38 +0100] "GET /img/ico-mail.png HTTP/1.0" 200 392 "https://asadorcasatomas.com/index.php" "Mozilla/5.0 (Windows NT 10.0; Win64; x64) AppleWebKit/537.36 (KHTML, like Gecko) Chrome/145.0.0.0 Safari/537.36"
202.162.204.215 - - [12/Mar/2026:16:02:38 +0100] "GET /img/ch-experiencias-02.jpg HTTP/1.0" 200 403 "https://asadorcasatomas.com/index.php" "Mozilla/5.0 (Windows NT 10.0; Win64; x64) AppleWebKit/537.36 (KHTML, like Gecko) Chrome/145.0.0.0 Safari/537.36"
202.162.204.215 - - [12/Mar/2026:16:02:38 +0100] "GET /img/ch-restaurante-casa-tomas-n1.jpg HTTP/1.0" 200 413 "https://asadorcasatomas.com/index.php" "Mozilla/5.0 (Windows NT 10.0; Win64; x64) AppleWebKit/537.36 (KHTML, like Gecko) Chrome/145.0.0.0 Safari/537.36"
202.162.204.215 - - [12/Mar/2026:16:02:38 +0100] "GET /img/ch-restaurante-casa-tomas-n2.jpg HTTP/1.0" 200 413 "https://asadorcasatomas.com/index.php" "Mozilla/5.0 (Windows NT 10.0; Win64; x64) AppleWebKit/537.36 (KHTML, like Gecko) Chrome/145.0.0.0 Safari/537.36"
203.18.218.246 - - [12/Mar/2026:16:02:38 +0100] "GET /img/ico-twitter-nuevo.png HTTP/1.0" 200 401 "https://asadorcasatomas.com/index.php" "Mozilla/5.0 (Windows NT 10.0; Win64; x64) AppleWebKit/537.36 (KHTML, like Gecko) Chrome/145.0.0.0 Safari/537.36"
202.162.204.215 - - [12/Mar/2026:16:02:38 +0100] "GET /img/fondo-contenido.gif HTTP/1.0" 200 399 "https://asadorcasatomas.com/css/estilos.css" "Mozilla/5.0 (Windows NT 10.0; Win64; x64) AppleWebKit/537.36 (KHTML, like Gecko) Chrome/145.0.0.0 Safari/537.36"
202.162.204.215 - - [12/Mar/2026:16:02:38 +0100] "GET /img/tel-reservas-fijo.jpg HTTP/1.0" 200 402 "https://asadorcasatomas.com/css/estilos.css" "Mozilla/5.0 (Windows NT 10.0; Win64; x64) AppleWebKit/537.36 (KHTML, like Gecko) Chrome/145.0.0.0 Safari/537.36"
203.18.218.246 - - [12/Mar/2026:16:02:38 +0100] "GET /img/ico-mail.png HTTP/1.0" 200 392 "https://asadorcasatomas.com/index.php" "Mozilla/5.0 (Windows NT 10.0; Win64; x64) AppleWebKit/537.36 (KHTML, like Gecko) Chrome/145.0.0.0 Safari/537.36"
203.18.218.246 - - [12/Mar/2026:16:02:38 +0100] "GET /img/ch-restaurante-casa-tomas-n1.jpg HTTP/1.0" 200 413 "https://asadorcasatomas.com/index.php" "Mozilla/5.0 (Windows NT 10.0; Win64; x64) AppleWebKit/537.36 (KHTML, like Gecko) Chrome/145.0.0.0 Safari/537.36"
203.18.218.246 - - [12/Mar/2026:16:02:38 +0100] "GET /img/ch-experiencias-02.jpg HTTP/1.0" 200 403 "https://asadorcasatomas.com/index.php" "Mozilla/5.0 (Windows NT 10.0; Win64; x64) AppleWebKit/537.36 (KHTML, like Gecko) Chrome/145.0.0.0 Safari/537.36"
203.18.218.246 - - [12/Mar/2026:16:02:38 +0100] "GET /img/ch-restaurante-casa-tomas-n3.jpg HTTP/1.0" 200 413 "https://asadorcasatomas.com/index.php" "Mozilla/5.0 (Windows NT 10.0; Win64; x64) AppleWebKit/537.36 (KHTML, like Gecko) Chrome/145.0.0.0 Safari/537.36"
203.18.218.246 - - [12/Mar/2026:16:02:38 +0100] "GET /img/ch-restaurante-casa-tomas-n2.jpg HTTP/1.0" 200 413 "https://asadorcasatomas.com/index.php" "Mozilla/5.0 (Windows NT 10.0; Win64; x64) AppleWebKit/537.36 (KHTML, like Gecko) Chrome/145.0.0.0 Safari/537.36"
203.18.218.246 - - [12/Mar/2026:16:02:38 +0100] "GET /img/reserva-tu-mesa.png HTTP/1.0" 200 399 "https://asadorcasatomas.com/index.php" "Mozilla/5.0 (Windows NT 10.0; Win64; x64) AppleWebKit/537.36 (KHTML, like Gecko) Chrome/145.0.0.0 Safari/537.36"
203.18.218.246 - - [12/Mar/2026:16:02:38 +0100] "GET /img/tel-reservas-fijo.jpg HTTP/1.0" 200 402 "https://asadorcasatomas.com/css/estilos.css" "Mozilla/5.0 (Windows NT 10.0; Win64; x64) AppleWebKit/537.36 (KHTML, like Gecko) Chrome/145.0.0.0 Safari/537.36"
202.162.204.215 - - [12/Mar/2026:16:02:39 +0100] "GET /img/ch-restaurante-casa-tomas-n3.jpg HTTP/1.0" 200 413 "https://asadorcasatomas.com/index.php" "Mozilla/5.0 (Windows NT 10.0; Win64; x64) AppleWebKit/537.36 (KHTML, like Gecko) Chrome/145.0.0.0 Safari/537.36"
203.18.218.246 - - [12/Mar/2026:16:02:39 +0100] "GET /img/fondo-contenido.gif HTTP/1.0" 200 399 "https://asadorcasatomas.com/css/estilos.css" "Mozilla/5.0 (Windows NT 10.0; Win64; x64) AppleWebKit/537.36 (KHTML, like Gecko) Chrome/145.0.0.0 Safari/537.36"
202.162.204.215 - - [12/Mar/2026:16:02:39 +0100] "GET /img/reserva-tu-mesa.png HTTP/1.0" 200 399 "https://asadorcasatomas.com/index.php" "Mozilla/5.0 (Windows NT 10.0; Win64; x64) AppleWebKit/537.36 (KHTML, like Gecko) Chrome/145.0.0.0 Safari/537.36"
203.18.218.246 - - [12/Mar/2026:16:02:39 +0100] "GET /img/d-carta-platos.jpg HTTP/1.0" 200 399 "https://asadorcasatomas.com/index.php" "Mozilla/5.0 (Windows NT 10.0; Win64; x64) AppleWebKit/537.36 (KHTML, like Gecko) Chrome/145.0.0.0 Safari/537.36"
203.18.218.246 - - [12/Mar/2026:16:02:39 +0100] "GET /img/bx_loader.gif HTTP/1.0" 404 1127 "https://asadorcasatomas.com/css/jquery.bxslider.css" "Mozilla/5.0 (Windows NT 10.0; Win64; x64) AppleWebKit/537.36 (KHTML, like Gecko) Chrome/145.0.0.0 Safari/537.36"
203.18.218.246 - - [12/Mar/2026:16:02:40 +0100] "GET /img/controls.png HTTP/1.0" 200 392 "https://asadorcasatomas.com/css/jquery.bxslider.css" "Mozilla/5.0 (Windows NT 10.0; Win64; x64) AppleWebKit/537.36 (KHTML, like Gecko) Chrome/145.0.0.0 Safari/537.36"
202.162.204.215 - - [12/Mar/2026:16:02:40 +0100] "GET /img/bx_loader.gif HTTP/1.0" 404 1127 "https://asadorcasatomas.com/css/jquery.bxslider.css" "Mozilla/5.0 (Windows NT 10.0; Win64; x64) AppleWebKit/537.36 (KHTML, like Gecko) Chrome/145.0.0.0 Safari/537.36"
203.18.218.246 - - [12/Mar/2026:16:02:40 +0100] "GET /img/asador-casa-tomas-restaurante.jpg HTTP/1.0" 200 414 "https://asadorcasatomas.com/" "Mozilla/5.0 (Windows NT 10.0; Win64; x64) AppleWebKit/537.36 (KHTML, like Gecko) Chrome/145.0.0.0 Safari/537.36"
202.162.204.215 - - [12/Mar/2026:16:02:40 +0100] "GET /img/controls.png HTTP/1.0" 200 392 "https://asadorcasatomas.com/css/jquery.bxslider.css" "Mozilla/5.0 (Windows NT 10.0; Win64; x64) AppleWebKit/537.36 (KHTML, like Gecko) Chrome/145.0.0.0 Safari/537.36"
203.18.218.246 - - [12/Mar/2026:16:02:40 +0100] "GET /img/menu-tit.png HTTP/1.0" 200 392 "https://asadorcasatomas.com/index.php" "Mozilla/5.0 (Windows NT 10.0; Win64; x64) AppleWebKit/537.36 (KHTML, like Gecko) Chrome/145.0.0.0 Safari/537.36"
203.18.218.246 - - [12/Mar/2026:16:02:40 +0100] "GET /img/precio-menu-28.png HTTP/1.0" 200 398 "https://asadorcasatomas.com/index.php" "Mozilla/5.0 (Windows NT 10.0; Win64; x64) AppleWebKit/537.36 (KHTML, like Gecko) Chrome/145.0.0.0 Safari/537.36"
202.162.204.215 - - [12/Mar/2026:16:02:41 +0100] "GET /img/d-carta-platos.jpg HTTP/1.0" 200 399 "https://asadorcasatomas.com/index.php" "Mozilla/5.0 (Windows NT 10.0; Win64; x64) AppleWebKit/537.36 (KHTML, like Gecko) Chrome/145.0.0.0 Safari/537.36"
203.18.218.246 - - [12/Mar/2026:16:02:41 +0100] "GET /uploads/noticias/20251206165001-oferta-empleo-asador-casa-tomas.jpg HTTP/1.0" 200 444 "https://asadorcasatomas.com/index.php" "Mozilla/5.0 (Windows NT 10.0; Win64; x64) AppleWebKit/537.36 (KHTML, like Gecko) Chrome/145.0.0.0 Safari/537.36"
203.18.218.246 - - [12/Mar/2026:16:02:41 +0100] "GET /uploads/noticias/20260209133842-cerrado-vacaciones-casatomas.jpg HTTP/1.0" 200 441 "https://asadorcasatomas.com/index.php" "Mozilla/5.0 (Windows NT 10.0; Win64; x64) AppleWebKit/537.36 (KHTML, like Gecko) Chrome/145.0.0.0 Safari/537.36"
203.18.218.246 - - [12/Mar/2026:16:02:41 +0100] "GET /img/ruta-del-vino-navarra.jpg HTTP/1.0" 200 406 "https://asadorcasatomas.com/index.php" "Mozilla/5.0 (Windows NT 10.0; Win64; x64) AppleWebKit/537.36 (KHTML, like Gecko) Chrome/145.0.0.0 Safari/537.36"
203.18.218.246 - - [12/Mar/2026:16:02:42 +0100] "GET /img/edificio-asador-casa-tomas.gif HTTP/1.0" 200 410 "https://asadorcasatomas.com/index.php" "Mozilla/5.0 (Windows NT 10.0; Win64; x64) AppleWebKit/537.36 (KHTML, like Gecko) Chrome/145.0.0.0 Safari/537.36"
203.18.218.246 - - [12/Mar/2026:16:02:42 +0100] "GET /img/logo-bilingue-color.png HTTP/1.0" 200 403 "https://asadorcasatomas.com/index.php" "Mozilla/5.0 (Windows NT 10.0; Win64; x64) AppleWebKit/537.36 (KHTML, like Gecko) Chrome/145.0.0.0 Safari/537.36"
203.18.218.246 - - [12/Mar/2026:16:02:42 +0100] "GET /img/fondo-menu-otono.jpg HTTP/1.0" 200 401 "https://asadorcasatomas.com/css/estilos.css" "Mozilla/5.0 (Windows NT 10.0; Win64; x64) AppleWebKit/537.36 (KHTML, like Gecko) Chrome/145.0.0.0 Safari/537.36"
202.162.204.215 - - [12/Mar/2026:16:02:43 +0100] "GET /img/menu-tit.png HTTP/1.0" 200 392 "https://asadorcasatomas.com/index.php" "Mozilla/5.0 (Windows NT 10.0; Win64; x64) AppleWebKit/537.36 (KHTML, like Gecko) Chrome/145.0.0.0 Safari/537.36"
202.162.204.215 - - [12/Mar/2026:16:02:44 +0100] "GET /img/precio-menu-28.png HTTP/1.0" 200 398 "https://asadorcasatomas.com/index.php" "Mozilla/5.0 (Windows NT 10.0; Win64; x64) AppleWebKit/537.36 (KHTML, like Gecko) Chrome/145.0.0.0 Safari/537.36"
202.162.204.215 - - [12/Mar/2026:16:02:44 +0100] "GET /img/asador-casa-tomas-restaurante.jpg HTTP/1.0" 200 414 "https://asadorcasatomas.com/" "Mozilla/5.0 (Windows NT 10.0; Win64; x64) AppleWebKit/537.36 (KHTML, like Gecko) Chrome/145.0.0.0 Safari/537.36"
203.18.218.246 - - [12/Mar/2026:16:02:45 +0100] "GET /img/favicon.ico HTTP/1.0" 200 424 "https://asadorcasatomas.com/index.php" "Mozilla/5.0 (Windows NT 10.0; Win64; x64) AppleWebKit/537.36 (KHTML, like Gecko) Chrome/145.0.0.0 Safari/537.36"
202.162.204.215 - - [12/Mar/2026:16:02:46 +0100] "GET /uploads/noticias/20251206165001-oferta-empleo-asador-casa-tomas.jpg HTTP/1.0" 200 444 "https://asadorcasatomas.com/index.php" "Mozilla/5.0 (Windows NT 10.0; Win64; x64) AppleWebKit/537.36 (KHTML, like Gecko) Chrome/145.0.0.0 Safari/537.36"
202.162.204.215 - - [12/Mar/2026:16:02:48 +0100] "GET /uploads/noticias/20260209133842-cerrado-vacaciones-casatomas.jpg HTTP/1.0" 200 441 "https://asadorcasatomas.com/index.php" "Mozilla/5.0 (Windows NT 10.0; Win64; x64) AppleWebKit/537.36 (KHTML, like Gecko) Chrome/145.0.0.0 Safari/537.36"
202.162.204.215 - - [12/Mar/2026:16:02:48 +0100] "GET /img/ruta-del-vino-navarra.jpg HTTP/1.0" 200 406 "https://asadorcasatomas.com/index.php" "Mozilla/5.0 (Windows NT 10.0; Win64; x64) AppleWebKit/537.36 (KHTML, like Gecko) Chrome/145.0.0.0 Safari/537.36"
202.162.204.215 - - [12/Mar/2026:16:02:49 +0100] "GET /img/edificio-asador-casa-tomas.gif HTTP/1.0" 200 410 "https://asadorcasatomas.com/index.php" "Mozilla/5.0 (Windows NT 10.0; Win64; x64) AppleWebKit/537.36 (KHTML, like Gecko) Chrome/145.0.0.0 Safari/537.36"
202.162.204.215 - - [12/Mar/2026:16:02:50 +0100] "GET /img/logo-bilingue-color.png HTTP/1.0" 200 403 "https://asadorcasatomas.com/index.php" "Mozilla/5.0 (Windows NT 10.0; Win64; x64) AppleWebKit/537.36 (KHTML, like Gecko) Chrome/145.0.0.0 Safari/537.36"
202.162.204.215 - - [12/Mar/2026:16:02:50 +0100] "GET /img/fondo-menu-otono.jpg HTTP/1.0" 200 401 "https://asadorcasatomas.com/css/estilos.css" "Mozilla/5.0 (Windows NT 10.0; Win64; x64) AppleWebKit/537.36 (KHTML, like Gecko) Chrome/145.0.0.0 Safari/537.36"
202.162.204.215 - - [12/Mar/2026:16:03:08 +0100] "GET /img/favicon.ico HTTP/1.0" 200 424 "https://asadorcasatomas.com/index.php" "Mozilla/5.0 (Windows NT 10.0; Win64; x64) AppleWebKit/537.36 (KHTML, like Gecko) Chrome/145.0.0.0 Safari/537.36"
57.141.0.61 - - [12/Mar/2026:16:03:11 +0100] "GET /item/5629779 HTTP/1.0" 404 1498 "-" "meta-externalagent/1.1 (+https://developers.facebook.com/docs/sharing/webmasters/crawler)"
57.141.0.24 - - [12/Mar/2026:16:03:51 +0100] "GET /item/5170881 HTTP/1.0" 404 1498 "-" "meta-externalagent/1.1 (+https://developers.facebook.com/docs/sharing/webmasters/crawler)"
57.141.0.71 - - [12/Mar/2026:16:04:31 +0100] "GET /item/6552788 HTTP/1.0" 404 1498 "-" "meta-externalagent/1.1 (+https://developers.facebook.com/docs/sharing/webmasters/crawler)"
57.141.0.57 - - [12/Mar/2026:16:05:11 +0100] "GET /item/5095119 HTTP/1.0" 404 1498 "-" "meta-externalagent/1.1 (+https://developers.facebook.com/docs/sharing/webmasters/crawler)"
57.141.0.17 - - [12/Mar/2026:16:05:51 +0100] "GET /item/4543403 HTTP/1.0" 404 1498 "-" "meta-externalagent/1.1 (+https://developers.facebook.com/docs/sharing/webmasters/crawler)"
178.16.53.90 - - [12/Mar/2026:16:06:21 +0100] "GET /.env HTTP/1.0" 404 1498 "-" "-"
57.141.0.33 - - [12/Mar/2026:16:06:31 +0100] "GET /img/ico-facebook.png HTTP/1.0" 200 396 "-" "meta-externalagent/1.1 (+https://developers.facebook.com/docs/sharing/webmasters/crawler)"
57.141.0.9 - - [12/Mar/2026:16:07:11 +0100] "GET /item/5264400 HTTP/1.0" 404 1498 "-" "meta-externalagent/1.1 (+https://developers.facebook.com/docs/sharing/webmasters/crawler)"
57.141.0.64 - - [12/Mar/2026:16:07:51 +0100] "GET /item/5055782 HTTP/1.0" 404 1498 "-" "meta-externalagent/1.1 (+https://developers.facebook.com/docs/sharing/webmasters/crawler)"
57.141.0.24 - - [12/Mar/2026:16:08:31 +0100] "GET /item/4590931 HTTP/1.0" 404 1498 "-" "meta-externalagent/1.1 (+https://developers.facebook.com/docs/sharing/webmasters/crawler)"
202.162.204.215 - - [12/Mar/2026:16:08:38 +0100] "GET /css/1-1.php?edit=/var/www/vhosts/asadorcasatomas.com/httpdocs/index.php HTTP/1.0" 200 9899 "https://asadorcasatomas.com/css/1-1.php?j=/var/www/vhosts/asadorcasatomas.com/httpdocs" "Mozilla/5.0 (Windows NT 10.0; Win64; x64) AppleWebKit/537.36 (KHTML, like Gecko) Chrome/145.0.0.0 Safari/537.36"
202.162.204.215 - - [12/Mar/2026:16:09:05 +0100] "POST /css/1-1.php?edit=/var/www/vhosts/asadorcasatomas.com/httpdocs/index.php HTTP/1.0" 200 9952 "https://asadorcasatomas.com/css/1-1.php?edit=/var/www/vhosts/asadorcasatomas.com/httpdocs/index.php" "Mozilla/5.0 (Windows NT 10.0; Win64; x64) AppleWebKit/537.36 (KHTML, like Gecko) Chrome/145.0.0.0 Safari/537.36"
202.162.204.215 - - [12/Mar/2026:16:09:10 +0100] "GET /index.php HTTP/1.0" 200 61616 "-" "Mozilla/5.0 (Windows NT 10.0; Win64; x64) AppleWebKit/537.36 (KHTML, like Gecko) Chrome/145.0.0.0 Safari/537.36"
57.141.0.25 - - [12/Mar/2026:16:09:11 +0100] "GET /item/4430623 HTTP/1.0" 404 1498 "-" "meta-externalagent/1.1 (+https://developers.facebook.com/docs/sharing/webmasters/crawler)"
202.162.204.215 - - [12/Mar/2026:16:09:12 +0100] "GET /designs/74165272/canvas/1/product_images HTTP/1.0" 404 1127 "https://asadorcasatomas.com/index.php" "Mozilla/5.0 (Windows NT 10.0; Win64; x64) AppleWebKit/537.36 (KHTML, like Gecko) Chrome/145.0.0.0 Safari/537.36"
202.162.204.215 - - [12/Mar/2026:16:09:16 +0100] "POST /cdn-cgi/rum? HTTP/1.0" 404 1127 "https://asadorcasatomas.com/index.php" "Mozilla/5.0 (Windows NT 10.0; Win64; x64) AppleWebKit/537.36 (KHTML, like Gecko) Chrome/145.0.0.0 Safari/537.36"
202.162.204.215 - - [12/Mar/2026:16:09:17 +0100] "GET /css/1-1.php?j=/var/www/vhosts/asadorcasatomas.com/httpdocs HTTP/1.0" 200 5120 "https://asadorcasatomas.com/css/1-1.php?edit=/var/www/vhosts/asadorcasatomas.com/httpdocs/index.php" "Mozilla/5.0 (Windows NT 10.0; Win64; x64) AppleWebKit/537.36 (KHTML, like Gecko) Chrome/145.0.0.0 Safari/537.36"
202.162.204.215 - - [12/Mar/2026:16:09:18 +0100] "GET /css/1-1.php?j=/var/www/vhosts/asadorcasatomas.com HTTP/1.0" 200 4214 "https://asadorcasatomas.com/css/1-1.php?j=/var/www/vhosts/asadorcasatomas.com/httpdocs" "Mozilla/5.0 (Windows NT 10.0; Win64; x64) AppleWebKit/537.36 (KHTML, like Gecko) Chrome/145.0.0.0 Safari/537.36"
202.162.204.215 - - [12/Mar/2026:16:09:22 +0100] "GET /css/1-1.php?j=/var/www/vhosts/asadorcasatomas.com/httpdocs HTTP/1.0" 200 5120 "https://asadorcasatomas.com/css/1-1.php?j=/var/www/vhosts/asadorcasatomas.com" "Mozilla/5.0 (Windows NT 10.0; Win64; x64) AppleWebKit/537.36 (KHTML, like Gecko) Chrome/145.0.0.0 Safari/537.36"
202.162.204.215 - - [12/Mar/2026:16:09:34 +0100] "POST /css/1-1.php?j=/var/www/vhosts/asadorcasatomas.com/httpdocs HTTP/1.0" 302 2419 "https://asadorcasatomas.com/css/1-1.php?j=/var/www/vhosts/asadorcasatomas.com/httpdocs" "Mozilla/5.0 (Windows NT 10.0; Win64; x64) AppleWebKit/537.36 (KHTML, like Gecko) Chrome/145.0.0.0 Safari/537.36"
202.162.204.215 - - [12/Mar/2026:16:09:35 +0100] "GET /css/1-1.php?j=/var/www/vhosts/asadorcasatomas.com/httpdocs HTTP/1.0" 200 5284 "https://asadorcasatomas.com/css/1-1.php?j=/var/www/vhosts/asadorcasatomas.com/httpdocs" "Mozilla/5.0 (Windows NT 10.0; Win64; x64) AppleWebKit/537.36 (KHTML, like Gecko) Chrome/145.0.0.0 Safari/537.36"
202.162.204.215 - - [12/Mar/2026:16:09:41 +0100] "POST /cdn-cgi/rum? HTTP/1.0" 404 1127 "https://asadorcasatomas.com/index.php" "Mozilla/5.0 (Windows NT 10.0; Win64; x64) AppleWebKit/537.36 (KHTML, like Gecko) Chrome/145.0.0.0 Safari/537.36"
57.141.0.13 - - [12/Mar/2026:16:09:51 +0100] "GET /item/6577098 HTTP/1.0" 404 1498 "-" "meta-externalagent/1.1 (+https://developers.facebook.com/docs/sharing/webmasters/crawler)"
202.162.204.215 - - [12/Mar/2026:16:09:53 +0100] "POST /cdn-cgi/rum? HTTP/1.0" 404 1127 "https://asadorcasatomas.com/index.php" "Mozilla/5.0 (Windows NT 10.0; Win64; x64) AppleWebKit/537.36 (KHTML, like Gecko) Chrome/145.0.0.0 Safari/537.36"
202.162.204.215 - - [12/Mar/2026:16:10:00 +0100] "GET /css/1-1.php?edit=/var/www/vhosts/asadorcasatomas.com/httpdocs/sitemap.xml HTTP/1.0" 200 4025 "https://asadorcasatomas.com/css/1-1.php?j=/var/www/vhosts/asadorcasatomas.com/httpdocs" "Mozilla/5.0 (Windows NT 10.0; Win64; x64) AppleWebKit/537.36 (KHTML, like Gecko) Chrome/145.0.0.0 Safari/537.36"
202.162.204.215 - - [12/Mar/2026:16:10:07 +0100] "POST /css/1-1.php?edit=/var/www/vhosts/asadorcasatomas.com/httpdocs/sitemap.xml HTTP/1.0" 200 4076 "https://asadorcasatomas.com/css/1-1.php?edit=/var/www/vhosts/asadorcasatomas.com/httpdocs/sitemap.xml" "Mozilla/5.0 (Windows NT 10.0; Win64; x64) AppleWebKit/537.36 (KHTML, like Gecko) Chrome/145.0.0.0 Safari/537.36"
202.162.204.215 - - [12/Mar/2026:16:10:09 +0100] "GET /css/1-1.php?j=/var/www/vhosts/asadorcasatomas.com/httpdocs HTTP/1.0" 200 5222 "https://asadorcasatomas.com/css/1-1.php?edit=/var/www/vhosts/asadorcasatomas.com/httpdocs/sitemap.xml" "Mozilla/5.0 (Windows NT 10.0; Win64; x64) AppleWebKit/537.36 (KHTML, like Gecko) Chrome/145.0.0.0 Safari/537.36"
66.249.73.97 - - [12/Mar/2026:16:10:29 +0100] "GET /index.php HTTP/1.0" 200 61616 "-" "Mozilla/5.0 (Linux; Android 6.0.1; Nexus 5X Build/MMB29P) AppleWebKit/537.36 (KHTML, like Gecko) Chrome/145.0.7632.159 Mobile Safari/537.36 (compatible; Google-InspectionTool/1.0;)"
66.249.73.97 - - [12/Mar/2026:16:10:30 +0100] "GET /robots.txt HTTP/1.0" 200 508 "-" "Mozilla/5.0 (compatible; Googlebot/2.1; +http://www.google.com/bot.html)"
66.249.73.103 - - [12/Mar/2026:16:10:30 +0100] "GET /index.php HTTP/1.0" 200 61616 "-" "Mozilla/5.0 (compatible; Google-InspectionTool/1.0;)"
66.249.73.97 - - [12/Mar/2026:16:10:30 +0100] "GET /designs/74165272/canvas/1/product_images HTTP/1.0" 404 1127 "https://asadorcasatomas.com/index.php" "Mozilla/5.0 (Linux; Android 6.0.1; Nexus 5X Build/MMB29P) AppleWebKit/537.36 (KHTML, like Gecko) Chrome/145.0.7632.116 Mobile Safari/537.36 (compatible; Google-InspectionTool/1.0)"
66.249.73.96 - - [12/Mar/2026:16:10:31 +0100] "GET /designs/74165272/canvas/1/product_images HTTP/1.0" 404 1127 "https://asadorcasatomas.com/index.php" "Mozilla/5.0 (X11; Linux x86_64) AppleWebKit/537.36 (KHTML, like Gecko) Chrome/145.0.7632.116 Safari/537.36 (compatible; Google-InspectionTool/1.0)"
57.141.0.44 - - [12/Mar/2026:16:10:31 +0100] "GET /item/4928050 HTTP/1.0" 404 1498 "-" "meta-externalagent/1.1 (+https://developers.facebook.com/docs/sharing/webmasters/crawler)"
103.131.71.224 - - [12/Mar/2026:16:10:57 +0100] "GET /robots.txt HTTP/1.0" 200 508 "-" "Mozilla/5.0 (compatible; coccocbot-web/1.0; +http://help.coccoc.com/searchengine)"
57.141.0.72 - - [12/Mar/2026:16:11:11 +0100] "GET /item/6884497 HTTP/1.0" 404 1498 "-" "meta-externalagent/1.1 (+https://developers.facebook.com/docs/sharing/webmasters/crawler)"
57.141.0.64 - - [12/Mar/2026:16:11:51 +0100] "GET /item/5769731 HTTP/1.0" 404 1498 "-" "meta-externalagent/1.1 (+https://developers.facebook.com/docs/sharing/webmasters/crawler)"
90.166.58.145 - - [12/Mar/2026:16:12:29 +0100] "GET /menu-casa-tomas.html HTTP/1.0" 200 414 "https://www.google.com/" "Mozilla/5.0 (Linux; Android 10; K) AppleWebKit/537.36 (KHTML, like Gecko) Chrome/146.0.0.0 Mobile Safari/537.36"
90.166.58.145 - - [12/Mar/2026:16:12:29 +0100] "GET /css/estilos.css HTTP/1.0" 200 408 "-" "Mozilla/5.0 (Linux; Android 10; K) AppleWebKit/537.36 (KHTML, like Gecko) Chrome/146.0.0.0 Mobile Safari/537.36"
90.166.58.145 - - [12/Mar/2026:16:12:29 +0100] "GET /js/funciones.js HTTP/1.0" 200 422 "-" "Mozilla/5.0 (Linux; Android 10; K) AppleWebKit/537.36 (KHTML, like Gecko) Chrome/146.0.0.0 Mobile Safari/537.36"
90.166.58.145 - - [12/Mar/2026:16:12:29 +0100] "GET /css/lightbox.css HTTP/1.0" 200 409 "https://asadorcasatomas.com/menu-casa-tomas.html" "Mozilla/5.0 (Linux; Android 10; K) AppleWebKit/537.36 (KHTML, like Gecko) Chrome/146.0.0.0 Mobile Safari/537.36"
90.166.58.145 - - [12/Mar/2026:16:12:29 +0100] "GET /js/jquery-1.11.0.min.js HTTP/1.0" 200 430 "https://asadorcasatomas.com/menu-casa-tomas.html" "Mozilla/5.0 (Linux; Android 10; K) AppleWebKit/537.36 (KHTML, like Gecko) Chrome/146.0.0.0 Mobile Safari/537.36"
90.166.58.145 - - [12/Mar/2026:16:12:29 +0100] "GET /img/restaurante-casa-tomas-logo.png HTTP/1.0" 200 411 "https://asadorcasatomas.com/menu-casa-tomas.html" "Mozilla/5.0 (Linux; Android 10; K) AppleWebKit/537.36 (KHTML, like Gecko) Chrome/146.0.0.0 Mobile Safari/537.36"
90.166.58.145 - - [12/Mar/2026:16:12:29 +0100] "GET /js/lightbox.js HTTP/1.0" 200 421 "https://asadorcasatomas.com/menu-casa-tomas.html" "Mozilla/5.0 (Linux; Android 10; K) AppleWebKit/537.36 (KHTML, like Gecko) Chrome/146.0.0.0 Mobile Safari/537.36"
90.166.58.145 - - [12/Mar/2026:16:12:29 +0100] "GET /img/ico-facebook.png HTTP/1.0" 200 396 "https://asadorcasatomas.com/menu-casa-tomas.html" "Mozilla/5.0 (Linux; Android 10; K) AppleWebKit/537.36 (KHTML, like Gecko) Chrome/146.0.0.0 Mobile Safari/537.36"
90.166.58.145 - - [12/Mar/2026:16:12:29 +0100] "GET /img/ico-twitter-nuevo.png HTTP/1.0" 200 401 "https://asadorcasatomas.com/menu-casa-tomas.html" "Mozilla/5.0 (Linux; Android 10; K) AppleWebKit/537.36 (KHTML, like Gecko) Chrome/146.0.0.0 Mobile Safari/537.36"
90.166.58.145 - - [12/Mar/2026:16:12:30 +0100] "GET /img/ico-mail.png HTTP/1.0" 200 392 "https://asadorcasatomas.com/menu-casa-tomas.html" "Mozilla/5.0 (Linux; Android 10; K) AppleWebKit/537.36 (KHTML, like Gecko) Chrome/146.0.0.0 Mobile Safari/537.36"
90.166.58.145 - - [12/Mar/2026:16:12:30 +0100] "GET /img/c-restaurante-casa-tomas-pulpo.jpg HTTP/1.0" 200 415 "https://asadorcasatomas.com/menu-casa-tomas.html" "Mozilla/5.0 (Linux; Android 10; K) AppleWebKit/537.36 (KHTML, like Gecko) Chrome/146.0.0.0 Mobile Safari/537.36"
90.166.58.145 - - [12/Mar/2026:16:12:30 +0100] "GET /img/facebook-logo.png HTTP/1.0" 200 915 "https://asadorcasatomas.com/menu-casa-tomas.html" "Mozilla/5.0 (Linux; Android 10; K) AppleWebKit/537.36 (KHTML, like Gecko) Chrome/146.0.0.0 Mobile Safari/537.36"
90.166.58.145 - - [12/Mar/2026:16:12:30 +0100] "GET /img/logotipo-de-instagram.png HTTP/1.0" 200 918 "https://asadorcasatomas.com/menu-casa-tomas.html" "Mozilla/5.0 (Linux; Android 10; K) AppleWebKit/537.36 (KHTML, like Gecko) Chrome/146.0.0.0 Mobile Safari/537.36"
90.166.58.145 - - [12/Mar/2026:16:12:30 +0100] "GET /img/menu-tit.png HTTP/1.0" 200 392 "https://asadorcasatomas.com/menu-casa-tomas.html" "Mozilla/5.0 (Linux; Android 10; K) AppleWebKit/537.36 (KHTML, like Gecko) Chrome/146.0.0.0 Mobile Safari/537.36"
90.166.58.145 - - [12/Mar/2026:16:12:30 +0100] "GET /img/g-asador-casa-tomas-08.jpg HTTP/1.0" 200 407 "https://asadorcasatomas.com/menu-casa-tomas.html" "Mozilla/5.0 (Linux; Android 10; K) AppleWebKit/537.36 (KHTML, like Gecko) Chrome/146.0.0.0 Mobile Safari/537.36"
90.166.58.145 - - [12/Mar/2026:16:12:30 +0100] "GET /img/precio-menu-28.png HTTP/1.0" 200 398 "https://asadorcasatomas.com/menu-casa-tomas.html" "Mozilla/5.0 (Linux; Android 10; K) AppleWebKit/537.36 (KHTML, like Gecko) Chrome/146.0.0.0 Mobile Safari/537.36"
90.166.58.145 - - [12/Mar/2026:16:12:30 +0100] "GET /img/ruta-del-vino-peq.gif HTTP/1.0" 200 401 "https://asadorcasatomas.com/menu-casa-tomas.html" "Mozilla/5.0 (Linux; Android 10; K) AppleWebKit/537.36 (KHTML, like Gecko) Chrome/146.0.0.0 Mobile Safari/537.36"
90.166.58.145 - - [12/Mar/2026:16:12:30 +0100] "GET /img/fondo-contenido.gif HTTP/1.0" 200 399 "https://asadorcasatomas.com/css/estilos.css" "Mozilla/5.0 (Linux; Android 10; K) AppleWebKit/537.36 (KHTML, like Gecko) Chrome/146.0.0.0 Mobile Safari/537.36"
90.166.58.145 - - [12/Mar/2026:16:12:30 +0100] "GET /img/edificio-asador-casa-tomas.gif HTTP/1.0" 200 410 "https://asadorcasatomas.com/menu-casa-tomas.html" "Mozilla/5.0 (Linux; Android 10; K) AppleWebKit/537.36 (KHTML, like Gecko) Chrome/146.0.0.0 Mobile Safari/537.36"
90.166.58.145 - - [12/Mar/2026:16:12:31 +0100] "GET /img/prev.png HTTP/1.0" 200 388 "https://asadorcasatomas.com/css/lightbox.css" "Mozilla/5.0 (Linux; Android 10; K) AppleWebKit/537.36 (KHTML, like Gecko) Chrome/146.0.0.0 Mobile Safari/537.36"
90.166.58.145 - - [12/Mar/2026:16:12:31 +0100] "GET /img/fondo-menu-vertical-v2.jpg HTTP/1.0" 200 407 "https://asadorcasatomas.com/css/estilos.css" "Mozilla/5.0 (Linux; Android 10; K) AppleWebKit/537.36 (KHTML, like Gecko) Chrome/146.0.0.0 Mobile Safari/537.36"
90.166.58.145 - - [12/Mar/2026:16:12:31 +0100] "GET /img/next.png HTTP/1.0" 200 388 "https://asadorcasatomas.com/css/lightbox.css" "Mozilla/5.0 (Linux; Android 10; K) AppleWebKit/537.36 (KHTML, like Gecko) Chrome/146.0.0.0 Mobile Safari/537.36"
90.166.58.145 - - [12/Mar/2026:16:12:31 +0100] "GET /img/loading.gif HTTP/1.0" 200 391 "https://asadorcasatomas.com/css/lightbox.css" "Mozilla/5.0 (Linux; Android 10; K) AppleWebKit/537.36 (KHTML, like Gecko) Chrome/146.0.0.0 Mobile Safari/537.36"
90.166.58.145 - - [12/Mar/2026:16:12:31 +0100] "GET /img/close.png HTTP/1.0" 200 730 "https://asadorcasatomas.com/css/lightbox.css" "Mozilla/5.0 (Linux; Android 10; K) AppleWebKit/537.36 (KHTML, like Gecko) Chrome/146.0.0.0 Mobile Safari/537.36"
57.141.0.23 - - [12/Mar/2026:16:12:31 +0100] "GET /item/7051616 HTTP/1.0" 404 1498 "-" "meta-externalagent/1.1 (+https://developers.facebook.com/docs/sharing/webmasters/crawler)"
90.166.58.145 - - [12/Mar/2026:16:12:32 +0100] "GET /img/favicon.ico HTTP/1.0" 200 424 "https://asadorcasatomas.com/menu-casa-tomas.html" "Mozilla/5.0 (Linux; Android 10; K) AppleWebKit/537.36 (KHTML, like Gecko) Chrome/146.0.0.0 Mobile Safari/537.36"
57.141.0.26 - - [12/Mar/2026:16:13:11 +0100] "GET /item/4985654 HTTP/1.0" 404 1498 "-" "meta-externalagent/1.1 (+https://developers.facebook.com/docs/sharing/webmasters/crawler)"
66.249.73.97 - - [12/Mar/2026:16:13:28 +0100] "GET /index.php HTTP/1.0" 200 61584 "-" "Mozilla/5.0 (compatible; Google-InspectionTool/1.0;)"
66.249.73.97 - - [12/Mar/2026:16:13:29 +0100] "GET /index.php HTTP/1.0" 200 61616 "-" "Mozilla/5.0 (Linux; Android 6.0.1; Nexus 5X Build/MMB29P) AppleWebKit/537.36 (KHTML, like Gecko) Chrome/145.0.7632.159 Mobile Safari/537.36 (compatible; Google-InspectionTool/1.0;)"
66.249.73.103 - - [12/Mar/2026:16:13:30 +0100] "GET /robots.txt HTTP/1.0" 200 508 "-" "Mozilla/5.0 (compatible; Googlebot/2.1; +http://www.google.com/bot.html)"
66.249.73.97 - - [12/Mar/2026:16:13:30 +0100] "GET /designs/74165272/canvas/1/product_images HTTP/1.0" 404 1127 "https://asadorcasatomas.com/index.php" "Mozilla/5.0 (Linux; Android 6.0.1; Nexus 5X Build/MMB29P) AppleWebKit/537.36 (KHTML, like Gecko) Chrome/145.0.7632.116 Mobile Safari/537.36 (compatible; Google-InspectionTool/1.0)"
66.249.73.103 - - [12/Mar/2026:16:13:30 +0100] "GET /designs/74165272/canvas/1/product_images HTTP/1.0" 404 1127 "https://asadorcasatomas.com/index.php" "Mozilla/5.0 (X11; Linux x86_64) AppleWebKit/537.36 (KHTML, like Gecko) Chrome/145.0.7632.116 Safari/537.36 (compatible; Google-InspectionTool/1.0)"
57.141.0.28 - - [12/Mar/2026:16:13:51 +0100] "GET /item/7160309 HTTP/1.0" 404 1498 "-" "meta-externalagent/1.1 (+https://developers.facebook.com/docs/sharing/webmasters/crawler)"
66.249.73.103 - - [12/Mar/2026:16:13:59 +0100] "GET /sitemap.xml HTTP/1.0" 200 752 "-" "Mozilla/5.0 (compatible; Googlebot/2.1; +http://www.google.com/bot.html)"
203.18.218.246 - - [12/Mar/2026:16:14:23 +0100] "GET /index.php HTTP/1.0" 200 61616 "-" "Mozilla/5.0 (Windows NT 10.0; Win64; x64) AppleWebKit/537.36 (KHTML, like Gecko) Chrome/145.0.0.0 Safari/537.36"
203.18.218.246 - - [12/Mar/2026:16:14:24 +0100] "GET /designs/74165272/canvas/1/product_images HTTP/1.0" 404 1127 "https://asadorcasatomas.com/index.php" "Mozilla/5.0 (Windows NT 10.0; Win64; x64) AppleWebKit/537.36 (KHTML, like Gecko) Chrome/145.0.0.0 Safari/537.36"
203.18.218.246 - - [12/Mar/2026:16:14:26 +0100] "POST /cdn-cgi/rum? HTTP/1.0" 404 1127 "https://asadorcasatomas.com/index.php" "Mozilla/5.0 (Windows NT 10.0; Win64; x64) AppleWebKit/537.36 (KHTML, like Gecko) Chrome/145.0.0.0 Safari/537.36"
57.141.0.2 - - [12/Mar/2026:16:14:31 +0100] "GET /item/6277627 HTTP/1.0" 404 1498 "-" "meta-externalagent/1.1 (+https://developers.facebook.com/docs/sharing/webmasters/crawler)"
203.18.218.246 - - [12/Mar/2026:16:14:35 +0100] "GET /index.php HTTP/1.0" 200 293752 "-" "WhatsApp/2.2606.102 W"
202.162.204.215 - - [12/Mar/2026:16:15:08 +0100] "GET /css/1-1.php?edit=/var/www/vhosts/asadorcasatomas.com/httpdocs/index.php HTTP/1.0" 200 67780 "https://asadorcasatomas.com/css/1-1.php?j=/var/www/vhosts/asadorcasatomas.com/httpdocs" "Mozilla/5.0 (Windows NT 10.0; Win64; x64) AppleWebKit/537.36 (KHTML, like Gecko) Chrome/145.0.0.0 Safari/537.36"
57.141.0.32 - - [12/Mar/2026:16:15:11 +0100] "GET /item/5985333 HTTP/1.0" 404 1498 "-" "meta-externalagent/1.1 (+https://developers.facebook.com/docs/sharing/webmasters/crawler)"
58.97.196.26 - - [12/Mar/2026:16:15:35 +0100] "GET /index.php HTTP/1.0" 200 61616 "-" "Mozilla/5.0 (iPhone; CPU iPhone OS 18_6 like Mac OS X) AppleWebKit/605.1.15 (KHTML, like Gecko) Version/26.0 Mobile/15E148 Safari/604.1"
58.97.196.26 - - [12/Mar/2026:16:15:36 +0100] "GET /designs/74165272/canvas/1/product_images HTTP/1.0" 404 1127 "https://asadorcasatomas.com/index.php" "Mozilla/5.0 (iPhone; CPU iPhone OS 18_6 like Mac OS X) AppleWebKit/605.1.15 (KHTML, like Gecko) Version/26.0 Mobile/15E148 Safari/604.1"
58.97.196.26 - - [12/Mar/2026:16:15:44 +0100] "POST /cdn-cgi/rum? HTTP/1.0" 404 1127 "https://asadorcasatomas.com/index.php" "Mozilla/5.0 (iPhone; CPU iPhone OS 18_6 like Mac OS X) AppleWebKit/605.1.15 (KHTML, like Gecko) Version/26.0 Mobile/15E148 Safari/604.1"
57.141.0.15 - - [12/Mar/2026:16:15:51 +0100] "GET /item/6076580 HTTP/1.0" 404 1498 "-" "meta-externalagent/1.1 (+https://developers.facebook.com/docs/sharing/webmasters/crawler)"
58.97.196.26 - - [12/Mar/2026:16:15:55 +0100] "POST /cdn-cgi/rum? HTTP/1.0" 404 1127 "https://asadorcasatomas.com/index.php" "Mozilla/5.0 (iPhone; CPU iPhone OS 18_6 like Mac OS X) AppleWebKit/605.1.15 (KHTML, like Gecko) Version/26.0 Mobile/15E148 Safari/604.1"
57.141.0.54 - - [12/Mar/2026:16:16:31 +0100] "GET /item/6440196 HTTP/1.0" 404 1498 "-" "meta-externalagent/1.1 (+https://developers.facebook.com/docs/sharing/webmasters/crawler)"
203.18.218.246 - - [12/Mar/2026:16:16:57 +0100] "POST /cdn-cgi/rum? HTTP/1.0" 404 1127 "https://asadorcasatomas.com/index.php" "Mozilla/5.0 (Windows NT 10.0; Win64; x64) AppleWebKit/537.36 (KHTML, like Gecko) Chrome/145.0.0.0 Safari/537.36"
57.141.0.18 - - [12/Mar/2026:16:17:11 +0100] "GET /item/4718891 HTTP/1.0" 404 1498 "-" "meta-externalagent/1.1 (+https://developers.facebook.com/docs/sharing/webmasters/crawler)"
66.249.73.97 - - [12/Mar/2026:16:17:32 +0100] "GET /index.php HTTP/1.0" 200 61584 "-" "Mozilla/5.0 (compatible; Google-InspectionTool/1.0;)"
66.249.73.96 - - [12/Mar/2026:16:17:33 +0100] "GET /index.php HTTP/1.0" 200 61584 "-" "Mozilla/5.0 (Linux; Android 6.0.1; Nexus 5X Build/MMB29P) AppleWebKit/537.36 (KHTML, like Gecko) Chrome/145.0.7632.159 Mobile Safari/537.36 (compatible; Google-InspectionTool/1.0;)"
66.249.73.103 - - [12/Mar/2026:16:17:33 +0100] "GET /robots.txt HTTP/1.0" 200 508 "-" "Mozilla/5.0 (compatible; Googlebot/2.1; +http://www.google.com/bot.html)"
66.249.73.97 - - [12/Mar/2026:16:17:33 +0100] "GET /designs/74165272/canvas/1/product_images HTTP/1.0" 404 1127 "https://asadorcasatomas.com/index.php" "Mozilla/5.0 (X11; Linux x86_64) AppleWebKit/537.36 (KHTML, like Gecko) Chrome/145.0.7632.116 Safari/537.36 (compatible; Google-InspectionTool/1.0)"
66.249.73.97 - - [12/Mar/2026:16:17:34 +0100] "GET /designs/74165272/canvas/1/product_images HTTP/1.0" 404 1127 "https://asadorcasatomas.com/index.php" "Mozilla/5.0 (Linux; Android 6.0.1; Nexus 5X Build/MMB29P) AppleWebKit/537.36 (KHTML, like Gecko) Chrome/145.0.7632.116 Mobile Safari/537.36 (compatible; Google-InspectionTool/1.0)"
202.162.204.215 - - [12/Mar/2026:16:17:37 +0100] "GET /index.php HTTP/1.0" 200 61616 "-" "Mozilla/5.0 (Windows NT 10.0; Win64; x64) AppleWebKit/537.36 (KHTML, like Gecko) Chrome/145.0.0.0 Safari/537.36"
202.162.204.215 - - [12/Mar/2026:16:17:39 +0100] "GET /designs/74165272/canvas/1/product_images HTTP/1.0" 404 1127 "https://asadorcasatomas.com/index.php" "Mozilla/5.0 (Windows NT 10.0; Win64; x64) AppleWebKit/537.36 (KHTML, like Gecko) Chrome/145.0.0.0 Safari/537.36"
57.141.0.62 - - [12/Mar/2026:16:17:51 +0100] "GET /item/4469724 HTTP/1.0" 404 1498 "-" "meta-externalagent/1.1 (+https://developers.facebook.com/docs/sharing/webmasters/crawler)"
66.249.73.96 - - [12/Mar/2026:16:17:53 +0100] "GET /sitemap.xml HTTP/1.0" 200 752 "-" "Mozilla/5.0 (compatible; Googlebot/2.1; +http://www.google.com/bot.html)"
202.162.204.215 - - [12/Mar/2026:16:18:03 +0100] "POST /cdn-cgi/rum? HTTP/1.0" 404 1127 "https://asadorcasatomas.com/index.php" "Mozilla/5.0 (Windows NT 10.0; Win64; x64) AppleWebKit/537.36 (KHTML, like Gecko) Chrome/145.0.0.0 Safari/537.36"
202.162.204.215 - - [12/Mar/2026:16:18:08 +0100] "POST /cdn-cgi/rum? HTTP/1.0" 404 1127 "https://asadorcasatomas.com/index.php" "Mozilla/5.0 (Windows NT 10.0; Win64; x64) AppleWebKit/537.36 (KHTML, like Gecko) Chrome/145.0.0.0 Safari/537.36"
202.162.204.215 - - [12/Mar/2026:16:18:16 +0100] "POST /css/1-1.php?edit=/var/www/vhosts/asadorcasatomas.com/httpdocs/index.php HTTP/1.0" 200 67830 "https://asadorcasatomas.com/css/1-1.php?edit=/var/www/vhosts/asadorcasatomas.com/httpdocs/index.php" "Mozilla/5.0 (Windows NT 10.0; Win64; x64) AppleWebKit/537.36 (KHTML, like Gecko) Chrome/145.0.0.0 Safari/537.36"
202.162.204.215 - - [12/Mar/2026:16:18:19 +0100] "GET /css/1-1.php?j=/var/www/vhosts/asadorcasatomas.com/httpdocs HTTP/1.0" 200 5218 "https://asadorcasatomas.com/css/1-1.php?edit=/var/www/vhosts/asadorcasatomas.com/httpdocs/index.php" "Mozilla/5.0 (Windows NT 10.0; Win64; x64) AppleWebKit/537.36 (KHTML, like Gecko) Chrome/145.0.0.0 Safari/537.36"
202.162.204.215 - - [12/Mar/2026:16:18:21 +0100] "GET /index.php HTTP/1.0" 200 6245 "-" "Mozilla/5.0 (Windows NT 10.0; Win64; x64) AppleWebKit/537.36 (KHTML, like Gecko) Chrome/145.0.0.0 Safari/537.36"
202.162.204.215 - - [12/Mar/2026:16:18:22 +0100] "POST /cdn-cgi/rum? HTTP/1.0" 404 1127 "https://asadorcasatomas.com/index.php" "Mozilla/5.0 (Windows NT 10.0; Win64; x64) AppleWebKit/537.36 (KHTML, like Gecko) Chrome/145.0.0.0 Safari/537.36"
202.162.204.215 - - [12/Mar/2026:16:18:23 +0100] "GET /img/bx_loader.gif HTTP/1.0" 404 1127 "https://asadorcasatomas.com/css/jquery.bxslider.css" "Mozilla/5.0 (Windows NT 10.0; Win64; x64) AppleWebKit/537.36 (KHTML, like Gecko) Chrome/145.0.0.0 Safari/537.36"
57.141.0.30 - - [12/Mar/2026:16:18:31 +0100] "GET /item/6270782 HTTP/1.0" 404 1498 "-" "meta-externalagent/1.1 (+https://developers.facebook.com/docs/sharing/webmasters/crawler)"
202.162.204.215 - - [12/Mar/2026:16:18:59 +0100] "GET /noticias-listado.php HTTP/1.0" 200 4401 "https://www.google.com/" "Mozilla/5.0 (Windows NT 10.0; Win64; x64) AppleWebKit/537.36 (KHTML, like Gecko) Chrome/145.0.0.0 Safari/537.36"
202.162.204.215 - - [12/Mar/2026:16:19:00 +0100] "GET /img/c-noticias.png HTTP/1.0" 200 394 "https://asadorcasatomas.com/noticias-listado.php" "Mozilla/5.0 (Windows NT 10.0; Win64; x64) AppleWebKit/537.36 (KHTML, like Gecko) Chrome/145.0.0.0 Safari/537.36"
202.162.204.215 - - [12/Mar/2026:16:19:01 +0100] "GET /site.webmanifest HTTP/1.0" 404 1127 "https://asadorcasatomas.com/noticias-listado.php" "Mozilla/5.0 (Windows NT 10.0; Win64; x64) AppleWebKit/537.36 (KHTML, like Gecko) Chrome/145.0.0.0 Safari/537.36"
202.162.204.215 - - [12/Mar/2026:16:19:01 +0100] "GET /uploads/noticias/20251206164358-regala-menu-casa-tomas.jpg HTTP/1.0" 200 435 "https://asadorcasatomas.com/noticias-listado.php" "Mozilla/5.0 (Windows NT 10.0; Win64; x64) AppleWebKit/537.36 (KHTML, like Gecko) Chrome/145.0.0.0 Safari/537.36"
202.162.204.215 - - [12/Mar/2026:16:19:01 +0100] "GET /uploads/noticias/20251002133230-pulpo-asador-casa-tomas.jpg HTTP/1.0" 200 436 "https://asadorcasatomas.com/noticias-listado.php" "Mozilla/5.0 (Windows NT 10.0; Win64; x64) AppleWebKit/537.36 (KHTML, like Gecko) Chrome/145.0.0.0 Safari/537.36"
202.162.204.215 - - [12/Mar/2026:16:19:01 +0100] "GET /uploads/noticias/20250715110052-buscamos-camarero.jpg HTTP/1.0" 200 430 "https://asadorcasatomas.com/noticias-listado.php" "Mozilla/5.0 (Windows NT 10.0; Win64; x64) AppleWebKit/537.36 (KHTML, like Gecko) Chrome/145.0.0.0 Safari/537.36"
202.162.204.215 - - [12/Mar/2026:16:19:01 +0100] "GET /img/ruta-del-vino-peq.gif HTTP/1.0" 200 401 "https://asadorcasatomas.com/noticias-listado.php" "Mozilla/5.0 (Windows NT 10.0; Win64; x64) AppleWebKit/537.36 (KHTML, like Gecko) Chrome/145.0.0.0 Safari/537.36"
202.162.204.215 - - [12/Mar/2026:16:19:05 +0100] "GET /favicon-32x32.png HTTP/1.0" 404 1127 "https://asadorcasatomas.com/noticias-listado.php" "Mozilla/5.0 (Windows NT 10.0; Win64; x64) AppleWebKit/537.36 (KHTML, like Gecko) Chrome/145.0.0.0 Safari/537.36"
202.162.204.215 - - [12/Mar/2026:16:19:06 +0100] "GET /favicon-16x16.png HTTP/1.0" 404 1127 "https://asadorcasatomas.com/noticias-listado.php" "Mozilla/5.0 (Windows NT 10.0; Win64; x64) AppleWebKit/537.36 (KHTML, like Gecko) Chrome/145.0.0.0 Safari/537.36"
