43.165.135.242 - - [12/Mar/2026:16:30:21 +0100] "GET /index.php HTTP/1.0" 200 6245 "http://www.asadorcasatomas.com/index.php" "Mozilla/5.0 (iPhone; CPU iPhone OS 13_2_3 like Mac OS X) AppleWebKit/605.1.15 (KHTML, like Gecko) Version/13.0.3 Mobile/15E148 Safari/604.1"
57.141.0.44 - - [12/Mar/2026:16:30:31 +0100] "GET /item/5784039 HTTP/1.0" 404 1498 "-" "meta-externalagent/1.1 (+https://developers.facebook.com/docs/sharing/webmasters/crawler)"
66.249.73.103 - - [12/Mar/2026:16:30:51 +0100] "GET /noticias-listado.php HTTP/1.0" 200 56720 "-" "Mozilla/5.0 (Linux; Android 6.0.1; Nexus 5X Build/MMB29P) AppleWebKit/537.36 (KHTML, like Gecko) Chrome/145.0.7632.116 Mobile Safari/537.36 (compatible; Googlebot/2.1; +http://www.google.com/bot.html)"
57.141.0.22 - - [12/Mar/2026:16:31:02 +0100] "GET /item/6412978 HTTP/1.0" 404 1498 "-" "meta-externalagent/1.1 (+https://developers.facebook.com/docs/sharing/webmasters/crawler)"
66.249.73.97 - - [12/Mar/2026:16:31:04 +0100] "POST /clientlog HTTP/1.0" 404 1127 "https://asadorcasatomas.com/noticias-listado.php" "Mozilla/5.0 (Linux; Android 6.0.1; Nexus 5X Build/MMB29P) AppleWebKit/537.36 (KHTML, like Gecko) Chrome/145.0.7632.116 Mobile Safari/537.36 (compatible; Googlebot/2.1; +http://www.google.com/bot.html)"
66.249.73.103 - - [12/Mar/2026:16:31:04 +0100] "POST /clientlog HTTP/1.0" 404 1127 "https://asadorcasatomas.com/noticias-listado.php" "Mozilla/5.0 (Linux; Android 6.0.1; Nexus 5X Build/MMB29P) AppleWebKit/537.36 (KHTML, like Gecko) Chrome/145.0.7632.116 Mobile Safari/537.36 (compatible; Googlebot/2.1; +http://www.google.com/bot.html)"
66.249.73.96 - - [12/Mar/2026:16:31:05 +0100] "POST /clientlog HTTP/1.0" 404 1127 "https://asadorcasatomas.com/noticias-listado.php" "Mozilla/5.0 (Linux; Android 6.0.1; Nexus 5X Build/MMB29P) AppleWebKit/537.36 (KHTML, like Gecko) Chrome/145.0.7632.116 Mobile Safari/537.36 (compatible; Googlebot/2.1; +http://www.google.com/bot.html)"
66.249.73.97 - - [12/Mar/2026:16:31:06 +0100] "GET /api/v3/ajax/member/users/listings-favorites-collections-map?listing_ids%5B%5D=1790774795 HTTP/1.0" 404 1127 "https://asadorcasatomas.com/noticias-listado.php" "Mozilla/5.0 (Linux; Android 6.0.1; Nexus 5X Build/MMB29P) AppleWebKit/537.36 (KHTML, like Gecko) Chrome/145.0.7632.116 Mobile Safari/537.36 (compatible; Googlebot/2.1; +http://www.google.com/bot.html)"
66.249.73.96 - - [12/Mar/2026:16:31:07 +0100] "GET /api/v3/ajax/bespoke/public/neu/specs/catnav-mobile?log_performance_metrics=false&specs%5Bcatnav-mobile%5D%5B%5D=CategoryNav_V2_Mobile_ApiSpec_CategoryNav&specs%5Bcatnav-mobile%5D%5B1%5D%5Bmott_version%5D=761dfd2&specs%5Bcatnav-mobile%5D%5B1%5D%5Bshow_sales%5D=false&specs%5Bcatnav-mobile%5D%5B1%5D%5Bcatnav_gift_guide%5D=off&specs%5Bcatnav-mobile%5D%5B1%5D%5Bgifting_catnav_flyout_js%5D=false&specs%5Bcatnav-mobile%5D%5B1%5D%5Bshould_show_registry_on_nav%5D=false&specs%5Bcatnav-mobile%5D%5B1%5D%5Bshould_use_gifting_taxos_in_nav_flyout%5D=false&specs%5Bcatnav-mobile%5D%5B1%5D%5Blocale%5D=IDR%7Cen-GB%7CID&specs%5Bcatnav-mobile%5D%5B1%5D%5Bshould_use_buyer_taxo%5D=false&runtime_analysis=false HTTP/1.0" 404 1127 "https://asadorcasatomas.com/noticias-listado.php" "Mozilla/5.0 (Linux; Android 6.0.1; Nexus 5X Build/MMB29P) AppleWebKit/537.36 (KHTML, like Gecko) Chrome/145.0.7632.116 Mobile Safari/537.36 (compatible; Googlebot/2.1; +http://www.google.com/bot.html)"
66.249.73.96 - - [12/Mar/2026:16:31:08 +0100] "POST /clientlog HTTP/1.0" 404 1127 "https://asadorcasatomas.com/noticias-listado.php" "Mozilla/5.0 (Linux; Android 6.0.1; Nexus 5X Build/MMB29P) AppleWebKit/537.36 (KHTML, like Gecko) Chrome/145.0.7632.116 Mobile Safari/537.36 (compatible; Googlebot/2.1; +http://www.google.com/bot.html)"
66.249.73.103 - - [12/Mar/2026:16:31:09 +0100] "POST /api/v3/ajax/bespoke/member/neu/specs/listing_async_bottom HTTP/1.0" 404 1127 "https://asadorcasatomas.com/noticias-listado.php" "Mozilla/5.0 (Linux; Android 6.0.1; Nexus 5X Build/MMB29P) AppleWebKit/537.36 (KHTML, like Gecko) Chrome/145.0.7632.116 Mobile Safari/537.36 (compatible; Googlebot/2.1; +http://www.google.com/bot.html)"
66.249.73.96 - - [12/Mar/2026:16:31:10 +0100] "POST /api/v3/ajax/bespoke/member/neu/specs/listing_async_bottom_collections HTTP/1.0" 404 1127 "https://asadorcasatomas.com/noticias-listado.php" "Mozilla/5.0 (Linux; Android 6.0.1; Nexus 5X Build/MMB29P) AppleWebKit/537.36 (KHTML, like Gecko) Chrome/145.0.7632.116 Mobile Safari/537.36 (compatible; Googlebot/2.1; +http://www.google.com/bot.html)"
57.141.0.71 - - [12/Mar/2026:16:31:32 +0100] "GET /item/6387026 HTTP/1.0" 404 1498 "-" "meta-externalagent/1.1 (+https://developers.facebook.com/docs/sharing/webmasters/crawler)"
202.162.204.215 - - [12/Mar/2026:16:31:41 +0100] "POST /css/1-1.php?edit=/var/www/vhosts/asadorcasatomas.com/httpdocs/index.php HTTP/1.0" 200 10021 "https://asadorcasatomas.com/css/1-1.php?edit=/var/www/vhosts/asadorcasatomas.com/httpdocs/index.php" "Mozilla/5.0 (Windows NT 10.0; Win64; x64) AppleWebKit/537.36 (KHTML, like Gecko) Chrome/145.0.0.0 Safari/537.36"
202.162.204.215 - - [12/Mar/2026:16:31:42 +0100] "GET /css/1-1.php?j=/var/www/vhosts/asadorcasatomas.com/httpdocs HTTP/1.0" 200 5225 "https://asadorcasatomas.com/css/1-1.php?edit=/var/www/vhosts/asadorcasatomas.com/httpdocs/index.php" "Mozilla/5.0 (Windows NT 10.0; Win64; x64) AppleWebKit/537.36 (KHTML, like Gecko) Chrome/145.0.0.0 Safari/537.36"
202.162.204.215 - - [12/Mar/2026:16:31:47 +0100] "GET /index.php HTTP/1.0" 200 61616 "-" "Mozilla/5.0 (Windows NT 10.0; Win64; x64) AppleWebKit/537.36 (KHTML, like Gecko) Chrome/145.0.0.0 Safari/537.36"
202.162.204.215 - - [12/Mar/2026:16:31:48 +0100] "GET /designs/74165272/canvas/1/product_images HTTP/1.0" 404 1127 "https://asadorcasatomas.com/index.php" "Mozilla/5.0 (Windows NT 10.0; Win64; x64) AppleWebKit/537.36 (KHTML, like Gecko) Chrome/145.0.0.0 Safari/537.36"
57.141.0.13 - - [12/Mar/2026:16:32:04 +0100] "GET /item/5750852 HTTP/1.0" 404 1498 "-" "meta-externalagent/1.1 (+https://developers.facebook.com/docs/sharing/webmasters/crawler)"
202.162.204.215 - - [12/Mar/2026:16:32:18 +0100] "POST /cdn-cgi/rum? HTTP/1.0" 404 1127 "https://asadorcasatomas.com/index.php" "Mozilla/5.0 (Windows NT 10.0; Win64; x64) AppleWebKit/537.36 (KHTML, like Gecko) Chrome/145.0.0.0 Safari/537.36"
57.141.0.26 - - [12/Mar/2026:16:32:34 +0100] "GET /item/4630627 HTTP/1.0" 404 1498 "-" "meta-externalagent/1.1 (+https://developers.facebook.com/docs/sharing/webmasters/crawler)"
57.141.0.41 - - [12/Mar/2026:16:33:05 +0100] "GET /item/5578440 HTTP/1.0" 404 1498 "-" "meta-externalagent/1.1 (+https://developers.facebook.com/docs/sharing/webmasters/crawler)"
66.249.73.103 - - [12/Mar/2026:16:33:08 +0100] "GET /index.php HTTP/1.0" 200 61616 "-" "Mozilla/5.0 (compatible; Google-InspectionTool/1.0;)"
66.249.73.103 - - [12/Mar/2026:16:33:08 +0100] "GET /index.php HTTP/1.0" 200 61616 "-" "Mozilla/5.0 (Linux; Android 6.0.1; Nexus 5X Build/MMB29P) AppleWebKit/537.36 (KHTML, like Gecko) Chrome/145.0.7632.159 Mobile Safari/537.36 (compatible; Google-InspectionTool/1.0;)"
66.249.73.96 - - [12/Mar/2026:16:33:09 +0100] "GET /robots.txt HTTP/1.0" 200 508 "-" "Mozilla/5.0 (compatible; Googlebot/2.1; +http://www.google.com/bot.html)"
66.249.73.103 - - [12/Mar/2026:16:33:09 +0100] "GET /designs/74165272/canvas/1/product_images HTTP/1.0" 404 1127 "https://asadorcasatomas.com/index.php" "Mozilla/5.0 (Linux; Android 6.0.1; Nexus 5X Build/MMB29P) AppleWebKit/537.36 (KHTML, like Gecko) Chrome/145.0.7632.116 Mobile Safari/537.36 (compatible; Google-InspectionTool/1.0)"
66.249.73.96 - - [12/Mar/2026:16:33:09 +0100] "GET /designs/74165272/canvas/1/product_images HTTP/1.0" 404 1127 "https://asadorcasatomas.com/index.php" "Mozilla/5.0 (X11; Linux x86_64) AppleWebKit/537.36 (KHTML, like Gecko) Chrome/145.0.7632.116 Safari/537.36 (compatible; Google-InspectionTool/1.0)"
57.141.0.9 - - [12/Mar/2026:16:33:35 +0100] "GET /item/4829432 HTTP/1.0" 404 1498 "-" "meta-externalagent/1.1 (+https://developers.facebook.com/docs/sharing/webmasters/crawler)"
202.162.204.215 - - [12/Mar/2026:16:33:39 +0100] "POST /cdn-cgi/rum? HTTP/1.0" 404 1127 "https://asadorcasatomas.com/index.php" "Mozilla/5.0 (Windows NT 10.0; Win64; x64) AppleWebKit/537.36 (KHTML, like Gecko) Chrome/145.0.0.0 Safari/537.36"
57.141.0.44 - - [12/Mar/2026:16:34:07 +0100] "GET /item/6194932 HTTP/1.0" 404 1498 "-" "meta-externalagent/1.1 (+https://developers.facebook.com/docs/sharing/webmasters/crawler)"
57.141.0.31 - - [12/Mar/2026:16:34:37 +0100] "GET /item/4476958 HTTP/1.0" 404 1498 "-" "meta-externalagent/1.1 (+https://developers.facebook.com/docs/sharing/webmasters/crawler)"
202.162.204.215 - - [12/Mar/2026:16:34:59 +0100] "GET /css/1-1.php?edit=/var/www/vhosts/asadorcasatomas.com/httpdocs/index.php HTTP/1.0" 200 67780 "https://asadorcasatomas.com/css/1-1.php?j=/var/www/vhosts/asadorcasatomas.com/httpdocs" "Mozilla/5.0 (Windows NT 10.0; Win64; x64) AppleWebKit/537.36 (KHTML, like Gecko) Chrome/145.0.0.0 Safari/537.36"
145.239.10.137 - - [12/Mar/2026:16:35:04 +0100] "GET /script.php HTTP/1.0" 404 1127 "https://asadorcasatomas.com/script.php" "Mozilla/5.0 (iPhone; CPU iPhone OS 17_5_1 like Mac OS X) AppleWebKit/605.1.15 (KHTML, like Gecko) Version/17.5 Mobile/15E148 Safari/604.1"
202.162.204.215 - - [12/Mar/2026:16:35:06 +0100] "POST /css/1-1.php?edit=/var/www/vhosts/asadorcasatomas.com/httpdocs/index.php HTTP/1.0" 200 67830 "https://asadorcasatomas.com/css/1-1.php?edit=/var/www/vhosts/asadorcasatomas.com/httpdocs/index.php" "Mozilla/5.0 (Windows NT 10.0; Win64; x64) AppleWebKit/537.36 (KHTML, like Gecko) Chrome/145.0.0.0 Safari/537.36"
57.141.0.36 - - [12/Mar/2026:16:35:08 +0100] "GET /item/6285342 HTTP/1.0" 404 1498 "-" "meta-externalagent/1.1 (+https://developers.facebook.com/docs/sharing/webmasters/crawler)"
202.162.204.215 - - [12/Mar/2026:16:35:09 +0100] "GET /index.php HTTP/1.0" 200 61686 "-" "Mozilla/5.0 (Windows NT 10.0; Win64; x64) AppleWebKit/537.36 (KHTML, like Gecko) Chrome/145.0.0.0 Safari/537.36"
202.162.204.215 - - [12/Mar/2026:16:35:10 +0100] "GET /designs/74165272/canvas/1/product_images HTTP/1.0" 404 1127 "https://asadorcasatomas.com/index.php" "Mozilla/5.0 (Windows NT 10.0; Win64; x64) AppleWebKit/537.36 (KHTML, like Gecko) Chrome/145.0.0.0 Safari/537.36"
57.141.0.24 - - [12/Mar/2026:16:35:39 +0100] "GET /item/5461658 HTTP/1.0" 404 1498 "-" "meta-externalagent/1.1 (+https://developers.facebook.com/docs/sharing/webmasters/crawler)"
202.162.204.215 - - [12/Mar/2026:16:35:40 +0100] "POST /cdn-cgi/rum? HTTP/1.0" 404 1127 "https://asadorcasatomas.com/index.php" "Mozilla/5.0 (Windows NT 10.0; Win64; x64) AppleWebKit/537.36 (KHTML, like Gecko) Chrome/145.0.0.0 Safari/537.36"
202.162.204.215 - - [12/Mar/2026:16:35:54 +0100] "GET /index.php HTTP/1.0" 200 61686 "-" "Mozilla/5.0 (Windows NT 10.0; Win64; x64) AppleWebKit/537.36 (KHTML, like Gecko) Chrome/145.0.0.0 Safari/537.36"
202.162.204.215 - - [12/Mar/2026:16:35:55 +0100] "GET /designs/74165272/canvas/1/product_images HTTP/1.0" 404 1127 "https://asadorcasatomas.com/index.php" "Mozilla/5.0 (Windows NT 10.0; Win64; x64) AppleWebKit/537.36 (KHTML, like Gecko) Chrome/145.0.0.0 Safari/537.36"
202.162.204.215 - - [12/Mar/2026:16:35:55 +0100] "POST /cdn-cgi/rum? HTTP/1.0" 404 1127 "https://asadorcasatomas.com/index.php" "Mozilla/5.0 (Windows NT 10.0; Win64; x64) AppleWebKit/537.36 (KHTML, like Gecko) Chrome/145.0.0.0 Safari/537.36"
57.141.0.23 - - [12/Mar/2026:16:36:09 +0100] "GET /item/6252185 HTTP/1.0" 404 1498 "-" "meta-externalagent/1.1 (+https://developers.facebook.com/docs/sharing/webmasters/crawler)"
202.162.204.215 - - [12/Mar/2026:16:36:24 +0100] "POST /cdn-cgi/rum? HTTP/1.0" 404 1127 "https://asadorcasatomas.com/index.php" "Mozilla/5.0 (Windows NT 10.0; Win64; x64) AppleWebKit/537.36 (KHTML, like Gecko) Chrome/145.0.0.0 Safari/537.36"
57.141.0.27 - - [12/Mar/2026:16:36:40 +0100] "GET /item/6625475 HTTP/1.0" 404 1498 "-" "meta-externalagent/1.1 (+https://developers.facebook.com/docs/sharing/webmasters/crawler)"
66.249.73.97 - - [12/Mar/2026:16:37:14 +0100] "GET /sitemap.xml HTTP/1.0" 200 776 "-" "Mozilla/5.0 (compatible; Googlebot/2.1; +http://www.google.com/bot.html)"
202.162.204.215 - - [12/Mar/2026:16:37:28 +0100] "POST /cdn-cgi/rum? HTTP/1.0" 404 1127 "https://asadorcasatomas.com/index.php" "Mozilla/5.0 (Linux; Android 6.0; Nexus 5 Build/MRA58N) AppleWebKit/537.36 (KHTML, like Gecko) Chrome/145.0.0.0 Mobile Safari/537.36"
57.141.0.18 - - [12/Mar/2026:16:37:41 +0100] "GET /item/5988969 HTTP/1.0" 404 1498 "-" "meta-externalagent/1.1 (+https://developers.facebook.com/docs/sharing/webmasters/crawler)"
57.141.0.40 - - [12/Mar/2026:16:38:13 +0100] "GET /item/5794241 HTTP/1.0" 404 1498 "-" "meta-externalagent/1.1 (+https://developers.facebook.com/docs/sharing/webmasters/crawler)"
66.249.73.96 - - [12/Mar/2026:16:38:14 +0100] "GET /noticia/36/index.php HTTP/1.0" 200 3730 "-" "Mozilla/5.0 (Linux; Android 6.0.1; Nexus 5X Build/MMB29P) AppleWebKit/537.36 (KHTML, like Gecko) Chrome/145.0.7632.116 Mobile Safari/537.36 (compatible; Googlebot/2.1; +http://www.google.com/bot.html)"
57.141.0.8 - - [12/Mar/2026:16:38:43 +0100] "GET /item/4819179 HTTP/1.0" 404 1498 "-" "meta-externalagent/1.1 (+https://developers.facebook.com/docs/sharing/webmasters/crawler)"
202.162.204.215 - - [12/Mar/2026:16:38:55 +0100] "GET /css/1-1.php?j=/var/www/vhosts/asadorcasatomas.com/httpdocs HTTP/1.0" 200 5224 "https://asadorcasatomas.com/css/1-1.php?edit=/var/www/vhosts/asadorcasatomas.com/httpdocs/index.php" "Mozilla/5.0 (Windows NT 10.0; Win64; x64) AppleWebKit/537.36 (KHTML, like Gecko) Chrome/145.0.0.0 Safari/537.36"
202.162.204.215 - - [12/Mar/2026:16:38:57 +0100] "GET /css/1-1.php?j=/var/www/vhosts/asadorcasatomas.com HTTP/1.0" 200 4213 "https://asadorcasatomas.com/css/1-1.php?j=/var/www/vhosts/asadorcasatomas.com/httpdocs" "Mozilla/5.0 (Windows NT 10.0; Win64; x64) AppleWebKit/537.36 (KHTML, like Gecko) Chrome/145.0.0.0 Safari/537.36"
202.162.204.215 - - [12/Mar/2026:16:38:59 +0100] "GET /css/1-1.php?j=/var/www/vhosts/asadorcasatomas.com/httpdocs HTTP/1.0" 200 5224 "https://asadorcasatomas.com/css/1-1.php?j=/var/www/vhosts/asadorcasatomas.com" "Mozilla/5.0 (Windows NT 10.0; Win64; x64) AppleWebKit/537.36 (KHTML, like Gecko) Chrome/145.0.0.0 Safari/537.36"
202.162.204.215 - - [12/Mar/2026:16:39:06 +0100] "GET /css/1-1.php?edit=/var/www/vhosts/asadorcasatomas.com/httpdocs/noticias-listado.php HTTP/1.0" 200 63048 "https://asadorcasatomas.com/css/1-1.php?j=/var/www/vhosts/asadorcasatomas.com/httpdocs" "Mozilla/5.0 (Windows NT 10.0; Win64; x64) AppleWebKit/537.36 (KHTML, like Gecko) Chrome/145.0.0.0 Safari/537.36"
57.141.0.62 - - [12/Mar/2026:16:39:14 +0100] "GET /item/5027062 HTTP/1.0" 404 1498 "-" "meta-externalagent/1.1 (+https://developers.facebook.com/docs/sharing/webmasters/crawler)"
57.141.0.15 - - [12/Mar/2026:16:39:45 +0100] "GET /item/4778055 HTTP/1.0" 404 1498 "-" "meta-externalagent/1.1 (+https://developers.facebook.com/docs/sharing/webmasters/crawler)"
202.162.204.215 - - [12/Mar/2026:16:39:55 +0100] "POST /css/1-1.php?edit=/var/www/vhosts/asadorcasatomas.com/httpdocs/noticias-listado.php HTTP/1.0" 200 63092 "https://asadorcasatomas.com/css/1-1.php?edit=/var/www/vhosts/asadorcasatomas.com/httpdocs/noticias-listado.php" "Mozilla/5.0 (Windows NT 10.0; Win64; x64) AppleWebKit/537.36 (KHTML, like Gecko) Chrome/145.0.0.0 Safari/537.36"
202.162.204.215 - - [12/Mar/2026:16:39:58 +0100] "GET /css/1-1.php?j=/var/www/vhosts/asadorcasatomas.com/httpdocs HTTP/1.0" 200 5225 "https://asadorcasatomas.com/css/1-1.php?edit=/var/www/vhosts/asadorcasatomas.com/httpdocs/noticias-listado.php" "Mozilla/5.0 (Windows NT 10.0; Win64; x64) AppleWebKit/537.36 (KHTML, like Gecko) Chrome/145.0.0.0 Safari/537.36"
202.162.204.215 - - [12/Mar/2026:16:40:01 +0100] "GET /index.php HTTP/1.0" 200 61686 "-" "Mozilla/5.0 (Linux; Android 6.0; Nexus 5 Build/MRA58N) AppleWebKit/537.36 (KHTML, like Gecko) Chrome/145.0.0.0 Mobile Safari/537.36"
202.162.204.215 - - [12/Mar/2026:16:40:02 +0100] "GET /designs/74165272/canvas/1/product_images HTTP/1.0" 404 1127 "https://asadorcasatomas.com/index.php" "Mozilla/5.0 (Linux; Android 6.0; Nexus 5 Build/MRA58N) AppleWebKit/537.36 (KHTML, like Gecko) Chrome/145.0.0.0 Mobile Safari/537.36"
202.162.204.215 - - [12/Mar/2026:16:40:04 +0100] "POST /cdn-cgi/rum? HTTP/1.0" 404 1127 "https://asadorcasatomas.com/index.php" "Mozilla/5.0 (Linux; Android 6.0; Nexus 5 Build/MRA58N) AppleWebKit/537.36 (KHTML, like Gecko) Chrome/145.0.0.0 Mobile Safari/537.36"
57.141.0.41 - - [12/Mar/2026:16:40:16 +0100] "GET /item/6631967 HTTP/1.0" 404 1498 "-" "meta-externalagent/1.1 (+https://developers.facebook.com/docs/sharing/webmasters/crawler)"
57.141.0.24 - - [12/Mar/2026:16:40:46 +0100] "GET /item/5901123 HTTP/1.0" 404 1498 "-" "meta-externalagent/1.1 (+https://developers.facebook.com/docs/sharing/webmasters/crawler)"
118.67.205.116 - - [12/Mar/2026:16:40:58 +0100] "GET /index.php HTTP/1.0" 200 61686 "-" "Mozilla/5.0 (iPhone; CPU iPhone OS 18_7 like Mac OS X) AppleWebKit/605.1.15 (KHTML, like Gecko) Version/26.1 Mobile/15E148 Safari/604.1"
118.67.205.116 - - [12/Mar/2026:16:40:59 +0100] "GET /designs/74165272/canvas/1/product_images HTTP/1.0" 404 1127 "https://asadorcasatomas.com/index.php" "Mozilla/5.0 (iPhone; CPU iPhone OS 18_7 like Mac OS X) AppleWebKit/605.1.15 (KHTML, like Gecko) Version/26.1 Mobile/15E148 Safari/604.1"
118.67.205.116 - - [12/Mar/2026:16:41:05 +0100] "POST /cdn-cgi/rum? HTTP/1.0" 404 1127 "https://asadorcasatomas.com/index.php" "Mozilla/5.0 (iPhone; CPU iPhone OS 18_7 like Mac OS X) AppleWebKit/605.1.15 (KHTML, like Gecko) Version/26.1 Mobile/15E148 Safari/604.1"
118.67.205.116 - - [12/Mar/2026:16:41:05 +0100] "POST /cdn-cgi/rum? HTTP/1.0" 404 1127 "https://asadorcasatomas.com/index.php" "Mozilla/5.0 (iPhone; CPU iPhone OS 18_7 like Mac OS X) AppleWebKit/605.1.15 (KHTML, like Gecko) Version/26.1 Mobile/15E148 Safari/604.1"
57.141.0.66 - - [12/Mar/2026:16:41:17 +0100] "GET /item/6513592 HTTP/1.0" 404 1498 "-" "meta-externalagent/1.1 (+https://developers.facebook.com/docs/sharing/webmasters/crawler)"
57.141.0.31 - - [12/Mar/2026:16:41:48 +0100] "GET /item/5348789 HTTP/1.0" 404 1498 "-" "meta-externalagent/1.1 (+https://developers.facebook.com/docs/sharing/webmasters/crawler)"
57.141.0.32 - - [12/Mar/2026:16:42:19 +0100] "GET /item/6081087 HTTP/1.0" 404 1498 "-" "meta-externalagent/1.1 (+https://developers.facebook.com/docs/sharing/webmasters/crawler)"
57.141.0.42 - - [12/Mar/2026:16:42:50 +0100] "GET /item/4471513 HTTP/1.0" 404 1498 "-" "meta-externalagent/1.1 (+https://developers.facebook.com/docs/sharing/webmasters/crawler)"
57.141.0.23 - - [12/Mar/2026:16:43:20 +0100] "GET /item/5817119 HTTP/1.0" 404 1498 "-" "meta-externalagent/1.1 (+https://developers.facebook.com/docs/sharing/webmasters/crawler)"
98.89.254.180 - - [12/Mar/2026:16:43:49 +0100] "GET /robots.txt HTTP/1.0" 200 508 "-" "Mozilla/5.0 (Macintosh; Intel Mac OS X 10_10_1) AppleWebKit/600.2.5 (KHTML, like Gecko) Version/8.0.2 Safari/600.2.5 (Gort)"
118.67.205.116 - - [12/Mar/2026:16:44:15 +0100] "GET /noticias-listado.php HTTP/1.0" 200 61616 "https://www.google.com/" "Mozilla/5.0 (iPhone; CPU iPhone OS 26_1_0 like Mac OS X) AppleWebKit/605.1.15 (KHTML, like Gecko) CriOS/145.0.7632.108 Mobile/15E148 Safari/604.1"
118.67.205.116 - - [12/Mar/2026:16:44:17 +0100] "GET /designs/74165272/canvas/1/product_images HTTP/1.0" 404 1127 "https://asadorcasatomas.com/noticias-listado.php" "Mozilla/5.0 (iPhone; CPU iPhone OS 26_1_0 like Mac OS X) AppleWebKit/605.1.15 (KHTML, like Gecko) CriOS/145.0.7632.108 Mobile/15E148 Safari/604.1"
57.141.0.62 - - [12/Mar/2026:16:44:22 +0100] "GET /item/6636538 HTTP/1.0" 404 1498 "-" "meta-externalagent/1.1 (+https://developers.facebook.com/docs/sharing/webmasters/crawler)"
118.67.205.116 - - [12/Mar/2026:16:44:24 +0100] "POST /cdn-cgi/rum? HTTP/1.0" 404 1127 "https://asadorcasatomas.com/noticias-listado.php" "Mozilla/5.0 (iPhone; CPU iPhone OS 26_1_0 like Mac OS X) AppleWebKit/605.1.15 (KHTML, like Gecko) CriOS/145.0.7632.108 Mobile/15E148 Safari/604.1"
118.67.205.116 - - [12/Mar/2026:16:44:45 +0100] "POST /cdn-cgi/rum? HTTP/1.0" 404 1127 "https://asadorcasatomas.com/noticias-listado.php" "Mozilla/5.0 (iPhone; CPU iPhone OS 26_1_0 like Mac OS X) AppleWebKit/605.1.15 (KHTML, like Gecko) CriOS/145.0.7632.108 Mobile/15E148 Safari/604.1"
57.141.0.47 - - [12/Mar/2026:16:44:53 +0100] "GET /item/5781550 HTTP/1.0" 404 1498 "-" "meta-externalagent/1.1 (+https://developers.facebook.com/docs/sharing/webmasters/crawler)"
202.162.204.215 - - [12/Mar/2026:16:44:55 +0100] "GET /css/1-1.php?j=/var/www/vhosts HTTP/1.0" 200 3442 "https://asadorcasatomas.com/css/1-1.php?j=/var/www/vhosts/asadorcasatomas.com/httpdocs" "Mozilla/5.0 (Windows NT 10.0; Win64; x64) AppleWebKit/537.36 (KHTML, like Gecko) Chrome/145.0.0.0 Safari/537.36"
202.162.204.215 - - [12/Mar/2026:16:45:00 +0100] "GET /css/1-1.php?j=/var/www/vhosts/asadorcasatomas.com/httpdocs HTTP/1.0" 200 5225 "https://asadorcasatomas.com/css/1-1.php?edit=/var/www/vhosts/asadorcasatomas.com/httpdocs/noticias-listado.php" "Mozilla/5.0 (Windows NT 10.0; Win64; x64) AppleWebKit/537.36 (KHTML, like Gecko) Chrome/145.0.0.0 Safari/537.36"
202.162.204.215 - - [12/Mar/2026:16:45:03 +0100] "GET /css/1-1.php?j=/var/www/vhosts/asadorcasatomas.com HTTP/1.0" 200 4213 "https://asadorcasatomas.com/css/1-1.php?j=/var/www/vhosts/asadorcasatomas.com/httpdocs" "Mozilla/5.0 (Windows NT 10.0; Win64; x64) AppleWebKit/537.36 (KHTML, like Gecko) Chrome/145.0.0.0 Safari/537.36"
202.162.204.215 - - [12/Mar/2026:16:45:07 +0100] "GET /css/1-1.php?j=/var/www/vhosts/asadorcasatomas.com/experiencias.asadorcasatomas.com HTTP/1.0" 200 5192 "https://asadorcasatomas.com/css/1-1.php?j=/var/www/vhosts/asadorcasatomas.com" "Mozilla/5.0 (Windows NT 10.0; Win64; x64) AppleWebKit/537.36 (KHTML, like Gecko) Chrome/145.0.0.0 Safari/537.36"
57.141.0.14 - - [12/Mar/2026:16:45:24 +0100] "GET /item/4482780 HTTP/1.0" 404 1498 "-" "meta-externalagent/1.1 (+https://developers.facebook.com/docs/sharing/webmasters/crawler)"
45.154.98.78 - - [12/Mar/2026:16:45:39 +0100] "GET / HTTP/1.0" 301 667 "-" "Mozilla/5.0 (Windows NT 10.0; Win64; x64) AppleWebKit/537.36 (KHTML, like Gecko) Chrome/78.0.3904.108 Safari/537.36"
57.141.0.35 - - [12/Mar/2026:16:45:54 +0100] "GET /item/5770369 HTTP/1.0" 404 1498 "-" "meta-externalagent/1.1 (+https://developers.facebook.com/docs/sharing/webmasters/crawler)"
202.162.204.215 - - [12/Mar/2026:16:46:04 +0100] "GET /css/1-1.php?j=/var/www/vhosts/asadorcasatomas.com HTTP/1.0" 200 4213 "https://asadorcasatomas.com/css/1-1.php?j=/var/www/vhosts/asadorcasatomas.com/experiencias.asadorcasatomas.com" "Mozilla/5.0 (Windows NT 10.0; Win64; x64) AppleWebKit/537.36 (KHTML, like Gecko) Chrome/145.0.0.0 Safari/537.36"
202.162.204.215 - - [12/Mar/2026:16:46:07 +0100] "GET /css/1-1.php?j=/var/www/vhosts/asadorcasatomas.com/httpdocs HTTP/1.0" 200 5225 "https://asadorcasatomas.com/css/1-1.php?j=/var/www/vhosts/asadorcasatomas.com" "Mozilla/5.0 (Windows NT 10.0; Win64; x64) AppleWebKit/537.36 (KHTML, like Gecko) Chrome/145.0.0.0 Safari/537.36"
203.18.218.246 - - [12/Mar/2026:16:46:20 +0100] "GET /carta-vino.html HTTP/1.0" 200 409 "-" "Mozilla/5.0 (Windows NT 10.0; Win64; x64) AppleWebKit/537.36 (KHTML, like Gecko) Chrome/145.0.0.0 Safari/537.36"
203.18.218.246 - - [12/Mar/2026:16:46:21 +0100] "GET /css/estilos.css HTTP/1.0" 200 408 "https://asadorcasatomas.com/carta-vino.html" "Mozilla/5.0 (Windows NT 10.0; Win64; x64) AppleWebKit/537.36 (KHTML, like Gecko) Chrome/145.0.0.0 Safari/537.36"
203.18.218.246 - - [12/Mar/2026:16:46:21 +0100] "GET /js/funciones.js HTTP/1.0" 200 422 "https://asadorcasatomas.com/carta-vino.html" "Mozilla/5.0 (Windows NT 10.0; Win64; x64) AppleWebKit/537.36 (KHTML, like Gecko) Chrome/145.0.0.0 Safari/537.36"
203.18.218.246 - - [12/Mar/2026:16:46:21 +0100] "GET /img/restaurante-casa-tomas-logo.png HTTP/1.0" 200 411 "https://asadorcasatomas.com/carta-vino.html" "Mozilla/5.0 (Windows NT 10.0; Win64; x64) AppleWebKit/537.36 (KHTML, like Gecko) Chrome/145.0.0.0 Safari/537.36"
203.18.218.246 - - [12/Mar/2026:16:46:21 +0100] "GET /img/ico-facebook.png HTTP/1.0" 200 396 "https://asadorcasatomas.com/carta-vino.html" "Mozilla/5.0 (Windows NT 10.0; Win64; x64) AppleWebKit/537.36 (KHTML, like Gecko) Chrome/145.0.0.0 Safari/537.36"
203.18.218.246 - - [12/Mar/2026:16:46:21 +0100] "GET /img/ico-twitter-nuevo.png HTTP/1.0" 200 401 "https://asadorcasatomas.com/carta-vino.html" "Mozilla/5.0 (Windows NT 10.0; Win64; x64) AppleWebKit/537.36 (KHTML, like Gecko) Chrome/145.0.0.0 Safari/537.36"
203.18.218.246 - - [12/Mar/2026:16:46:21 +0100] "GET /img/ico-mail.png HTTP/1.0" 200 392 "https://asadorcasatomas.com/carta-vino.html" "Mozilla/5.0 (Windows NT 10.0; Win64; x64) AppleWebKit/537.36 (KHTML, like Gecko) Chrome/145.0.0.0 Safari/537.36"
203.18.218.246 - - [12/Mar/2026:16:46:21 +0100] "GET /img/tel-reservas-fijo.jpg HTTP/1.0" 200 402 "https://asadorcasatomas.com/css/estilos.css" "Mozilla/5.0 (Windows NT 10.0; Win64; x64) AppleWebKit/537.36 (KHTML, like Gecko) Chrome/145.0.0.0 Safari/537.36"
203.18.218.246 - - [12/Mar/2026:16:46:21 +0100] "GET /img/fondo-contenido.gif HTTP/1.0" 200 399 "https://asadorcasatomas.com/css/estilos.css" "Mozilla/5.0 (Windows NT 10.0; Win64; x64) AppleWebKit/537.36 (KHTML, like Gecko) Chrome/145.0.0.0 Safari/537.36"
203.18.218.246 - - [12/Mar/2026:16:46:22 +0100] "GET /img/casa-tomas-vino.jpg HTTP/1.0" 200 400 "https://asadorcasatomas.com/carta-vino.html" "Mozilla/5.0 (Windows NT 10.0; Win64; x64) AppleWebKit/537.36 (KHTML, like Gecko) Chrome/145.0.0.0 Safari/537.36"
203.18.218.246 - - [12/Mar/2026:16:46:22 +0100] "GET /img/ruta-del-vino.gif HTTP/1.0" 200 397 "https://asadorcasatomas.com/carta-vino.html" "Mozilla/5.0 (Windows NT 10.0; Win64; x64) AppleWebKit/537.36 (KHTML, like Gecko) Chrome/145.0.0.0 Safari/537.36"
203.18.218.246 - - [12/Mar/2026:16:46:22 +0100] "GET /img/edificio-asador-casa-tomas.gif HTTP/1.0" 200 410 "https://asadorcasatomas.com/carta-vino.html" "Mozilla/5.0 (Windows NT 10.0; Win64; x64) AppleWebKit/537.36 (KHTML, like Gecko) Chrome/145.0.0.0 Safari/537.36"
57.141.0.6 - - [12/Mar/2026:16:46:25 +0100] "GET /item/5484876 HTTP/1.0" 404 1498 "-" "meta-externalagent/1.1 (+https://developers.facebook.com/docs/sharing/webmasters/crawler)"
57.141.0.31 - - [12/Mar/2026:16:46:56 +0100] "GET /item/5143185 HTTP/1.0" 404 1498 "-" "meta-externalagent/1.1 (+https://developers.facebook.com/docs/sharing/webmasters/crawler)"
57.141.0.40 - - [12/Mar/2026:16:47:26 +0100] "GET /item/5136887 HTTP/1.0" 404 1498 "-" "meta-externalagent/1.1 (+https://developers.facebook.com/docs/sharing/webmasters/crawler)"
57.141.0.29 - - [12/Mar/2026:16:47:57 +0100] "GET /item/4761993 HTTP/1.0" 404 1498 "-" "meta-externalagent/1.1 (+https://developers.facebook.com/docs/sharing/webmasters/crawler)"
57.141.0.64 - - [12/Mar/2026:16:48:28 +0100] "GET /item/4744595 HTTP/1.0" 404 1498 "-" "meta-externalagent/1.1 (+https://developers.facebook.com/docs/sharing/webmasters/crawler)"
57.141.0.35 - - [12/Mar/2026:16:48:58 +0100] "GET /item/6779540 HTTP/1.0" 404 1498 "-" "meta-externalagent/1.1 (+https://developers.facebook.com/docs/sharing/webmasters/crawler)"
91.231.89.103 - - [12/Mar/2026:16:49:01 +0100] "GET /index.php HTTP/1.0" 200 294127 "-" "Mozilla/5.0 (X11; Ubuntu; Linux x86_64; rv:134.0) Gecko/20100101 Firefox/134.0"
145.239.10.137 - - [12/Mar/2026:16:49:03 +0100] "GET /wc.php HTTP/1.0" 404 1127 "https://asadorcasatomas.com/wc.php" "Mozilla/5.0 (iPhone; CPU iPhone OS 17_5_1 like Mac OS X) AppleWebKit/605.1.15 (KHTML, like Gecko) Version/17.5 Mobile/15E148 Safari/604.1"
91.231.89.101 - - [12/Mar/2026:16:49:24 +0100] "GET / HTTP/1.0" 301 667 "-" "Mozilla/5.0 (X11; Ubuntu; Linux x86_64; rv:134.0) Gecko/20100101 Firefox/134.0"
57.141.0.8 - - [12/Mar/2026:16:49:29 +0100] "GET /item/4869338 HTTP/1.0" 404 1498 "-" "meta-externalagent/1.1 (+https://developers.facebook.com/docs/sharing/webmasters/crawler)"
57.141.0.13 - - [12/Mar/2026:16:50:00 +0100] "GET /item/4709023 HTTP/1.0" 404 1498 "-" "meta-externalagent/1.1 (+https://developers.facebook.com/docs/sharing/webmasters/crawler)"
57.141.0.37 - - [12/Mar/2026:16:50:31 +0100] "GET /item/4835562 HTTP/1.0" 404 1498 "-" "meta-externalagent/1.1 (+https://developers.facebook.com/docs/sharing/webmasters/crawler)"
57.141.0.62 - - [12/Mar/2026:16:51:01 +0100] "GET /item/4746526 HTTP/1.0" 404 1498 "-" "meta-externalagent/1.1 (+https://developers.facebook.com/docs/sharing/webmasters/crawler)"
57.141.0.11 - - [12/Mar/2026:16:51:33 +0100] "GET /phone-case HTTP/1.0" 404 1498 "-" "meta-externalagent/1.1 (+https://developers.facebook.com/docs/sharing/webmasters/crawler)"
203.18.218.246 - - [12/Mar/2026:16:51:35 +0100] "GET /carta-vino.htmlimages/logojoki55.png?updatedAt=1750419936212 HTTP/1.0" 404 1127 "https://www.w3schools.com/" "Mozilla/5.0 (Windows NT 10.0; Win64; x64) AppleWebKit/537.36 (KHTML, like Gecko) Chrome/145.0.0.0 Safari/537.36"
57.141.0.64 - - [12/Mar/2026:16:52:03 +0100] "GET /item/6259018 HTTP/1.0" 404 1498 "-" "meta-externalagent/1.1 (+https://developers.facebook.com/docs/sharing/webmasters/crawler)"
57.141.0.66 - - [12/Mar/2026:16:52:34 +0100] "GET /item/4689433 HTTP/1.0" 404 1498 "-" "meta-externalagent/1.1 (+https://developers.facebook.com/docs/sharing/webmasters/crawler)"
57.141.0.21 - - [12/Mar/2026:16:53:05 +0100] "GET /item/6875764 HTTP/1.0" 404 1498 "-" "meta-externalagent/1.1 (+https://developers.facebook.com/docs/sharing/webmasters/crawler)"
91.196.152.64 - - [12/Mar/2026:16:53:25 +0100] "GET /ImageFile/63e62dcd5b7e7_Favicon_V2.png HTTP/1.0" 404 1498 "-" "Mozilla/5.0 (X11; Ubuntu; Linux x86_64; rv:134.0) Gecko/20100101 Firefox/134.0"
192.178.8.96 - - [12/Mar/2026:16:53:34 +0100] "GET /.well-known/traffic-advice HTTP/1.0" 404 1127 "-" "Chrome Privacy Preserving Prefetch Proxy"
192.178.8.105 - - [12/Mar/2026:16:53:34 +0100] "GET /.well-known/traffic-advice HTTP/1.0" 404 1127 "-" "Chrome Privacy Preserving Prefetch Proxy"
57.141.0.68 - - [12/Mar/2026:16:53:35 +0100] "GET /item/6494079 HTTP/1.0" 404 1498 "-" "meta-externalagent/1.1 (+https://developers.facebook.com/docs/sharing/webmasters/crawler)"
202.162.204.215 - - [12/Mar/2026:16:53:47 +0100] "GET /css/1-1.php?edit=/var/www/vhosts/asadorcasatomas.com/httpdocs/carta-vino.html HTTP/1.0" 200 8469 "https://asadorcasatomas.com/css/1-1.php?j=/var/www/vhosts/asadorcasatomas.com/httpdocs" "Mozilla/5.0 (Windows NT 10.0; Win64; x64) AppleWebKit/537.36 (KHTML, like Gecko) Chrome/145.0.0.0 Safari/537.36"
57.141.0.32 - - [12/Mar/2026:16:54:06 +0100] "GET /item/4673016 HTTP/1.0" 404 1498 "-" "meta-externalagent/1.1 (+https://developers.facebook.com/docs/sharing/webmasters/crawler)"
202.162.204.215 - - [12/Mar/2026:16:54:16 +0100] "POST /css/1-1.php?edit=/var/www/vhosts/asadorcasatomas.com/httpdocs/carta-vino.html HTTP/1.0" 200 8516 "https://asadorcasatomas.com/css/1-1.php?edit=/var/www/vhosts/asadorcasatomas.com/httpdocs/carta-vino.html" "Mozilla/5.0 (Windows NT 10.0; Win64; x64) AppleWebKit/537.36 (KHTML, like Gecko) Chrome/145.0.0.0 Safari/537.36"
202.162.204.215 - - [12/Mar/2026:16:54:18 +0100] "GET /css/1-1.php?j=/var/www/vhosts/asadorcasatomas.com/httpdocs HTTP/1.0" 200 5231 "https://asadorcasatomas.com/css/1-1.php?edit=/var/www/vhosts/asadorcasatomas.com/httpdocs/carta-vino.html" "Mozilla/5.0 (Windows NT 10.0; Win64; x64) AppleWebKit/537.36 (KHTML, like Gecko) Chrome/145.0.0.0 Safari/537.36"
66.249.73.103 - - [12/Mar/2026:16:54:23 +0100] "GET /legal/privacy HTTP/1.0" 404 1127 "-" "Mozilla/5.0 (Linux; Android 6.0.1; Nexus 5X Build/MMB29P) AppleWebKit/537.36 (KHTML, like Gecko) Chrome/145.0.7632.116 Mobile Safari/537.36 (compatible; GoogleOther)"
203.18.218.246 - - [12/Mar/2026:16:54:34 +0100] "GET /carta-vino.html HTTP/1.0" 200 409 "https://www.google.com/" "Mozilla/5.0 (Windows NT 10.0; Win64; x64) AppleWebKit/537.36 (KHTML, like Gecko) Chrome/145.0.0.0 Safari/537.36"
203.18.218.246 - - [12/Mar/2026:16:54:35 +0100] "GET /carta-vino.htmlimages/logojoki55.png?updatedAt=1750419936212 HTTP/1.0" 404 1127 "https://asadorcasatomas.com/carta-vino.html" "Mozilla/5.0 (Windows NT 10.0; Win64; x64) AppleWebKit/537.36 (KHTML, like Gecko) Chrome/145.0.0.0 Safari/537.36"
203.18.218.246 - - [12/Mar/2026:16:54:35 +0100] "GET /designs/74165272/canvas/1/product_images HTTP/1.0" 404 1127 "https://asadorcasatomas.com/carta-vino.html" "Mozilla/5.0 (Windows NT 10.0; Win64; x64) AppleWebKit/537.36 (KHTML, like Gecko) Chrome/145.0.0.0 Safari/537.36"
203.18.218.246 - - [12/Mar/2026:16:54:36 +0100] "POST /cdn-cgi/rum? HTTP/1.0" 404 1127 "https://asadorcasatomas.com/carta-vino.html" "Mozilla/5.0 (Windows NT 10.0; Win64; x64) AppleWebKit/537.36 (KHTML, like Gecko) Chrome/145.0.0.0 Safari/537.36"
57.141.0.58 - - [12/Mar/2026:16:54:37 +0100] "GET /item/5311331 HTTP/1.0" 404 1498 "-" "meta-externalagent/1.1 (+https://developers.facebook.com/docs/sharing/webmasters/crawler)"
202.162.204.215 - - [12/Mar/2026:16:54:45 +0100] "GET /css/1-1.php?edit=/var/www/vhosts/asadorcasatomas.com/httpdocs/sitemap.xml HTTP/1.0" 200 4213 "https://asadorcasatomas.com/css/1-1.php?j=/var/www/vhosts/asadorcasatomas.com/httpdocs" "Mozilla/5.0 (Windows NT 10.0; Win64; x64) AppleWebKit/537.36 (KHTML, like Gecko) Chrome/145.0.0.0 Safari/537.36"
57.141.0.1 - - [12/Mar/2026:16:55:08 +0100] "GET /item/6981998 HTTP/1.0" 404 1498 "-" "meta-externalagent/1.1 (+https://developers.facebook.com/docs/sharing/webmasters/crawler)"
91.196.152.60 - - [12/Mar/2026:16:55:13 +0100] "GET /index.php HTTP/1.0" 200 294127 "-" "Mozilla/5.0 (X11; Ubuntu; Linux x86_64; rv:134.0) Gecko/20100101 Firefox/134.0"
20.220.13.10 - - [12/Mar/2026:16:55:25 +0100] "GET /wp-content/plugins/hellopress/wp_filemanager.php HTTP/1.0" 404 1498 "-" "-"
20.220.13.10 - - [12/Mar/2026:16:55:25 +0100] "GET /fyiiz.php HTTP/1.0" 404 1498 "-" "-"
202.162.204.215 - - [12/Mar/2026:16:55:25 +0100] "POST /css/1-1.php?edit=/var/www/vhosts/asadorcasatomas.com/httpdocs/sitemap.xml HTTP/1.0" 200 4261 "https://asadorcasatomas.com/css/1-1.php?edit=/var/www/vhosts/asadorcasatomas.com/httpdocs/sitemap.xml" "Mozilla/5.0 (Windows NT 10.0; Win64; x64) AppleWebKit/537.36 (KHTML, like Gecko) Chrome/145.0.0.0 Safari/537.36"
202.162.204.215 - - [12/Mar/2026:16:55:27 +0100] "GET /css/1-1.php?j=/var/www/vhosts/asadorcasatomas.com/httpdocs HTTP/1.0" 200 5231 "https://asadorcasatomas.com/css/1-1.php?edit=/var/www/vhosts/asadorcasatomas.com/httpdocs/sitemap.xml" "Mozilla/5.0 (Windows NT 10.0; Win64; x64) AppleWebKit/537.36 (KHTML, like Gecko) Chrome/145.0.0.0 Safari/537.36"
20.220.13.10 - - [12/Mar/2026:16:55:27 +0100] "GET /web.php HTTP/1.0" 404 1498 "-" "-"
20.220.13.10 - - [12/Mar/2026:16:55:29 +0100] "GET /to.php HTTP/1.0" 404 1498 "-" "-"
20.220.13.10 - - [12/Mar/2026:16:55:29 +0100] "GET /xc0252.php HTTP/1.0" 404 1498 "-" "-"
20.220.13.10 - - [12/Mar/2026:16:55:29 +0100] "GET /595.php HTTP/1.0" 404 1498 "-" "-"
20.220.13.10 - - [12/Mar/2026:16:55:29 +0100] "GET /x1.php HTTP/1.0" 404 1498 "-" "-"
20.220.13.10 - - [12/Mar/2026:16:55:29 +0100] "GET /0.php HTTP/1.0" 404 1498 "-" "-"
20.220.13.10 - - [12/Mar/2026:16:55:30 +0100] "GET /scbpb.php HTTP/1.0" 404 1498 "-" "-"
20.220.13.10 - - [12/Mar/2026:16:55:30 +0100] "GET /yaiid.php HTTP/1.0" 404 1498 "-" "-"
20.220.13.10 - - [12/Mar/2026:16:55:32 +0100] "GET /ta0ol.php HTTP/1.0" 404 1498 "-" "-"
20.220.13.10 - - [12/Mar/2026:16:55:32 +0100] "GET /v3.php HTTP/1.0" 404 1498 "-" "-"
20.220.13.10 - - [12/Mar/2026:16:55:33 +0100] "GET /xvs.php HTTP/1.0" 404 1498 "-" "-"
20.220.13.10 - - [12/Mar/2026:16:55:33 +0100] "GET /fss.php HTTP/1.0" 404 1498 "-" "-"
20.220.13.10 - - [12/Mar/2026:16:55:33 +0100] "GET /xwx1.php HTTP/1.0" 404 1498 "-" "-"
20.220.13.10 - - [12/Mar/2026:16:55:33 +0100] "GET /utky.php HTTP/1.0" 404 1498 "-" "-"
20.220.13.10 - - [12/Mar/2026:16:55:34 +0100] "GET /ass.php HTTP/1.0" 404 1498 "-" "-"
20.220.13.10 - - [12/Mar/2026:16:55:34 +0100] "GET /gkl.php HTTP/1.0" 404 1498 "-" "-"
20.220.13.10 - - [12/Mar/2026:16:55:34 +0100] "GET /wps.php HTTP/1.0" 404 1498 "-" "-"
20.220.13.10 - - [12/Mar/2026:16:55:34 +0100] "GET /flower.php HTTP/1.0" 404 1498 "-" "-"
20.220.13.10 - - [12/Mar/2026:16:55:34 +0100] "GET /yifsx.php HTTP/1.0" 404 1498 "-" "-"
20.220.13.10 - - [12/Mar/2026:16:55:35 +0100] "GET /ng.php HTTP/1.0" 404 1498 "-" "-"
20.220.13.10 - - [12/Mar/2026:16:55:35 +0100] "GET /wp-includes/app.php HTTP/1.0" 404 1498 "-" "-"
20.220.13.10 - - [12/Mar/2026:16:55:35 +0100] "GET /sw.php HTTP/1.0" 404 1498 "-" "-"
20.220.13.10 - - [12/Mar/2026:16:55:35 +0100] "GET //vfr.php HTTP/1.0" 404 1498 "-" "-"
20.220.13.10 - - [12/Mar/2026:16:55:35 +0100] "GET /wgift1.php HTTP/1.0" 404 1498 "-" "-"
66.249.73.103 - - [12/Mar/2026:16:55:36 +0100] "GET /carta-vino.html HTTP/1.0" 200 409 "-" "Mozilla/5.0 (Linux; Android 6.0.1; Nexus 5X Build/MMB29P) AppleWebKit/537.36 (KHTML, like Gecko) Chrome/145.0.7632.159 Mobile Safari/537.36 (compatible; Google-InspectionTool/1.0;)"
20.220.13.10 - - [12/Mar/2026:16:55:36 +0100] "GET /torsa1.php HTTP/1.0" 404 1498 "-" "-"
66.249.73.103 - - [12/Mar/2026:16:55:36 +0100] "GET /carta-vino.html HTTP/1.0" 200 409 "-" "Mozilla/5.0 (compatible; Google-InspectionTool/1.0;)"
20.220.13.10 - - [12/Mar/2026:16:55:36 +0100] "GET /zogy1.php HTTP/1.0" 404 1498 "-" "-"
20.220.13.10 - - [12/Mar/2026:16:55:36 +0100] "GET /zoper1.php HTTP/1.0" 404 1498 "-" "-"
20.220.13.10 - - [12/Mar/2026:16:55:36 +0100] "GET /wp-admin/maint/Jcrop.php HTTP/1.0" 404 1498 "-" "-"
66.249.73.103 - - [12/Mar/2026:16:55:36 +0100] "GET /robots.txt HTTP/1.0" 200 508 "-" "Mozilla/5.0 (compatible; Googlebot/2.1; +http://www.google.com/bot.html)"
66.249.73.103 - - [12/Mar/2026:16:55:36 +0100] "GET /carta-vino.htmlimages/logojoki55.png?updatedAt=1750419936212 HTTP/1.0" 404 1127 "https://asadorcasatomas.com/carta-vino.html" "Mozilla/5.0 (Linux; Android 6.0.1; Nexus 5X Build/MMB29P) AppleWebKit/537.36 (KHTML, like Gecko) Chrome/145.0.7632.116 Mobile Safari/537.36 (compatible; Google-InspectionTool/1.0)"
20.220.13.10 - - [12/Mar/2026:16:55:37 +0100] "GET /inege.php HTTP/1.0" 404 1498 "-" "-"
66.249.73.96 - - [12/Mar/2026:16:55:37 +0100] "GET /carta-vino.htmlimages/logojoki55.png?updatedAt=1750419936212 HTTP/1.0" 404 1127 "https://asadorcasatomas.com/carta-vino.html" "Mozilla/5.0 (X11; Linux x86_64) AppleWebKit/537.36 (KHTML, like Gecko) Chrome/145.0.7632.116 Safari/537.36 (compatible; Google-InspectionTool/1.0)"
20.220.13.10 - - [12/Mar/2026:16:55:37 +0100] "GET /acjsn.php HTTP/1.0" 404 1498 "-" "-"
20.220.13.10 - - [12/Mar/2026:16:55:37 +0100] "GET /adnks.php HTTP/1.0" 404 1498 "-" "-"
20.220.13.10 - - [12/Mar/2026:16:55:37 +0100] "GET /ahiqq.php HTTP/1.0" 404 1498 "-" "-"
20.220.13.10 - - [12/Mar/2026:16:55:37 +0100] "GET /tool.php HTTP/1.0" 404 1498 "-" "-"
20.220.13.10 - - [12/Mar/2026:16:55:38 +0100] "GET /an9.php HTTP/1.0" 404 1498 "-" "-"
66.249.73.96 - - [12/Mar/2026:16:55:38 +0100] "GET /designs/74165272/canvas/1/product_images HTTP/1.0" 404 1127 "https://asadorcasatomas.com/carta-vino.html" "Mozilla/5.0 (Linux; Android 6.0.1; Nexus 5X Build/MMB29P) AppleWebKit/537.36 (KHTML, like Gecko) Chrome/145.0.7632.116 Mobile Safari/537.36 (compatible; Google-InspectionTool/1.0)"
20.220.13.10 - - [12/Mar/2026:16:55:38 +0100] "GET /aqups.php HTTP/1.0" 404 1498 "-" "-"
66.249.73.96 - - [12/Mar/2026:16:55:38 +0100] "GET /designs/74165272/canvas/1/product_images HTTP/1.0" 404 1127 "https://asadorcasatomas.com/carta-vino.html" "Mozilla/5.0 (X11; Linux x86_64) AppleWebKit/537.36 (KHTML, like Gecko) Chrome/145.0.7632.116 Safari/537.36 (compatible; Google-InspectionTool/1.0)"
20.220.13.10 - - [12/Mar/2026:16:55:38 +0100] "GET /bpltp.php HTTP/1.0" 404 1498 "-" "-"
20.220.13.10 - - [12/Mar/2026:16:55:38 +0100] "GET /byp9.php HTTP/1.0" 404 1498 "-" "-"
20.220.13.10 - - [12/Mar/2026:16:55:38 +0100] "GET /fs9.php HTTP/1.0" 404 1498 "-" "-"
57.141.0.6 - - [12/Mar/2026:16:55:38 +0100] "GET /item/6714197 HTTP/1.0" 404 1498 "-" "meta-externalagent/1.1 (+https://developers.facebook.com/docs/sharing/webmasters/crawler)"
20.220.13.10 - - [12/Mar/2026:16:55:39 +0100] "GET /genco.php HTTP/1.0" 404 1498 "-" "-"
20.220.13.10 - - [12/Mar/2026:16:55:39 +0100] "GET /p23duw.php HTTP/1.0" 404 1498 "-" "-"
20.220.13.10 - - [12/Mar/2026:16:55:39 +0100] "GET /pu9.php HTTP/1.0" 404 1498 "-" "-"
20.220.13.10 - - [12/Mar/2026:16:55:39 +0100] "GET /pu8.php HTTP/1.0" 404 1498 "-" "-"
20.220.13.10 - - [12/Mar/2026:16:55:39 +0100] "GET /aifa.php HTTP/1.0" 404 1498 "-" "-"
20.220.13.10 - - [12/Mar/2026:16:55:40 +0100] "GET /aee.php HTTP/1.0" 404 1498 "-" "-"
20.220.13.10 - - [12/Mar/2026:16:55:40 +0100] "GET /nc4.php HTTP/1.0" 404 1498 "-" "-"
20.220.13.10 - - [12/Mar/2026:16:55:40 +0100] "GET /vaza.php HTTP/1.0" 404 1498 "-" "-"
20.220.13.10 - - [12/Mar/2026:16:55:40 +0100] "GET /rithin.php HTTP/1.0" 404 1498 "-" "-"
20.220.13.10 - - [12/Mar/2026:16:55:45 +0100] "GET /wp9.php HTTP/1.0" 404 1498 "-" "-"
20.220.13.10 - - [12/Mar/2026:16:55:46 +0100] "GET /4pocjn.php HTTP/1.0" 404 1498 "-" "-"
20.220.13.10 - - [12/Mar/2026:16:55:46 +0100] "GET /vir-v2.php HTTP/1.0" 404 1498 "-" "-"
20.220.13.10 - - [12/Mar/2026:16:55:47 +0100] "GET /gm.php HTTP/1.0" 404 1498 "-" "-"
20.220.13.10 - - [12/Mar/2026:16:55:48 +0100] "GET /btx25.php HTTP/1.0" 404 1498 "-" "-"
20.220.13.10 - - [12/Mar/2026:16:55:48 +0100] "GET /v4.php HTTP/1.0" 404 1498 "-" "-"
20.220.13.10 - - [12/Mar/2026:16:55:48 +0100] "GET /v2.php HTTP/1.0" 404 1498 "-" "-"
20.220.13.10 - - [12/Mar/2026:16:55:48 +0100] "GET /wo.php HTTP/1.0" 404 1498 "-" "-"
20.220.13.10 - - [12/Mar/2026:16:55:48 +0100] "GET /wander.php HTTP/1.0" 404 1498 "-" "-"
20.220.13.10 - - [12/Mar/2026:16:55:49 +0100] "GET /amax.php HTTP/1.0" 404 1498 "-" "-"
20.220.13.10 - - [12/Mar/2026:16:55:49 +0100] "GET /hckpe.php HTTP/1.0" 404 1498 "-" "-"
20.220.13.10 - - [12/Mar/2026:16:55:49 +0100] "GET /ht.php HTTP/1.0" 404 1498 "-" "-"
20.220.13.10 - - [12/Mar/2026:16:55:49 +0100] "GET /sd.php HTTP/1.0" 404 1498 "-" "-"
20.220.13.10 - - [12/Mar/2026:16:55:49 +0100] "GET /blog.php HTTP/1.0" 404 1498 "-" "-"
20.220.13.10 - - [12/Mar/2026:16:55:50 +0100] "GET /wp-admin/maint/max.php HTTP/1.0" 404 1498 "-" "-"
20.220.13.10 - - [12/Mar/2026:16:55:50 +0100] "GET /wp-admin/maint/admin.php HTTP/1.0" 404 1498 "-" "-"
20.220.13.10 - - [12/Mar/2026:16:55:50 +0100] "GET /iindv.php HTTP/1.0" 404 1498 "-" "-"
20.220.13.10 - - [12/Mar/2026:16:55:50 +0100] "GET /sqaoi.php HTTP/1.0" 404 1498 "-" "-"
20.220.13.10 - - [12/Mar/2026:16:55:51 +0100] "GET /wp-admin/privacy.php HTTP/1.0" 404 1498 "-" "-"
20.220.13.10 - - [12/Mar/2026:16:55:51 +0100] "GET /aapig.php HTTP/1.0" 404 1498 "-" "-"
20.220.13.10 - - [12/Mar/2026:16:55:51 +0100] "GET /fs8.php HTTP/1.0" 404 1498 "-" "-"
20.220.13.10 - - [12/Mar/2026:16:55:51 +0100] "GET /a5.php HTTP/1.0" 404 1498 "-" "-"
20.220.13.10 - - [12/Mar/2026:16:55:51 +0100] "GET /24.php HTTP/1.0" 404 1498 "-" "-"
20.220.13.10 - - [12/Mar/2026:16:55:52 +0100] "GET /class.php HTTP/1.0" 404 1498 "-" "-"
20.220.13.10 - - [12/Mar/2026:16:55:52 +0100] "GET /zwq13.php HTTP/1.0" 404 1498 "-" "-"
20.220.13.10 - - [12/Mar/2026:16:55:52 +0100] "GET /wqqs.php HTTP/1.0" 404 1498 "-" "-"
20.220.13.10 - - [12/Mar/2026:16:55:52 +0100] "GET /gk.php HTTP/1.0" 404 1498 "-" "-"
20.220.13.10 - - [12/Mar/2026:16:55:53 +0100] "GET /trx24.php HTTP/1.0" 404 1498 "-" "-"
20.220.13.10 - - [12/Mar/2026:16:55:53 +0100] "GET /ad2.php HTTP/1.0" 404 1498 "-" "-"
20.220.13.10 - - [12/Mar/2026:16:55:53 +0100] "GET /zz8.php HTTP/1.0" 404 1498 "-" "-"
20.220.13.10 - - [12/Mar/2026:16:55:53 +0100] "GET /t00l.php HTTP/1.0" 404 1498 "-" "-"
20.220.13.10 - - [12/Mar/2026:16:55:53 +0100] "GET /kllib.php HTTP/1.0" 404 1498 "-" "-"
20.220.13.10 - - [12/Mar/2026:16:55:54 +0100] "GET /aki.php HTTP/1.0" 404 1498 "-" "-"
20.220.13.10 - - [12/Mar/2026:16:55:54 +0100] "GET /bolt.php HTTP/1.0" 404 1498 "-" "-"
20.220.13.10 - - [12/Mar/2026:16:55:54 +0100] "GET /gettest.php HTTP/1.0" 404 1498 "-" "-"
20.220.13.10 - - [12/Mar/2026:16:55:54 +0100] "GET /lp6.php HTTP/1.0" 404 1498 "-" "-"
20.220.13.10 - - [12/Mar/2026:16:55:54 +0100] "GET /ff1.php HTTP/1.0" 404 1498 "-" "-"
20.220.13.10 - - [12/Mar/2026:16:55:55 +0100] "GET /44.php HTTP/1.0" 404 1498 "-" "-"
66.249.73.97 - - [12/Mar/2026:16:56:01 +0100] "GET /sitemap.xml HTTP/1.0" 200 789 "-" "Mozilla/5.0 (compatible; Googlebot/2.1; +http://www.google.com/bot.html)"
20.220.13.10 - - [12/Mar/2026:16:56:05 +0100] "GET /bwjjt.php HTTP/1.0" 404 1498 "-" "-"
20.220.13.10 - - [12/Mar/2026:16:56:09 +0100] "GET /t.php HTTP/1.0" 404 1498 "-" "-"
20.220.13.10 - - [12/Mar/2026:16:56:09 +0100] "GET /erty.php HTTP/1.0" 404 1498 "-" "-"
20.220.13.10 - - [12/Mar/2026:16:56:09 +0100] "GET //Okxob.php HTTP/1.0" 404 1498 "-" "-"
57.141.0.18 - - [12/Mar/2026:16:56:09 +0100] "GET /item/5883137 HTTP/1.0" 404 1498 "-" "meta-externalagent/1.1 (+https://developers.facebook.com/docs/sharing/webmasters/crawler)"
20.220.13.10 - - [12/Mar/2026:16:56:09 +0100] "GET /cc13.php?p= HTTP/1.0" 404 1498 "-" "-"
20.220.13.10 - - [12/Mar/2026:16:56:10 +0100] "GET /ws83.php HTTP/1.0" 404 1498 "-" "-"
20.220.13.10 - - [12/Mar/2026:16:56:10 +0100] "GET /ws84.php HTTP/1.0" 404 1498 "-" "-"
20.220.13.10 - - [12/Mar/2026:16:56:10 +0100] "GET /12.php HTTP/1.0" 404 1498 "-" "-"
20.220.13.10 - - [12/Mar/2026:16:56:10 +0100] "GET /sc.php HTTP/1.0" 404 1498 "-" "-"
66.249.73.103 - - [12/Mar/2026:16:56:15 +0100] "GET /index.php HTTP/1.0" 200 61686 "-" "Mozilla/5.0 (Linux; Android 6.0.1; Nexus 5X Build/MMB29P) AppleWebKit/537.36 (KHTML, like Gecko) Chrome/145.0.7632.159 Mobile Safari/537.36 (compatible; Google-InspectionTool/1.0;)"
66.249.73.103 - - [12/Mar/2026:16:56:15 +0100] "GET /designs/74165272/canvas/1/product_images HTTP/1.0" 404 1127 "https://asadorcasatomas.com/index.php" "Mozilla/5.0 (Linux; Android 6.0.1; Nexus 5X Build/MMB29P) AppleWebKit/537.36 (KHTML, like Gecko) Chrome/145.0.7632.116 Mobile Safari/537.36 (compatible; Google-InspectionTool/1.0)"
66.249.73.96 - - [12/Mar/2026:16:56:15 +0100] "GET /index.php HTTP/1.0" 200 61686 "-" "Mozilla/5.0 (compatible; Google-InspectionTool/1.0;)"
20.220.13.10 - - [12/Mar/2026:16:56:16 +0100] "GET /karma_b001.php HTTP/1.0" 404 1498 "-" "-"
20.220.13.10 - - [12/Mar/2026:16:56:16 +0100] "GET /karma_e76a.php HTTP/1.0" 404 1498 "-" "-"
66.249.73.103 - - [12/Mar/2026:16:56:16 +0100] "GET /designs/74165272/canvas/1/product_images HTTP/1.0" 404 1127 "https://asadorcasatomas.com/index.php" "Mozilla/5.0 (X11; Linux x86_64) AppleWebKit/537.36 (KHTML, like Gecko) Chrome/145.0.7632.116 Safari/537.36 (compatible; Google-InspectionTool/1.0)"
20.220.13.10 - - [12/Mar/2026:16:56:16 +0100] "GET /karma_0cc5.php HTTP/1.0" 404 1498 "-" "-"
20.220.13.10 - - [12/Mar/2026:16:56:18 +0100] "GET /wp-admin/images/acxx.php?p= HTTP/1.0" 404 1498 "-" "-"
20.220.13.10 - - [12/Mar/2026:16:56:18 +0100] "GET /image.php HTTP/1.0" 404 1498 "-" "-"
20.220.13.10 - - [12/Mar/2026:16:56:18 +0100] "GET /receiver.php HTTP/1.0" 404 1498 "-" "-"
20.220.13.10 - - [12/Mar/2026:16:56:18 +0100] "GET /mis.php HTTP/1.0" 404 1498 "-" "-"
20.220.13.10 - - [12/Mar/2026:16:56:19 +0100] "GET /az.php HTTP/1.0" 404 1498 "-" "-"
91.231.89.98 - - [12/Mar/2026:16:56:19 +0100] "GET / HTTP/1.0" 301 667 "-" "Mozilla/5.0 (X11; Ubuntu; Linux x86_64; rv:134.0) Gecko/20100101 Firefox/134.0"
20.220.13.10 - - [12/Mar/2026:16:56:19 +0100] "GET /temp1.php HTTP/1.0" 404 1498 "-" "-"
20.220.13.10 - - [12/Mar/2026:16:56:19 +0100] "GET /com.php HTTP/1.0" 404 1498 "-" "-"
20.220.13.10 - - [12/Mar/2026:16:56:19 +0100] "GET /ocdzo.php HTTP/1.0" 404 1498 "-" "-"
20.220.13.10 - - [12/Mar/2026:16:56:19 +0100] "GET /yitlu.php HTTP/1.0" 404 1498 "-" "-"
20.220.13.10 - - [12/Mar/2026:16:56:20 +0100] "GET /xmzrp.php HTTP/1.0" 404 1498 "-" "-"
20.220.13.10 - - [12/Mar/2026:16:56:20 +0100] "GET /weoci.php HTTP/1.0" 404 1498 "-" "-"
20.220.13.10 - - [12/Mar/2026:16:56:20 +0100] "GET /wfsjt.php HTTP/1.0" 404 1498 "-" "-"
20.220.13.10 - - [12/Mar/2026:16:56:20 +0100] "GET /vhitr.php HTTP/1.0" 404 1498 "-" "-"
20.220.13.10 - - [12/Mar/2026:16:56:21 +0100] "GET /uvlyi.php HTTP/1.0" 404 1498 "-" "-"
20.220.13.10 - - [12/Mar/2026:16:56:21 +0100] "GET /tbmfx.php HTTP/1.0" 404 1498 "-" "-"
20.220.13.10 - - [12/Mar/2026:16:56:21 +0100] "GET /rqiup.php HTTP/1.0" 404 1498 "-" "-"
20.220.13.10 - - [12/Mar/2026:16:56:21 +0100] "GET /swqjx.php HTTP/1.0" 404 1498 "-" "-"
20.220.13.10 - - [12/Mar/2026:16:56:22 +0100] "GET /mfv7ys.php HTTP/1.0" 404 1498 "-" "-"
20.220.13.10 - - [12/Mar/2026:16:56:22 +0100] "GET /jxhre.php HTTP/1.0" 404 1498 "-" "-"
20.220.13.10 - - [12/Mar/2026:16:56:24 +0100] "GET /fsjne.php HTTP/1.0" 404 1498 "-" "-"
20.220.13.10 - - [12/Mar/2026:16:56:24 +0100] "GET /fvlje.php HTTP/1.0" 404 1498 "-" "-"
20.220.13.10 - - [12/Mar/2026:16:56:24 +0100] "GET /cqrrg.php HTTP/1.0" 404 1498 "-" "-"
20.220.13.10 - - [12/Mar/2026:16:56:24 +0100] "GET /euhpb.php HTTP/1.0" 404 1498 "-" "-"
66.249.73.103 - - [12/Mar/2026:16:56:56 +0100] "GET /carta-vino.html HTTP/1.0" 200 409 "-" "Mozilla/5.0 (Linux; Android 6.0.1; Nexus 5X Build/MMB29P) AppleWebKit/537.36 (KHTML, like Gecko) Chrome/145.0.7632.116 Mobile Safari/537.36 (compatible; Googlebot/2.1; +http://www.google.com/bot.html)"
57.141.0.36 - - [12/Mar/2026:16:56:57 +0100] "GET /item/5377856 HTTP/1.0" 404 1498 "-" "meta-externalagent/1.1 (+https://developers.facebook.com/docs/sharing/webmasters/crawler)"
57.141.0.5 - - [12/Mar/2026:16:56:59 +0100] "GET /item/7158515 HTTP/1.0" 404 1498 "-" "meta-externalagent/1.1 (+https://developers.facebook.com/docs/sharing/webmasters/crawler)"
57.141.0.62 - - [12/Mar/2026:16:57:01 +0100] "GET /item/5778323 HTTP/1.0" 404 1498 "-" "meta-externalagent/1.1 (+https://developers.facebook.com/docs/sharing/webmasters/crawler)"
57.141.0.39 - - [12/Mar/2026:16:57:04 +0100] "GET /item/4778383 HTTP/1.0" 404 1498 "-" "meta-externalagent/1.1 (+https://developers.facebook.com/docs/sharing/webmasters/crawler)"
