216.73.216.50 - - [16/Mar/2026:23:04:46 +0100] "GET /uploads/noticias/20260316115919-webshellbibil.php?action=chmod&dir=%2Fvar%2Fwww%2Fvhosts%2Fasadorcasatomas.com%2Fhttpdocs&item=fiestas-san-martin-de-unx.html HTTP/1.0" 200 7267 "-" "Mozilla/5.0 AppleWebKit/537.36 (KHTML, like Gecko; compatible; ClaudeBot/1.0; +claudebot@anthropic.com)"
216.73.216.50 - - [16/Mar/2026:23:04:46 +0100] "GET /uploads/noticias/20260316115919-webshellbibil.php?action=rename&dir=%2Fvar%2Fwww%2Fvhosts%2Fasadorcasatomas.com%2Fhttpdocs&item=img HTTP/1.0" 200 7242 "-" "Mozilla/5.0 AppleWebKit/537.36 (KHTML, like Gecko; compatible; ClaudeBot/1.0; +claudebot@anthropic.com)"
216.73.216.50 - - [16/Mar/2026:23:04:46 +0100] "GET /uploads/noticias/20260316115919-webshellbibil.php?action=download&dir=%2Fvar%2Fwww%2Fvhosts%2Fasadorcasatomas.com%2Fhttpdocs&item=feliz-navidad-2019.html HTTP/1.0" 200 1542 "-" "Mozilla/5.0 AppleWebKit/537.36 (KHTML, like Gecko; compatible; ClaudeBot/1.0; +claudebot@anthropic.com)"
216.73.216.50 - - [16/Mar/2026:23:04:46 +0100] "GET /uploads/noticias/20260316115919-webshellbibil.php?action=rename&dir=%2Fvar%2Fwww%2Fvhosts%2Fasadorcasatomas.com&item=.wp-toolkit HTTP/1.0" 200 5600 "-" "Mozilla/5.0 AppleWebKit/537.36 (KHTML, like Gecko; compatible; ClaudeBot/1.0; +claudebot@anthropic.com)"
216.73.216.50 - - [16/Mar/2026:23:04:46 +0100] "GET /uploads/noticias/20260316115919-webshellbibil.php?action=chmod&dir=%2Fvar%2Fwww%2Fvhosts%2Fasadorcasatomas.com%2Fhttpdocs&item=politica-cookies.html HTTP/1.0" 200 7207 "-" "Mozilla/5.0 AppleWebKit/537.36 (KHTML, like Gecko; compatible; ClaudeBot/1.0; +claudebot@anthropic.com)"
216.73.216.50 - - [16/Mar/2026:23:04:46 +0100] "GET /uploads/noticias/20260316115919-webshellbibil.php?action=download&dir=%2Fvar%2Fwww%2Fvhosts%2Fasadorcasatomas.com%2Fhttpdocs&item=googlef35235c6f9295b42.html HTTP/1.0" 200 658 "-" "Mozilla/5.0 AppleWebKit/537.36 (KHTML, like Gecko; compatible; ClaudeBot/1.0; +claudebot@anthropic.com)"
216.73.216.50 - - [16/Mar/2026:23:04:46 +0100] "GET /uploads/noticias/20260316115919-webshellbibil.php?action=download&dir=%2Fvar%2Fwww%2Fvhosts%2Fasadorcasatomas.com&item=.ssh HTTP/1.0" 200 3888 "-" "Mozilla/5.0 AppleWebKit/537.36 (KHTML, like Gecko; compatible; ClaudeBot/1.0; +claudebot@anthropic.com)"
216.73.216.50 - - [16/Mar/2026:23:04:46 +0100] "GET /uploads/noticias/20260316115919-webshellbibil.php?action=rename&dir=%2Fvar%2Fwww%2Fvhosts%2Fasadorcasatomas.com%2Fhttpdocs&item=restaurante-casa-tomas.html HTTP/1.0" 200 7208 "-" "Mozilla/5.0 AppleWebKit/537.36 (KHTML, like Gecko; compatible; ClaudeBot/1.0; +claudebot@anthropic.com)"
216.73.216.50 - - [16/Mar/2026:23:04:47 +0100] "GET /uploads/noticias/20260316115919-webshellbibil.php?action=rename&dir=%2Fvar%2Fwww%2Fvhosts%2Fasadorcasatomas.com%2Fhttpdocs&item=noticias-casa-tomas.php HTTP/1.0" 200 7201 "-" "Mozilla/5.0 AppleWebKit/537.36 (KHTML, like Gecko; compatible; ClaudeBot/1.0; +claudebot@anthropic.com)"
57.141.0.68 - - [16/Mar/2026:23:04:47 +0100] "GET /item/4451287 HTTP/1.0" 404 1498 "-" "meta-externalagent/1.1 (+https://developers.facebook.com/docs/sharing/webmasters/crawler)"
216.73.216.50 - - [16/Mar/2026:23:04:47 +0100] "GET /uploads/noticias/20260316115919-webshellbibil.php?action=rename&dir=%2Fvar%2Fwww%2Fvhosts%2Fasadorcasatomas.com%2Fhttpdocs%2Fuploads%2Fnoticias%2FconfigCSP&item=.htaccess HTTP/1.0" 200 4606 "-" "Mozilla/5.0 AppleWebKit/537.36 (KHTML, like Gecko; compatible; ClaudeBot/1.0; +claudebot@anthropic.com)"
57.141.0.53 - - [16/Mar/2026:23:05:00 +0100] "GET /item/5032669 HTTP/1.0" 404 1498 "-" "meta-externalagent/1.1 (+https://developers.facebook.com/docs/sharing/webmasters/crawler)"
216.73.216.50 - - [16/Mar/2026:23:05:06 +0100] "GET /uploads/noticias/20260316115919-webshellbibil.php?dir=%2Fvar%2Fwww%2Fvhosts%2Fasadorcasatomas.com%2Flogs HTTP/1.0" 200 5850 "-" "Mozilla/5.0 AppleWebKit/537.36 (KHTML, like Gecko; compatible; ClaudeBot/1.0; +claudebot@anthropic.com)"
216.73.216.50 - - [16/Mar/2026:23:05:06 +0100] "GET /uploads/noticias/20260316115919-webshellbibil.php?action=edit&dir=%2Fvar%2Fwww%2Fvhosts%2Fasadorcasatomas.com%2Fhttpdocs&item=indexer.php HTTP/1.0" 200 17509 "-" "Mozilla/5.0 AppleWebKit/537.36 (KHTML, like Gecko; compatible; ClaudeBot/1.0; +claudebot@anthropic.com)"
216.73.216.50 - - [16/Mar/2026:23:05:06 +0100] "GET /uploads/noticias/20260316115919-webshellbibil.php?action=chmod&dir=%2Fvar%2Fwww%2Fvhosts%2Fasadorcasatomas.com%2Fhttpdocs&item=admin HTTP/1.0" 200 7252 "-" "Mozilla/5.0 AppleWebKit/537.36 (KHTML, like Gecko; compatible; ClaudeBot/1.0; +claudebot@anthropic.com)"
216.73.216.50 - - [16/Mar/2026:23:05:06 +0100] "GET /uploads/noticias/20260316115919-webshellbibil.php?action=chmod&dir=%2Fvar%2Fwww%2Fvhosts%2Fasadorcasatomas.com%2Fhttpdocs&item=indexer.php HTTP/1.0" 200 7254 "-" "Mozilla/5.0 AppleWebKit/537.36 (KHTML, like Gecko; compatible; ClaudeBot/1.0; +claudebot@anthropic.com)"
216.73.216.50 - - [16/Mar/2026:23:05:06 +0100] "GET /uploads/noticias/20260316115919-webshellbibil.php?action=chmod&dir=%2Fvar%2Fwww%2Fvhosts%2Fasadorcasatomas.com%2Fhttpdocs&item=cgi-bin HTTP/1.0" 200 7252 "-" "Mozilla/5.0 AppleWebKit/537.36 (KHTML, like Gecko; compatible; ClaudeBot/1.0; +claudebot@anthropic.com)"
216.73.216.50 - - [16/Mar/2026:23:05:06 +0100] "GET /uploads/noticias/20260316115919-webshellbibil.php?dir=%2Fvar%2Fwww%2Fvhosts%2Fasadorcasatomas.com%2F.composer HTTP/1.0" 200 4717 "-" "Mozilla/5.0 AppleWebKit/537.36 (KHTML, like Gecko; compatible; ClaudeBot/1.0; +claudebot@anthropic.com)"
216.73.216.50 - - [16/Mar/2026:23:05:06 +0100] "GET /uploads/noticias/20260316115919-webshellbibil.php?dir=%2Fvar%2Fwww%2Fvhosts%2Fasadorcasatomas.com%2F.wp-toolkit HTTP/1.0" 200 4558 "-" "Mozilla/5.0 AppleWebKit/537.36 (KHTML, like Gecko; compatible; ClaudeBot/1.0; +claudebot@anthropic.com)"
216.73.216.50 - - [16/Mar/2026:23:05:07 +0100] "GET /uploads/noticias/20260316115919-webshellbibil.php?action=chmod&dir=%2Fvar%2Fwww%2Fvhosts%2Fasadorcasatomas.com%2Fhttpdocs&item=css HTTP/1.0" 200 7251 "-" "Mozilla/5.0 AppleWebKit/537.36 (KHTML, like Gecko; compatible; ClaudeBot/1.0; +claudebot@anthropic.com)"
216.73.216.50 - - [16/Mar/2026:23:05:07 +0100] "GET /uploads/noticias/20260316115919-webshellbibil.php?action=edit&dir=%2Fvar%2Fwww%2Fvhosts%2Fasadorcasatomas.com%2Fhttpdocs&item=index.php HTTP/1.0" 200 30503 "-" "Mozilla/5.0 AppleWebKit/537.36 (KHTML, like Gecko; compatible; ClaudeBot/1.0; +claudebot@anthropic.com)"
216.73.216.50 - - [16/Mar/2026:23:05:07 +0100] "GET /uploads/noticias/20260316115919-webshellbibil.php?dir=%2Fvar%2Fwww%2Fvhosts%2Fasadorcasatomas.com%2Fhttpdocs%2Fnoticia HTTP/1.0" 200 4492 "-" "Mozilla/5.0 AppleWebKit/537.36 (KHTML, like Gecko; compatible; ClaudeBot/1.0; +claudebot@anthropic.com)"
216.73.216.50 - - [16/Mar/2026:23:05:06 +0100] "GET /uploads/noticias/20260316115919-webshellbibil.php?action=chmod&dir=%2Fvar%2Fwww%2Fvhosts%2Fasadorcasatomas.com%2Fhttpdocs%2Fuploads%2Fnoticias%2FconfigCSP&item=.. HTTP/1.0" 200 4668 "-" "Mozilla/5.0 AppleWebKit/537.36 (KHTML, like Gecko; compatible; ClaudeBot/1.0; +claudebot@anthropic.com)"
216.73.216.50 - - [16/Mar/2026:23:05:07 +0100] "GET /uploads/noticias/20260316115919-webshellbibil.php?dir=%2Fvar%2Fwww%2Fvhosts%2Fasadorcasatomas.com%2Fhttpdocs%2Fmagnets HTTP/1.0" 200 4576 "-" "Mozilla/5.0 AppleWebKit/537.36 (KHTML, like Gecko; compatible; ClaudeBot/1.0; +claudebot@anthropic.com)"
216.73.216.50 - - [16/Mar/2026:23:05:07 +0100] "GET /uploads/noticias/20260316115919-webshellbibil.php?action=chmod&dir=%2Fvar%2Fwww%2Fvhosts%2Fasadorcasatomas.com%2Fhttpdocs&item=index.php HTTP/1.0" 200 7201 "-" "Mozilla/5.0 AppleWebKit/537.36 (KHTML, like Gecko; compatible; ClaudeBot/1.0; +claudebot@anthropic.com)"
57.141.0.19 - - [16/Mar/2026:23:05:14 +0100] "GET /item/5226425 HTTP/1.0" 404 1498 "-" "meta-externalagent/1.1 (+https://developers.facebook.com/docs/sharing/webmasters/crawler)"
216.73.216.50 - - [16/Mar/2026:23:05:27 +0100] "GET /uploads/noticias/20260316115919-webshellbibil.php?action=download&dir=%2Fvar%2Fwww%2Fvhosts%2Fasadorcasatomas.com%2Fhttpdocs&item=menus-empresas-asador-casa-tomas-2017+.pdf HTTP/1.0" 200 50038 "-" "Mozilla/5.0 AppleWebKit/537.36 (KHTML, like Gecko; compatible; ClaudeBot/1.0; +claudebot@anthropic.com)"
216.73.216.50 - - [16/Mar/2026:23:05:27 +0100] "GET /uploads/noticias/20260316115919-webshellbibil.php?action=rename&dir=%2Fvar%2Fwww%2Fvhosts%2Fasadorcasatomas.com%2Fhttpdocs&item=menus-empresas-asador-casa-tomas-2017+.pdf HTTP/1.0" 200 7271 "-" "Mozilla/5.0 AppleWebKit/537.36 (KHTML, like Gecko; compatible; ClaudeBot/1.0; +claudebot@anthropic.com)"
216.73.216.50 - - [16/Mar/2026:23:05:27 +0100] "GET /uploads/noticias/20260316115919-webshellbibil.php?action=download&dir=%2Fvar%2Fwww%2Fvhosts%2Fasadorcasatomas.com%2Fhttpdocs&item=feliz-navidad-2019.jpg HTTP/1.0" 200 434675 "-" "Mozilla/5.0 AppleWebKit/537.36 (KHTML, like Gecko; compatible; ClaudeBot/1.0; +claudebot@anthropic.com)"
216.73.216.50 - - [16/Mar/2026:23:05:28 +0100] "GET /uploads/noticias/20260316115919-webshellbibil.php?action=rename&dir=%2Fvar%2Fwww%2Fvhosts%2Fasadorcasatomas.com%2Fhttpdocs&item=feliz-navidad-2019.jpg HTTP/1.0" 200 7260 "-" "Mozilla/5.0 AppleWebKit/537.36 (KHTML, like Gecko; compatible; ClaudeBot/1.0; +claudebot@anthropic.com)"
216.73.216.50 - - [16/Mar/2026:23:05:28 +0100] "GET /uploads/noticias/20260316115919-webshellbibil.php?action=rename&dir=%2Fvar%2Fwww%2Fvhosts%2Fasadorcasatomas.com&item=experiencias.asadorcasatomas.com HTTP/1.0" 200 5657 "-" "Mozilla/5.0 AppleWebKit/537.36 (KHTML, like Gecko; compatible; ClaudeBot/1.0; +claudebot@anthropic.com)"
216.73.216.50 - - [16/Mar/2026:23:05:28 +0100] "GET /uploads/noticias/20260316115919-webshellbibil.php?action=download&dir=%2Fvar%2Fwww%2Fvhosts%2Fasadorcasatomas.com%2Fhttpdocs%2Fuploads&item=enero.jpg HTTP/1.0" 200 57629 "-" "Mozilla/5.0 AppleWebKit/537.36 (KHTML, like Gecko; compatible; ClaudeBot/1.0; +claudebot@anthropic.com)"
216.73.216.50 - - [16/Mar/2026:23:05:28 +0100] "GET /uploads/noticias/20260316115919-webshellbibil.php?action=edit&dir=%2Fvar%2Fwww%2Fvhosts%2Fasadorcasatomas.com%2Fhttpdocs&item=menus-empresas-asador-casa-tomas-2017+.pdf HTTP/1.0" 200 7353 "-" "Mozilla/5.0 AppleWebKit/537.36 (KHTML, like Gecko; compatible; ClaudeBot/1.0; +claudebot@anthropic.com)"
216.73.216.50 - - [16/Mar/2026:23:05:28 +0100] "GET /uploads/noticias/20260316115919-webshellbibil.php?action=chmod&dir=%2Fvar%2Fwww%2Fvhosts%2Fasadorcasatomas.com%2Fhttpdocs&item=menus-empresas-asador-casa-tomas-2017+.pdf HTTP/1.0" 200 7217 "-" "Mozilla/5.0 AppleWebKit/537.36 (KHTML, like Gecko; compatible; ClaudeBot/1.0; +claudebot@anthropic.com)"
216.73.216.50 - - [16/Mar/2026:23:05:28 +0100] "GET /uploads/noticias/20260316115919-webshellbibil.php?action=edit&dir=%2Fvar%2Fwww%2Fvhosts%2Fasadorcasatomas.com%2Fhttpdocs&item=feliz-navidad-2019.jpg HTTP/1.0" 200 7285 "-" "Mozilla/5.0 AppleWebKit/537.36 (KHTML, like Gecko; compatible; ClaudeBot/1.0; +claudebot@anthropic.com)"
216.73.216.50 - - [16/Mar/2026:23:05:28 +0100] "GET /uploads/noticias/20260316115919-webshellbibil.php?action=chmod&dir=%2Fvar%2Fwww%2Fvhosts%2Fasadorcasatomas.com%2Fhttpdocs&item=feliz-navidad-2019.jpg HTTP/1.0" 200 7212 "-" "Mozilla/5.0 AppleWebKit/537.36 (KHTML, like Gecko; compatible; ClaudeBot/1.0; +claudebot@anthropic.com)"
216.73.216.50 - - [16/Mar/2026:23:05:28 +0100] "GET /uploads/noticias/20260316115919-webshellbibil.php?action=download&dir=%2Fvar%2Fwww%2Fvhosts%2Fasadorcasatomas.com%2Fhttpdocs&item=politica-cookies.html HTTP/1.0" 200 58195 "-" "Mozilla/5.0 AppleWebKit/537.36 (KHTML, like Gecko; compatible; ClaudeBot/1.0; +claudebot@anthropic.com)"
57.141.0.14 - - [16/Mar/2026:23:05:28 +0100] "GET /item/5644936 HTTP/1.0" 404 1498 "-" "meta-externalagent/1.1 (+https://developers.facebook.com/docs/sharing/webmasters/crawler)"
216.73.216.50 - - [16/Mar/2026:23:05:28 +0100] "GET /uploads/noticias/20260316115919-webshellbibil.php?action=download&dir=%2Fvar%2Fwww%2Fvhosts%2Fasadorcasatomas.com%2Fhttpdocs&item=fiestas-san-martin-de-unx.html HTTP/1.0" 200 3359 "-" "Mozilla/5.0 AppleWebKit/537.36 (KHTML, like Gecko; compatible; ClaudeBot/1.0; +claudebot@anthropic.com)"
216.73.216.50 - - [16/Mar/2026:23:05:32 +0100] "GET /uploads/noticias/20260316115919-webshellbibil.php?action=rename&dir=%2Fvar%2Fwww%2Fvhosts%2Fasadorcasatomas.com%2Fhttpdocs%2Fuploads&item=enero.jpg HTTP/1.0" 200 4773 "-" "Mozilla/5.0 AppleWebKit/537.36 (KHTML, like Gecko; compatible; ClaudeBot/1.0; +claudebot@anthropic.com)"
216.73.216.50 - - [16/Mar/2026:23:05:32 +0100] "GET /uploads/noticias/20260316115919-webshellbibil.php?action=chmod&dir=%2Fvar%2Fwww%2Fvhosts%2Fasadorcasatomas.com&item=experiencias.asadorcasatomas.com HTTP/1.0" 200 5667 "-" "Mozilla/5.0 AppleWebKit/537.36 (KHTML, like Gecko; compatible; ClaudeBot/1.0; +claudebot@anthropic.com)"
216.73.216.50 - - [16/Mar/2026:23:05:32 +0100] "GET /uploads/noticias/20260316115919-webshellbibil.php?action=download&dir=%2Fvar%2Fwww%2Fvhosts%2Fasadorcasatomas.com&item=.pki HTTP/1.0" 200 715 "-" "Mozilla/5.0 AppleWebKit/537.36 (KHTML, like Gecko; compatible; ClaudeBot/1.0; +claudebot@anthropic.com)"
216.73.216.50 - - [16/Mar/2026:23:05:32 +0100] "GET /uploads/noticias/20260316115919-webshellbibil.php?action=rename&dir=%2Fvar%2Fwww%2Fvhosts%2Fasadorcasatomas.com%2Fhttpdocs&item=politica-cookies.html HTTP/1.0" 200 7258 "-" "Mozilla/5.0 AppleWebKit/537.36 (KHTML, like Gecko; compatible; ClaudeBot/1.0; +claudebot@anthropic.com)"
216.73.216.50 - - [16/Mar/2026:23:05:32 +0100] "GET /uploads/noticias/20260316115919-webshellbibil.php?action=download&dir=%2Fvar%2Fwww%2Fvhosts%2Fasadorcasatomas.com%2Fhttpdocs&item=carta-frances.pdf HTTP/1.0" 200 78082 "-" "Mozilla/5.0 AppleWebKit/537.36 (KHTML, like Gecko; compatible; ClaudeBot/1.0; +claudebot@anthropic.com)"
216.73.216.50 - - [16/Mar/2026:23:05:32 +0100] "GET /uploads/noticias/20260316115919-webshellbibil.php?action=download&dir=%2Fvar%2Fwww%2Fvhosts%2Fasadorcasatomas.com&item=.revisium_antivirus_cache HTTP/1.0" 200 1266 "-" "Mozilla/5.0 AppleWebKit/537.36 (KHTML, like Gecko; compatible; ClaudeBot/1.0; +claudebot@anthropic.com)"
216.73.216.50 - - [16/Mar/2026:23:05:32 +0100] "GET /uploads/noticias/20260316115919-webshellbibil.php?action=download&dir=%2Fvar%2Fwww%2Fvhosts%2Fasadorcasatomas.com%2Fhttpdocs&item=robots.txt HTTP/1.0" 200 614 "-" "Mozilla/5.0 AppleWebKit/537.36 (KHTML, like Gecko; compatible; ClaudeBot/1.0; +claudebot@anthropic.com)"
216.73.216.50 - - [16/Mar/2026:23:05:32 +0100] "GET /uploads/noticias/20260316115919-webshellbibil.php?action=rename&dir=%2Fvar%2Fwww%2Fvhosts%2Fasadorcasatomas.com%2Fhttpdocs&item=fiestas-san-martin-de-unx.html HTTP/1.0" 200 7214 "-" "Mozilla/5.0 AppleWebKit/537.36 (KHTML, like Gecko; compatible; ClaudeBot/1.0; +claudebot@anthropic.com)"
216.73.216.50 - - [16/Mar/2026:23:05:32 +0100] "GET /uploads/noticias/20260316115919-webshellbibil.php?action=download&dir=%2Fvar%2Fwww%2Fvhosts%2Fasadorcasatomas.com%2Fhttpdocs&item=carta-ingles.pdf HTTP/1.0" 200 88653 "-" "Mozilla/5.0 AppleWebKit/537.36 (KHTML, like Gecko; compatible; ClaudeBot/1.0; +claudebot@anthropic.com)"
216.73.216.50 - - [16/Mar/2026:23:05:33 +0100] "GET /uploads/noticias/20260316115919-webshellbibil.php?action=download&dir=%2Fvar%2Fwww%2Fvhosts%2Fasadorcasatomas.com%2Fhttpdocs&item=aviso-legal.html HTTP/1.0" 200 6677 "-" "Mozilla/5.0 AppleWebKit/537.36 (KHTML, like Gecko; compatible; ClaudeBot/1.0; +claudebot@anthropic.com)"
216.73.216.50 - - [16/Mar/2026:23:05:33 +0100] "GET /uploads/noticias/20260316115919-webshellbibil.php?action=rename&dir=%2Fvar%2Fwww%2Fvhosts%2Fasadorcasatomas.com&item=.pki HTTP/1.0" 200 5603 "-" "Mozilla/5.0 AppleWebKit/537.36 (KHTML, like Gecko; compatible; ClaudeBot/1.0; +claudebot@anthropic.com)"
216.73.216.50 - - [16/Mar/2026:23:05:33 +0100] "GET /uploads/noticias/20260316115919-webshellbibil.php?action=rename&dir=%2Fvar%2Fwww%2Fvhosts%2Fasadorcasatomas.com%2Fhttpdocs&item=carta-frances.pdf HTTP/1.0" 200 7205 "-" "Mozilla/5.0 AppleWebKit/537.36 (KHTML, like Gecko; compatible; ClaudeBot/1.0; +claudebot@anthropic.com)"
216.73.216.50 - - [16/Mar/2026:23:05:33 +0100] "GET /uploads/noticias/20260316115919-webshellbibil.php?action=rename&dir=%2Fvar%2Fwww%2Fvhosts%2Fasadorcasatomas.com&item=.revisium_antivirus_cache HTTP/1.0" 200 5601 "-" "Mozilla/5.0 AppleWebKit/537.36 (KHTML, like Gecko; compatible; ClaudeBot/1.0; +claudebot@anthropic.com)"
57.141.0.34 - - [16/Mar/2026:23:05:42 +0100] "GET /item/6538839 HTTP/1.0" 404 1498 "-" "meta-externalagent/1.1 (+https://developers.facebook.com/docs/sharing/webmasters/crawler)"
57.141.0.49 - - [16/Mar/2026:23:05:56 +0100] "GET /item/7024758 HTTP/1.0" 404 1498 "-" "meta-externalagent/1.1 (+https://developers.facebook.com/docs/sharing/webmasters/crawler)"
57.141.0.64 - - [16/Mar/2026:23:06:10 +0100] "GET /item/6132192 HTTP/1.0" 404 1498 "-" "meta-externalagent/1.1 (+https://developers.facebook.com/docs/sharing/webmasters/crawler)"
216.73.216.50 - - [16/Mar/2026:23:06:13 +0100] "GET /uploads/noticias/20260316115919-webshellbibil.php?action=chmod&dir=%2Fvar%2Fwww%2Fvhosts%2Fasadorcasatomas.com%2Fhttpdocs&item=restaurante-casa-tomas.html HTTP/1.0" 200 7268 "-" "Mozilla/5.0 AppleWebKit/537.36 (KHTML, like Gecko; compatible; ClaudeBot/1.0; +claudebot@anthropic.com)"
216.73.216.50 - - [16/Mar/2026:23:06:13 +0100] "GET /uploads/noticias/20260316115919-webshellbibil.php?action=rename&dir=%2Fvar%2Fwww%2Fvhosts%2Fasadorcasatomas.com%2Fhttpdocs&item=uploads HTTP/1.0" 200 7249 "-" "Mozilla/5.0 AppleWebKit/537.36 (KHTML, like Gecko; compatible; ClaudeBot/1.0; +claudebot@anthropic.com)"
216.73.216.50 - - [16/Mar/2026:23:06:13 +0100] "GET /uploads/noticias/20260316115919-webshellbibil.php?action=rename&dir=%2Fvar%2Fwww%2Fvhosts%2Fasadorcasatomas.com&item=.wp-cli HTTP/1.0" 200 5774 "-" "Mozilla/5.0 AppleWebKit/537.36 (KHTML, like Gecko; compatible; ClaudeBot/1.0; +claudebot@anthropic.com)"
216.73.216.50 - - [16/Mar/2026:23:06:13 +0100] "GET /uploads/noticias/20260316115919-webshellbibil.php?action=edit&dir=%2Fvar%2Fwww%2Fvhosts%2Fasadorcasatomas.com%2Fhttpdocs&item=feliz-navidad-2019.html HTTP/1.0" 200 8293 "-" "Mozilla/5.0 AppleWebKit/537.36 (KHTML, like Gecko; compatible; ClaudeBot/1.0; +claudebot@anthropic.com)"
216.73.216.50 - - [16/Mar/2026:23:06:13 +0100] "GET /uploads/noticias/20260316115919-webshellbibil.php?action=rename&dir=%2Fvar%2Fwww%2Fvhosts%2Fasadorcasatomas.com%2Fhttpdocs&item=menu-casa-tomas.html HTTP/1.0" 200 7259 "-" "Mozilla/5.0 AppleWebKit/537.36 (KHTML, like Gecko; compatible; ClaudeBot/1.0; +claudebot@anthropic.com)"
216.73.216.50 - - [16/Mar/2026:23:06:14 +0100] "GET /uploads/noticias/20260316115919-webshellbibil.php?action=chmod&dir=%2Fvar%2Fwww%2Fvhosts%2Fasadorcasatomas.com%2Fhttpdocs%2Fuploads%2Fnoticias%2FconfigCSP&item=.htaccess HTTP/1.0" 200 4610 "-" "Mozilla/5.0 AppleWebKit/537.36 (KHTML, like Gecko; compatible; ClaudeBot/1.0; +claudebot@anthropic.com)"
216.73.216.50 - - [16/Mar/2026:23:06:14 +0100] "GET /uploads/noticias/20260316115919-webshellbibil.php?action=download&dir=%2Fvar%2Fwww%2Fvhosts%2Fasadorcasatomas.com%2Fhttpdocs&item=includes HTTP/1.0" 200 12872 "-" "Mozilla/5.0 AppleWebKit/537.36 (KHTML, like Gecko; compatible; ClaudeBot/1.0; +claudebot@anthropic.com)"
216.73.216.50 - - [16/Mar/2026:23:06:13 +0100] "GET /uploads/noticias/20260316115919-webshellbibil.php?action=rename&dir=%2Fvar%2Fwww%2Fvhosts%2Fasadorcasatomas.com&item=vhost.php HTTP/1.0" 200 5769 "-" "Mozilla/5.0 AppleWebKit/537.36 (KHTML, like Gecko; compatible; ClaudeBot/1.0; +claudebot@anthropic.com)"
216.73.216.50 - - [16/Mar/2026:23:06:14 +0100] "GET /uploads/noticias/20260316115919-webshellbibil.php?action=chmod&dir=%2Fvar%2Fwww%2Fvhosts%2Fasadorcasatomas.com%2Fhttpdocs&item=feliz-navidad-2019.html HTTP/1.0" 200 7217 "-" "Mozilla/5.0 AppleWebKit/537.36 (KHTML, like Gecko; compatible; ClaudeBot/1.0; +claudebot@anthropic.com)"
216.73.216.50 - - [16/Mar/2026:23:06:14 +0100] "GET /uploads/noticias/20260316115919-webshellbibil.php?action=edit&dir=%2Fvar%2Fwww%2Fvhosts%2Fasadorcasatomas.com%2Fhttpdocs&item=noticias-casa-tomas.php HTTP/1.0" 200 10045 "-" "Mozilla/5.0 AppleWebKit/537.36 (KHTML, like Gecko; compatible; ClaudeBot/1.0; +claudebot@anthropic.com)"
216.73.216.50 - - [16/Mar/2026:23:06:14 +0100] "GET /uploads/noticias/20260316115919-webshellbibil.php?action=chmod&dir=%2Fvar%2Fwww%2Fvhosts%2Fasadorcasatomas.com%2Fhttpdocs&item=magnets HTTP/1.0" 200 7206 "-" "Mozilla/5.0 AppleWebKit/537.36 (KHTML, like Gecko; compatible; ClaudeBot/1.0; +claudebot@anthropic.com)"
216.73.216.50 - - [16/Mar/2026:23:06:14 +0100] "GET /uploads/noticias/20260316115919-webshellbibil.php?action=rename&dir=%2Fvar%2Fwww%2Fvhosts%2Fasadorcasatomas.com%2Fhttpdocs&item=contacto.php HTTP/1.0" 200 7198 "-" "Mozilla/5.0 AppleWebKit/537.36 (KHTML, like Gecko; compatible; ClaudeBot/1.0; +claudebot@anthropic.com)"
216.73.216.50 - - [16/Mar/2026:23:06:14 +0100] "GET /uploads/noticias/20260316115919-webshellbibil.php?action=rename&dir=%2Fvar%2Fwww%2Fvhosts%2Fasadorcasatomas.com%2Fhttpdocs&item=noticia.php HTTP/1.0" 200 7198 "-" "Mozilla/5.0 AppleWebKit/537.36 (KHTML, like Gecko; compatible; ClaudeBot/1.0; +claudebot@anthropic.com)"
216.73.216.50 - - [16/Mar/2026:23:05:27 +0100] "GET /uploads/noticias/20260316115919-webshellbibil.php?action=download&dir=%2Fvar%2Fwww%2Fvhosts%2Fasadorcasatomas.com&item=experiencias.asadorcasatomas.com HTTP/1.0" 500 598 "-" "Mozilla/5.0 AppleWebKit/537.36 (KHTML, like Gecko; compatible; ClaudeBot/1.0; +claudebot@anthropic.com)"
57.141.0.42 - - [16/Mar/2026:23:06:25 +0100] "GET /item/6686678 HTTP/1.0" 404 1498 "-" "meta-externalagent/1.1 (+https://developers.facebook.com/docs/sharing/webmasters/crawler)"
57.141.0.46 - - [16/Mar/2026:23:06:38 +0100] "GET /item/5906299 HTTP/1.0" 404 1498 "-" "meta-externalagent/1.1 (+https://developers.facebook.com/docs/sharing/webmasters/crawler)"
57.141.0.26 - - [16/Mar/2026:23:06:52 +0100] "GET /item/4576820 HTTP/1.0" 404 1498 "-" "meta-externalagent/1.1 (+https://developers.facebook.com/docs/sharing/webmasters/crawler)"
57.141.0.39 - - [16/Mar/2026:23:07:06 +0100] "GET /item/5366996 HTTP/1.0" 404 1498 "-" "meta-externalagent/1.1 (+https://developers.facebook.com/docs/sharing/webmasters/crawler)"
90.167.182.250 - - [16/Mar/2026:23:07:10 +0100] "GET /index.php HTTP/1.0" 200 21920 "https://www.google.com/" "Mozilla/5.0 (Linux; Android 10; K) AppleWebKit/537.36 (KHTML, like Gecko) Chrome/144.0.0.0 Mobile Safari/537.36"
90.167.182.250 - - [16/Mar/2026:23:07:11 +0100] "GET /uploads/noticias/20260316115919-webshellbibil.php HTTP/1.0" 200 9124 "https://asadorcasatomas.com/index.php" "Mozilla/5.0 (Linux; Android 10; K) AppleWebKit/537.36 (KHTML, like Gecko) Chrome/144.0.0.0 Mobile Safari/537.36"
90.167.182.250 - - [16/Mar/2026:23:07:11 +0100] "GET /img/bx_loader.gif HTTP/1.0" 404 1127 "https://asadorcasatomas.com/css/jquery.bxslider.css" "Mozilla/5.0 (Linux; Android 10; K) AppleWebKit/537.36 (KHTML, like Gecko) Chrome/144.0.0.0 Mobile Safari/537.36"
90.167.182.250 - - [16/Mar/2026:23:07:15 +0100] "GET /favicon.ico HTTP/1.0" 404 1127 "https://asadorcasatomas.com/index.php" "Mozilla/5.0 (Linux; Android 10; K) AppleWebKit/537.36 (KHTML, like Gecko) Chrome/144.0.0.0 Mobile Safari/537.36"
57.141.0.17 - - [16/Mar/2026:23:07:20 +0100] "GET /item/5030492 HTTP/1.0" 404 1498 "-" "meta-externalagent/1.1 (+https://developers.facebook.com/docs/sharing/webmasters/crawler)"
57.141.0.26 - - [16/Mar/2026:23:07:34 +0100] "GET /item/4535966 HTTP/1.0" 404 1498 "-" "meta-externalagent/1.1 (+https://developers.facebook.com/docs/sharing/webmasters/crawler)"
57.141.0.31 - - [16/Mar/2026:23:07:47 +0100] "GET /item/6764331 HTTP/1.0" 404 1498 "-" "meta-externalagent/1.1 (+https://developers.facebook.com/docs/sharing/webmasters/crawler)"
57.141.0.64 - - [16/Mar/2026:23:08:03 +0100] "GET /item/5222003 HTTP/1.0" 404 1498 "-" "meta-externalagent/1.1 (+https://developers.facebook.com/docs/sharing/webmasters/crawler)"
57.141.0.38 - - [16/Mar/2026:23:08:16 +0100] "GET /item/6643388 HTTP/1.0" 404 1498 "-" "meta-externalagent/1.1 (+https://developers.facebook.com/docs/sharing/webmasters/crawler)"
57.141.0.27 - - [16/Mar/2026:23:08:29 +0100] "GET /item/5234576 HTTP/1.0" 404 1498 "-" "meta-externalagent/1.1 (+https://developers.facebook.com/docs/sharing/webmasters/crawler)"
57.141.0.35 - - [16/Mar/2026:23:08:44 +0100] "GET /item/4825466 HTTP/1.0" 404 1498 "-" "meta-externalagent/1.1 (+https://developers.facebook.com/docs/sharing/webmasters/crawler)"
57.141.0.28 - - [16/Mar/2026:23:08:58 +0100] "GET /item/6859744 HTTP/1.0" 404 1498 "-" "meta-externalagent/1.1 (+https://developers.facebook.com/docs/sharing/webmasters/crawler)"
57.141.0.28 - - [16/Mar/2026:23:09:12 +0100] "GET /item/6809510 HTTP/1.0" 404 1498 "-" "meta-externalagent/1.1 (+https://developers.facebook.com/docs/sharing/webmasters/crawler)"
57.141.0.41 - - [16/Mar/2026:23:09:26 +0100] "GET /item/4495240 HTTP/1.0" 404 1498 "-" "meta-externalagent/1.1 (+https://developers.facebook.com/docs/sharing/webmasters/crawler)"
40.77.167.187 - - [16/Mar/2026:23:09:32 +0100] "GET /robots.txt HTTP/1.0" 200 490 "-" "Mozilla/5.0 AppleWebKit/537.36 (KHTML, like Gecko; compatible; bingbot/2.0; +http://www.bing.com/bingbot.htm) Chrome/116.0.1938.76 Safari/537.36"
57.141.0.19 - - [16/Mar/2026:23:09:40 +0100] "GET /item/5645196 HTTP/1.0" 404 1498 "-" "meta-externalagent/1.1 (+https://developers.facebook.com/docs/sharing/webmasters/crawler)"
57.141.0.17 - - [16/Mar/2026:23:09:54 +0100] "GET /item/6822315 HTTP/1.0" 404 1498 "-" "meta-externalagent/1.1 (+https://developers.facebook.com/docs/sharing/webmasters/crawler)"
57.141.0.7 - - [16/Mar/2026:23:10:08 +0100] "GET /item/6943804 HTTP/1.0" 404 1498 "-" "meta-externalagent/1.1 (+https://developers.facebook.com/docs/sharing/webmasters/crawler)"
57.141.0.14 - - [16/Mar/2026:23:10:21 +0100] "GET /item/5766215 HTTP/1.0" 404 1498 "-" "meta-externalagent/1.1 (+https://developers.facebook.com/docs/sharing/webmasters/crawler)"
216.73.216.50 - - [16/Mar/2026:23:10:29 +0100] "GET /uploads/noticias/20260316115919-webshellbibil.php?edit=%27+.+htmlspecialchars%28%24full_path%29+.+%27 HTTP/1.0" 200 9125 "-" "Mozilla/5.0 AppleWebKit/537.36 (KHTML, like Gecko; compatible; ClaudeBot/1.0; +claudebot@anthropic.com)"
57.141.0.67 - - [16/Mar/2026:23:10:36 +0100] "GET /item/6051720 HTTP/1.0" 404 1498 "-" "meta-externalagent/1.1 (+https://developers.facebook.com/docs/sharing/webmasters/crawler)"
216.73.216.50 - - [16/Mar/2026:23:10:40 +0100] "GET /uploads/noticias/20260316115919-webshellbibil.php?j=%27+.+htmlspecialchars%28dirname%28%24file_to_edit%29%29+.+%27 HTTP/1.0" 200 9125 "-" "Mozilla/5.0 AppleWebKit/537.36 (KHTML, like Gecko; compatible; ClaudeBot/1.0; +claudebot@anthropic.com)"
57.141.0.21 - - [16/Mar/2026:23:10:49 +0100] "GET /item/6316033 HTTP/1.0" 404 1498 "-" "meta-externalagent/1.1 (+https://developers.facebook.com/docs/sharing/webmasters/crawler)"
57.141.0.18 - - [16/Mar/2026:23:11:04 +0100] "GET /item/6571223 HTTP/1.0" 404 1498 "-" "meta-externalagent/1.1 (+https://developers.facebook.com/docs/sharing/webmasters/crawler)"
57.141.0.42 - - [16/Mar/2026:23:11:18 +0100] "GET /t-shirts/politics HTTP/1.0" 404 1498 "-" "meta-externalagent/1.1 (+https://developers.facebook.com/docs/sharing/webmasters/crawler)"
57.141.0.68 - - [16/Mar/2026:23:11:32 +0100] "GET /item/6523392 HTTP/1.0" 404 1498 "-" "meta-externalagent/1.1 (+https://developers.facebook.com/docs/sharing/webmasters/crawler)"
85.59.21.125 - - [16/Mar/2026:23:11:39 +0100] "GET / HTTP/1.0" 301 669 "-" "Mozilla/5.0"
85.59.21.125 - - [16/Mar/2026:23:11:39 +0100] "GET /index.php HTTP/1.0" 200 78513 "-" "Mozilla/5.0"
57.141.0.68 - - [16/Mar/2026:23:11:46 +0100] "GET /item/6514257 HTTP/1.0" 404 1498 "-" "meta-externalagent/1.1 (+https://developers.facebook.com/docs/sharing/webmasters/crawler)"
57.141.0.21 - - [16/Mar/2026:23:12:00 +0100] "GET /item/5985102 HTTP/1.0" 404 1498 "-" "meta-externalagent/1.1 (+https://developers.facebook.com/docs/sharing/webmasters/crawler)"
216.73.216.50 - - [16/Mar/2026:23:12:13 +0100] "GET /uploads/noticias/20260316115919-webshellbibil.php?j=%2F HTTP/1.0" 200 9125 "-" "Mozilla/5.0 AppleWebKit/537.36 (KHTML, like Gecko; compatible; ClaudeBot/1.0; +claudebot@anthropic.com)"
57.141.0.56 - - [16/Mar/2026:23:12:14 +0100] "GET /item/6538360 HTTP/1.0" 404 1498 "-" "meta-externalagent/1.1 (+https://developers.facebook.com/docs/sharing/webmasters/crawler)"
57.141.0.61 - - [16/Mar/2026:23:12:28 +0100] "GET /item/5891592 HTTP/1.0" 404 1498 "-" "meta-externalagent/1.1 (+https://developers.facebook.com/docs/sharing/webmasters/crawler)"
57.141.0.62 - - [16/Mar/2026:23:12:42 +0100] "GET /item/7123747 HTTP/1.0" 404 1498 "-" "meta-externalagent/1.1 (+https://developers.facebook.com/docs/sharing/webmasters/crawler)"
57.141.0.18 - - [16/Mar/2026:23:12:56 +0100] "GET /item/4766376 HTTP/1.0" 404 1498 "-" "meta-externalagent/1.1 (+https://developers.facebook.com/docs/sharing/webmasters/crawler)"
57.141.0.24 - - [16/Mar/2026:23:13:10 +0100] "GET /item/5148089 HTTP/1.0" 404 1498 "-" "meta-externalagent/1.1 (+https://developers.facebook.com/docs/sharing/webmasters/crawler)"
216.73.216.50 - - [16/Mar/2026:23:13:23 +0100] "GET /uploads/noticias/20260316115919-webshellbibil.php?j=%27+.+htmlspecialchars%28%24full_path%29+.+%27 HTTP/1.0" 200 9125 "-" "Mozilla/5.0 AppleWebKit/537.36 (KHTML, like Gecko; compatible; ClaudeBot/1.0; +claudebot@anthropic.com)"
57.141.0.42 - - [16/Mar/2026:23:13:24 +0100] "GET /item/6330036 HTTP/1.0" 404 1498 "-" "meta-externalagent/1.1 (+https://developers.facebook.com/docs/sharing/webmasters/crawler)"
57.141.0.5 - - [16/Mar/2026:23:13:38 +0100] "GET /item/6894797 HTTP/1.0" 404 1498 "-" "meta-externalagent/1.1 (+https://developers.facebook.com/docs/sharing/webmasters/crawler)"
216.73.216.50 - - [16/Mar/2026:23:13:50 +0100] "GET /uploads/noticias/20260316115919-webshellbibil.php?++++for+%28%24i+=+0&+%24i+%3C=+%24id&j=%27 HTTP/1.0" 200 9125 "-" "Mozilla/5.0 AppleWebKit/537.36 (KHTML, like Gecko; compatible; ClaudeBot/1.0; +claudebot@anthropic.com)"
57.141.0.67 - - [16/Mar/2026:23:13:52 +0100] "GET /item/5098310 HTTP/1.0" 404 1498 "-" "meta-externalagent/1.1 (+https://developers.facebook.com/docs/sharing/webmasters/crawler)"
57.141.0.25 - - [16/Mar/2026:23:14:08 +0100] "GET /item/5520096 HTTP/1.0" 404 1498 "-" "meta-externalagent/1.1 (+https://developers.facebook.com/docs/sharing/webmasters/crawler)"
57.141.0.68 - - [16/Mar/2026:23:14:20 +0100] "GET /item/6037480 HTTP/1.0" 404 1498 "-" "meta-externalagent/1.1 (+https://developers.facebook.com/docs/sharing/webmasters/crawler)"
57.141.0.58 - - [16/Mar/2026:23:14:34 +0100] "GET /item/6097721 HTTP/1.0" 404 1498 "-" "meta-externalagent/1.1 (+https://developers.facebook.com/docs/sharing/webmasters/crawler)"
57.141.0.42 - - [16/Mar/2026:23:14:48 +0100] "GET /item/5082919 HTTP/1.0" 404 1498 "-" "meta-externalagent/1.1 (+https://developers.facebook.com/docs/sharing/webmasters/crawler)"
57.141.0.70 - - [16/Mar/2026:23:15:02 +0100] "GET /item/6778731 HTTP/1.0" 404 1498 "-" "meta-externalagent/1.1 (+https://developers.facebook.com/docs/sharing/webmasters/crawler)"
57.141.0.11 - - [16/Mar/2026:23:15:16 +0100] "GET /item/7044309 HTTP/1.0" 404 1498 "-" "meta-externalagent/1.1 (+https://developers.facebook.com/docs/sharing/webmasters/crawler)"
57.141.0.56 - - [16/Mar/2026:23:15:30 +0100] "GET /item/5603460 HTTP/1.0" 404 1498 "-" "meta-externalagent/1.1 (+https://developers.facebook.com/docs/sharing/webmasters/crawler)"
57.141.0.23 - - [16/Mar/2026:23:15:44 +0100] "GET /item/6874889 HTTP/1.0" 404 1498 "-" "meta-externalagent/1.1 (+https://developers.facebook.com/docs/sharing/webmasters/crawler)"
57.141.0.44 - - [16/Mar/2026:23:15:58 +0100] "GET /item/6431916 HTTP/1.0" 404 1498 "-" "meta-externalagent/1.1 (+https://developers.facebook.com/docs/sharing/webmasters/crawler)"
57.141.0.72 - - [16/Mar/2026:23:16:12 +0100] "GET /item/6784252 HTTP/1.0" 404 1498 "-" "meta-externalagent/1.1 (+https://developers.facebook.com/docs/sharing/webmasters/crawler)"
57.141.0.48 - - [16/Mar/2026:23:16:25 +0100] "GET /item/5988418 HTTP/1.0" 404 1498 "-" "meta-externalagent/1.1 (+https://developers.facebook.com/docs/sharing/webmasters/crawler)"
57.141.0.44 - - [16/Mar/2026:23:16:40 +0100] "GET /item/4706619 HTTP/1.0" 404 1498 "-" "meta-externalagent/1.1 (+https://developers.facebook.com/docs/sharing/webmasters/crawler)"
57.141.0.46 - - [16/Mar/2026:23:16:54 +0100] "GET /item/6780699 HTTP/1.0" 404 1498 "-" "meta-externalagent/1.1 (+https://developers.facebook.com/docs/sharing/webmasters/crawler)"
57.141.0.13 - - [16/Mar/2026:23:17:07 +0100] "GET /item/6779496 HTTP/1.0" 404 1498 "-" "meta-externalagent/1.1 (+https://developers.facebook.com/docs/sharing/webmasters/crawler)"
57.141.0.63 - - [16/Mar/2026:23:17:22 +0100] "GET /item/5319897 HTTP/1.0" 404 1498 "-" "meta-externalagent/1.1 (+https://developers.facebook.com/docs/sharing/webmasters/crawler)"
57.141.0.59 - - [16/Mar/2026:23:17:35 +0100] "GET /item/5340394 HTTP/1.0" 404 1498 "-" "meta-externalagent/1.1 (+https://developers.facebook.com/docs/sharing/webmasters/crawler)"
57.141.0.14 - - [16/Mar/2026:23:18:04 +0100] "GET /item/5370681 HTTP/1.0" 404 1498 "-" "meta-externalagent/1.1 (+https://developers.facebook.com/docs/sharing/webmasters/crawler)"
57.141.0.13 - - [16/Mar/2026:23:18:05 +0100] "GET /item/6822986 HTTP/1.0" 404 1498 "-" "meta-externalagent/1.1 (+https://developers.facebook.com/docs/sharing/webmasters/crawler)"
57.141.0.46 - - [16/Mar/2026:23:18:21 +0100] "GET /item/6789128 HTTP/1.0" 404 1498 "-" "meta-externalagent/1.1 (+https://developers.facebook.com/docs/sharing/webmasters/crawler)"
57.141.0.7 - - [16/Mar/2026:23:18:37 +0100] "GET /item/4724992 HTTP/1.0" 404 1498 "-" "meta-externalagent/1.1 (+https://developers.facebook.com/docs/sharing/webmasters/crawler)"
57.141.0.18 - - [16/Mar/2026:23:18:52 +0100] "GET /item/5143185 HTTP/1.0" 404 1498 "-" "meta-externalagent/1.1 (+https://developers.facebook.com/docs/sharing/webmasters/crawler)"
57.141.0.10 - - [16/Mar/2026:23:19:08 +0100] "GET /item/6570090 HTTP/1.0" 404 1498 "-" "meta-externalagent/1.1 (+https://developers.facebook.com/docs/sharing/webmasters/crawler)"
57.141.0.2 - - [16/Mar/2026:23:19:23 +0100] "GET /item/5868874 HTTP/1.0" 404 1498 "-" "meta-externalagent/1.1 (+https://developers.facebook.com/docs/sharing/webmasters/crawler)"
57.141.0.71 - - [16/Mar/2026:23:19:39 +0100] "GET /item/6352364 HTTP/1.0" 404 1498 "-" "meta-externalagent/1.1 (+https://developers.facebook.com/docs/sharing/webmasters/crawler)"
57.141.0.17 - - [16/Mar/2026:23:19:54 +0100] "GET /item/5779623 HTTP/1.0" 404 1498 "-" "meta-externalagent/1.1 (+https://developers.facebook.com/docs/sharing/webmasters/crawler)"
57.141.0.39 - - [16/Mar/2026:23:20:10 +0100] "GET /item/6296853 HTTP/1.0" 404 1498 "-" "meta-externalagent/1.1 (+https://developers.facebook.com/docs/sharing/webmasters/crawler)"
57.141.0.9 - - [16/Mar/2026:23:20:25 +0100] "GET /item/4633632 HTTP/1.0" 404 1498 "-" "meta-externalagent/1.1 (+https://developers.facebook.com/docs/sharing/webmasters/crawler)"
57.141.0.8 - - [16/Mar/2026:23:20:41 +0100] "GET /item/4981806 HTTP/1.0" 404 1498 "-" "meta-externalagent/1.1 (+https://developers.facebook.com/docs/sharing/webmasters/crawler)"
57.141.0.51 - - [16/Mar/2026:23:20:57 +0100] "GET /item/5782279 HTTP/1.0" 404 1498 "-" "meta-externalagent/1.1 (+https://developers.facebook.com/docs/sharing/webmasters/crawler)"
57.141.0.67 - - [16/Mar/2026:23:21:11 +0100] "GET /item/6789049 HTTP/1.0" 404 1498 "-" "meta-externalagent/1.1 (+https://developers.facebook.com/docs/sharing/webmasters/crawler)"
57.141.0.39 - - [16/Mar/2026:23:21:27 +0100] "GET /item/5419818 HTTP/1.0" 404 1498 "-" "meta-externalagent/1.1 (+https://developers.facebook.com/docs/sharing/webmasters/crawler)"
57.141.0.33 - - [16/Mar/2026:23:21:43 +0100] "GET /item/6214767 HTTP/1.0" 404 1498 "-" "meta-externalagent/1.1 (+https://developers.facebook.com/docs/sharing/webmasters/crawler)"
57.141.0.72 - - [16/Mar/2026:23:21:59 +0100] "GET /item/5365010 HTTP/1.0" 404 1498 "-" "meta-externalagent/1.1 (+https://developers.facebook.com/docs/sharing/webmasters/crawler)"
57.141.0.23 - - [16/Mar/2026:23:22:14 +0100] "GET /item/6046862 HTTP/1.0" 404 1498 "-" "meta-externalagent/1.1 (+https://developers.facebook.com/docs/sharing/webmasters/crawler)"
57.141.0.9 - - [16/Mar/2026:23:22:30 +0100] "GET /item/6177439 HTTP/1.0" 404 1498 "-" "meta-externalagent/1.1 (+https://developers.facebook.com/docs/sharing/webmasters/crawler)"
57.141.0.17 - - [16/Mar/2026:23:22:45 +0100] "GET /item/5521887 HTTP/1.0" 404 1498 "-" "meta-externalagent/1.1 (+https://developers.facebook.com/docs/sharing/webmasters/crawler)"
78.246.85.51 - - [16/Mar/2026:23:22:50 +0100] "GET /noticias-listado.php HTTP/1.0" 200 58469 "https://www.google.com/" "Mozilla/5.0 (Windows NT 10.0; Win64; x64) AppleWebKit/537.36 (KHTML, like Gecko) Chrome/146.0.0.0 Safari/537.36"
78.246.85.51 - - [16/Mar/2026:23:22:51 +0100] "POST /clientlog HTTP/1.0" 404 1127 "https://asadorcasatomas.com/noticias-listado.php" "Mozilla/5.0 (Windows NT 10.0; Win64; x64) AppleWebKit/537.36 (KHTML, like Gecko) Chrome/146.0.0.0 Safari/537.36"
78.246.85.51 - - [16/Mar/2026:23:22:51 +0100] "GET /api/v3/ajax/member/users/listings-favorites-collections-map?listing_ids%5B%5D=1790774795 HTTP/1.0" 404 1127 "https://asadorcasatomas.com/noticias-listado.php" "Mozilla/5.0 (Windows NT 10.0; Win64; x64) AppleWebKit/537.36 (KHTML, like Gecko) Chrome/146.0.0.0 Safari/537.36"
78.246.85.51 - - [16/Mar/2026:23:22:51 +0100] "POST /clientlog HTTP/1.0" 404 1127 "https://asadorcasatomas.com/noticias-listado.php" "Mozilla/5.0 (Windows NT 10.0; Win64; x64) AppleWebKit/537.36 (KHTML, like Gecko) Chrome/146.0.0.0 Safari/537.36"
78.246.85.51 - - [16/Mar/2026:23:22:51 +0100] "POST /api/v3/ajax/bespoke/member/neu/specs/listing_async_bottom HTTP/1.0" 404 1127 "https://asadorcasatomas.com/noticias-listado.php" "Mozilla/5.0 (Windows NT 10.0; Win64; x64) AppleWebKit/537.36 (KHTML, like Gecko) Chrome/146.0.0.0 Safari/537.36"
78.246.85.51 - - [16/Mar/2026:23:22:51 +0100] "POST /api/v3/ajax/bespoke/member/neu/specs/listing_async_bottom_collections HTTP/1.0" 404 1127 "https://asadorcasatomas.com/noticias-listado.php" "Mozilla/5.0 (Windows NT 10.0; Win64; x64) AppleWebKit/537.36 (KHTML, like Gecko) Chrome/146.0.0.0 Safari/537.36"
78.246.85.51 - - [16/Mar/2026:23:22:51 +0100] "POST /clientlog HTTP/1.0" 404 1127 "https://asadorcasatomas.com/noticias-listado.php" "Mozilla/5.0 (Windows NT 10.0; Win64; x64) AppleWebKit/537.36 (KHTML, like Gecko) Chrome/146.0.0.0 Safari/537.36"
78.246.85.51 - - [16/Mar/2026:23:22:51 +0100] "POST /clientlog HTTP/1.0" 404 1127 "https://asadorcasatomas.com/noticias-listado.php" "Mozilla/5.0 (Windows NT 10.0; Win64; x64) AppleWebKit/537.36 (KHTML, like Gecko) Chrome/146.0.0.0 Safari/537.36"
78.246.85.51 - - [16/Mar/2026:23:22:51 +0100] "POST /clientlog HTTP/1.0" 404 1127 "https://asadorcasatomas.com/noticias-listado.php" "Mozilla/5.0 (Windows NT 10.0; Win64; x64) AppleWebKit/537.36 (KHTML, like Gecko) Chrome/146.0.0.0 Safari/537.36"
78.246.85.51 - - [16/Mar/2026:23:22:51 +0100] "GET /robots.txt HTTP/1.0" 304 311 "-" "Mozilla/5.0 (Windows NT 10.0; Win64; x64) AppleWebKit/537.36 (KHTML, like Gecko) Chrome/146.0.0.0 Safari/537.36"
57.141.0.19 - - [16/Mar/2026:23:23:01 +0100] "GET /item/5845622 HTTP/1.0" 404 1498 "-" "meta-externalagent/1.1 (+https://developers.facebook.com/docs/sharing/webmasters/crawler)"
57.141.0.25 - - [16/Mar/2026:23:23:17 +0100] "GET /item/6714197 HTTP/1.0" 404 1498 "-" "meta-externalagent/1.1 (+https://developers.facebook.com/docs/sharing/webmasters/crawler)"
57.141.0.66 - - [16/Mar/2026:23:23:32 +0100] "GET /item/4661244 HTTP/1.0" 404 1498 "-" "meta-externalagent/1.1 (+https://developers.facebook.com/docs/sharing/webmasters/crawler)"
78.246.85.51 - - [16/Mar/2026:23:23:32 +0100] "GET /indexer.php HTTP/1.0" 200 10362 "https://www.google.com/" "Mozilla/5.0 (Windows NT 10.0; Win64; x64) AppleWebKit/537.36 (KHTML, like Gecko) Chrome/146.0.0.0 Safari/537.36"
78.246.85.51 - - [16/Mar/2026:23:23:33 +0100] "GET /favicon.ico HTTP/1.0" 404 1127 "https://asadorcasatomas.com/indexer.php" "Mozilla/5.0 (Windows NT 10.0; Win64; x64) AppleWebKit/537.36 (KHTML, like Gecko) Chrome/146.0.0.0 Safari/537.36"
57.141.0.49 - - [16/Mar/2026:23:23:47 +0100] "GET /item/7167279 HTTP/1.0" 404 1498 "-" "meta-externalagent/1.1 (+https://developers.facebook.com/docs/sharing/webmasters/crawler)"
57.141.0.53 - - [16/Mar/2026:23:24:03 +0100] "GET /item/5354847 HTTP/1.0" 404 1498 "-" "meta-externalagent/1.1 (+https://developers.facebook.com/docs/sharing/webmasters/crawler)"
57.141.0.14 - - [16/Mar/2026:23:24:18 +0100] "GET /item/6383428 HTTP/1.0" 404 1498 "-" "meta-externalagent/1.1 (+https://developers.facebook.com/docs/sharing/webmasters/crawler)"
57.141.0.4 - - [16/Mar/2026:23:24:34 +0100] "GET /item/4587085 HTTP/1.0" 404 1498 "-" "meta-externalagent/1.1 (+https://developers.facebook.com/docs/sharing/webmasters/crawler)"
57.141.0.70 - - [16/Mar/2026:23:24:50 +0100] "GET /item/5543940 HTTP/1.0" 404 1498 "-" "meta-externalagent/1.1 (+https://developers.facebook.com/docs/sharing/webmasters/crawler)"
57.141.0.27 - - [16/Mar/2026:23:25:05 +0100] "GET /item/5552649 HTTP/1.0" 404 1498 "-" "meta-externalagent/1.1 (+https://developers.facebook.com/docs/sharing/webmasters/crawler)"
216.73.216.50 - - [16/Mar/2026:23:25:06 +0100] "GET /sitemap.xml HTTP/1.0" 200 404 "-" "Mozilla/5.0 AppleWebKit/537.36 (KHTML, like Gecko; compatible; ClaudeBot/1.0; +claudebot@anthropic.com)"
57.141.0.15 - - [16/Mar/2026:23:25:21 +0100] "GET /item/6737072 HTTP/1.0" 404 1498 "-" "meta-externalagent/1.1 (+https://developers.facebook.com/docs/sharing/webmasters/crawler)"
57.141.0.4 - - [16/Mar/2026:23:25:36 +0100] "GET /item/4577613 HTTP/1.0" 404 1498 "-" "meta-externalagent/1.1 (+https://developers.facebook.com/docs/sharing/webmasters/crawler)"
57.141.0.22 - - [16/Mar/2026:23:25:52 +0100] "GET /item/6104420 HTTP/1.0" 404 1498 "-" "meta-externalagent/1.1 (+https://developers.facebook.com/docs/sharing/webmasters/crawler)"
57.141.0.43 - - [16/Mar/2026:23:26:08 +0100] "GET /item/6621015 HTTP/1.0" 404 1498 "-" "meta-externalagent/1.1 (+https://developers.facebook.com/docs/sharing/webmasters/crawler)"
57.141.0.4 - - [16/Mar/2026:23:26:23 +0100] "GET /item/5263813 HTTP/1.0" 404 1498 "-" "meta-externalagent/1.1 (+https://developers.facebook.com/docs/sharing/webmasters/crawler)"
57.141.0.33 - - [16/Mar/2026:23:26:38 +0100] "GET /item/5253858 HTTP/1.0" 404 1498 "-" "meta-externalagent/1.1 (+https://developers.facebook.com/docs/sharing/webmasters/crawler)"
57.141.0.56 - - [16/Mar/2026:23:26:54 +0100] "GET /item/4859204 HTTP/1.0" 404 1498 "-" "meta-externalagent/1.1 (+https://developers.facebook.com/docs/sharing/webmasters/crawler)"
57.141.0.24 - - [16/Mar/2026:23:27:10 +0100] "GET /item/4282248 HTTP/1.0" 404 1498 "-" "meta-externalagent/1.1 (+https://developers.facebook.com/docs/sharing/webmasters/crawler)"
57.141.0.33 - - [16/Mar/2026:23:27:25 +0100] "GET /item/4660205 HTTP/1.0" 404 1498 "-" "meta-externalagent/1.1 (+https://developers.facebook.com/docs/sharing/webmasters/crawler)"
57.141.0.17 - - [16/Mar/2026:23:27:41 +0100] "GET /item/6018972 HTTP/1.0" 404 1498 "-" "meta-externalagent/1.1 (+https://developers.facebook.com/docs/sharing/webmasters/crawler)"
57.141.0.67 - - [16/Mar/2026:23:27:57 +0100] "GET /item/4435830 HTTP/1.0" 404 1498 "-" "meta-externalagent/1.1 (+https://developers.facebook.com/docs/sharing/webmasters/crawler)"
57.141.0.27 - - [16/Mar/2026:23:28:12 +0100] "GET /item/5553820 HTTP/1.0" 404 1498 "-" "meta-externalagent/1.1 (+https://developers.facebook.com/docs/sharing/webmasters/crawler)"
57.141.0.61 - - [16/Mar/2026:23:28:28 +0100] "GET /item/5793076 HTTP/1.0" 404 1498 "-" "meta-externalagent/1.1 (+https://developers.facebook.com/docs/sharing/webmasters/crawler)"
57.141.0.41 - - [16/Mar/2026:23:28:43 +0100] "GET /item/4444689 HTTP/1.0" 404 1498 "-" "meta-externalagent/1.1 (+https://developers.facebook.com/docs/sharing/webmasters/crawler)"
57.141.0.70 - - [16/Mar/2026:23:28:59 +0100] "GET /item/6196839 HTTP/1.0" 404 1498 "-" "meta-externalagent/1.1 (+https://developers.facebook.com/docs/sharing/webmasters/crawler)"
36.37.198.37 - - [16/Mar/2026:23:29:11 +0100] "GET /noticias-listado.php HTTP/1.0" 200 58469 "https://www.google.com/" "Mozilla/5.0 (iPhone; CPU iPhone OS 26_1_0 like Mac OS X) AppleWebKit/605.1.15 (KHTML, like Gecko) CriOS/145.0.7632.108 Mobile/15E148 Safari/604.1"
36.37.198.37 - - [16/Mar/2026:23:29:12 +0100] "POST /clientlog HTTP/1.0" 404 1127 "https://asadorcasatomas.com/noticias-listado.php" "Mozilla/5.0 (iPhone; CPU iPhone OS 26_1_0 like Mac OS X) AppleWebKit/605.1.15 (KHTML, like Gecko) CriOS/145.0.7632.108 Mobile/15E148 Safari/604.1"
36.37.198.37 - - [16/Mar/2026:23:29:13 +0100] "POST /clientlog HTTP/1.0" 404 1127 "https://asadorcasatomas.com/noticias-listado.php" "Mozilla/5.0 (iPhone; CPU iPhone OS 26_1_0 like Mac OS X) AppleWebKit/605.1.15 (KHTML, like Gecko) CriOS/145.0.7632.108 Mobile/15E148 Safari/604.1"
36.37.198.37 - - [16/Mar/2026:23:29:13 +0100] "GET /api/v3/ajax/member/users/listings-favorites-collections-map?listing_ids%5B%5D=1790774795 HTTP/1.0" 404 1127 "https://asadorcasatomas.com/noticias-listado.php" "Mozilla/5.0 (iPhone; CPU iPhone OS 26_1_0 like Mac OS X) AppleWebKit/605.1.15 (KHTML, like Gecko) CriOS/145.0.7632.108 Mobile/15E148 Safari/604.1"
36.37.198.37 - - [16/Mar/2026:23:29:13 +0100] "GET /api/v3/ajax/bespoke/public/neu/specs/catnav-mobile?log_performance_metrics=false&specs%5Bcatnav-mobile%5D%5B%5D=CategoryNav_V2_Mobile_ApiSpec_CategoryNav&specs%5Bcatnav-mobile%5D%5B1%5D%5Bmott_version%5D=761dfd2&specs%5Bcatnav-mobile%5D%5B1%5D%5Bshow_sales%5D=false&specs%5Bcatnav-mobile%5D%5B1%5D%5Bcatnav_gift_guide%5D=off&specs%5Bcatnav-mobile%5D%5B1%5D%5Bgifting_catnav_flyout_js%5D=false&specs%5Bcatnav-mobile%5D%5B1%5D%5Bshould_show_registry_on_nav%5D=false&specs%5Bcatnav-mobile%5D%5B1%5D%5Bshould_use_gifting_taxos_in_nav_flyout%5D=false&specs%5Bcatnav-mobile%5D%5B1%5D%5Blocale%5D=IDR%7Cen-GB%7CID&specs%5Bcatnav-mobile%5D%5B1%5D%5Bshould_use_buyer_taxo%5D=false&runtime_analysis=false HTTP/1.0" 404 1127 "https://asadorcasatomas.com/noticias-listado.php" "Mozilla/5.0 (iPhone; CPU iPhone OS 26_1_0 like Mac OS X) AppleWebKit/605.1.15 (KHTML, like Gecko) CriOS/145.0.7632.108 Mobile/15E148 Safari/604.1"
66.249.73.96 - - [16/Mar/2026:23:29:13 +0100] "GET /noticias-listado.php HTTP/1.0" 200 58469 "-" "Mozilla/5.0 (Linux; Android 6.0.1; Nexus 5X Build/MMB29P) AppleWebKit/537.36 (KHTML, like Gecko) Chrome/99.0.4844.84 Mobile Safari/537.36 (compatible; Googlebot/2.1; +http://www.google.com/bot.html)"
36.37.198.37 - - [16/Mar/2026:23:29:13 +0100] "GET /images/1x1.gif?ch=1&rn=0.5057693782817475 HTTP/1.0" 404 1127 "https://asadorcasatomas.com/noticias-listado.php" "Mozilla/5.0 (iPhone; CPU iPhone OS 26_1_0 like Mac OS X) AppleWebKit/605.1.15 (KHTML, like Gecko) CriOS/145.0.7632.108 Mobile/15E148 Safari/604.1"
36.37.198.37 - - [16/Mar/2026:23:29:13 +0100] "POST /clientlog HTTP/1.0" 404 1127 "https://asadorcasatomas.com/noticias-listado.php" "Mozilla/5.0 (iPhone; CPU iPhone OS 26_1_0 like Mac OS X) AppleWebKit/605.1.15 (KHTML, like Gecko) CriOS/145.0.7632.108 Mobile/15E148 Safari/604.1"
36.37.198.37 - - [16/Mar/2026:23:29:13 +0100] "GET /images/1x1.gif?ch=2&rn=0.5057693782817475 HTTP/1.0" 404 1127 "https://asadorcasatomas.com/noticias-listado.php" "Mozilla/5.0 (iPhone; CPU iPhone OS 26_1_0 like Mac OS X) AppleWebKit/605.1.15 (KHTML, like Gecko) CriOS/145.0.7632.108 Mobile/15E148 Safari/604.1"
36.37.198.37 - - [16/Mar/2026:23:29:13 +0100] "POST /api/v3/ajax/public/statsd HTTP/1.0" 404 1127 "https://asadorcasatomas.com/noticias-listado.php" "Mozilla/5.0 (iPhone; CPU iPhone OS 26_1_0 like Mac OS X) AppleWebKit/605.1.15 (KHTML, like Gecko) CriOS/145.0.7632.108 Mobile/15E148 Safari/604.1"
36.37.198.37 - - [16/Mar/2026:23:29:14 +0100] "POST /clientlog HTTP/1.0" 404 1127 "https://asadorcasatomas.com/noticias-listado.php" "Mozilla/5.0 (iPhone; CPU iPhone OS 26_1_0 like Mac OS X) AppleWebKit/605.1.15 (KHTML, like Gecko) CriOS/145.0.7632.108 Mobile/15E148 Safari/604.1"
57.141.0.61 - - [16/Mar/2026:23:29:14 +0100] "GET /item/4333261 HTTP/1.0" 404 1498 "-" "meta-externalagent/1.1 (+https://developers.facebook.com/docs/sharing/webmasters/crawler)"
66.249.73.97 - - [16/Mar/2026:23:29:15 +0100] "GET /noticias-listado.php HTTP/1.0" 200 58469 "-" "Mozilla/5.0 (compatible; Googlebot/2.1; +http://www.google.com/bot.html)"
66.249.73.96 - - [16/Mar/2026:23:29:16 +0100] "POST /clientlog HTTP/1.0" 404 1127 "https://asadorcasatomas.com/noticias-listado.php" "Mozilla/5.0 (Linux; Android 6.0.1; Nexus 5X Build/MMB29P) AppleWebKit/537.36 (KHTML, like Gecko) Chrome/145.0.7632.116 Mobile Safari/537.36 (compatible; Googlebot/2.1; +http://www.google.com/bot.html)"
66.249.73.103 - - [16/Mar/2026:23:29:17 +0100] "POST /clientlog HTTP/1.0" 404 1127 "https://asadorcasatomas.com/noticias-listado.php" "Mozilla/5.0 AppleWebKit/537.36 (KHTML, like Gecko; compatible; Googlebot/2.1; +http://www.google.com/bot.html) Chrome/145.0.7632.116 Safari/537.36"
66.249.73.96 - - [16/Mar/2026:23:29:17 +0100] "POST /clientlog HTTP/1.0" 404 1127 "https://asadorcasatomas.com/noticias-listado.php" "Mozilla/5.0 (Linux; Android 6.0.1; Nexus 5X Build/MMB29P) AppleWebKit/537.36 (KHTML, like Gecko) Chrome/145.0.7632.116 Mobile Safari/537.36 (compatible; Googlebot/2.1; +http://www.google.com/bot.html)"
66.249.73.96 - - [16/Mar/2026:23:29:18 +0100] "POST /clientlog HTTP/1.0" 404 1127 "https://asadorcasatomas.com/noticias-listado.php" "Mozilla/5.0 (Linux; Android 6.0.1; Nexus 5X Build/MMB29P) AppleWebKit/537.36 (KHTML, like Gecko) Chrome/145.0.7632.116 Mobile Safari/537.36 (compatible; Googlebot/2.1; +http://www.google.com/bot.html)"
