57.141.0.37 - - [17/Mar/2026:00:00:35 +0100] "GET /item/6141770 HTTP/1.0" 404 1498 "-" "meta-externalagent/1.1 (+https://developers.facebook.com/docs/sharing/webmasters/crawler)"
57.141.0.48 - - [17/Mar/2026:00:00:51 +0100] "GET /item/7115513 HTTP/1.0" 404 1498 "-" "meta-externalagent/1.1 (+https://developers.facebook.com/docs/sharing/webmasters/crawler)"
57.141.0.10 - - [17/Mar/2026:00:01:06 +0100] "GET /item/6818508 HTTP/1.0" 404 1498 "-" "meta-externalagent/1.1 (+https://developers.facebook.com/docs/sharing/webmasters/crawler)"
57.141.0.49 - - [17/Mar/2026:00:01:22 +0100] "GET /item/4259893 HTTP/1.0" 404 1498 "-" "meta-externalagent/1.1 (+https://developers.facebook.com/docs/sharing/webmasters/crawler)"
57.141.0.42 - - [17/Mar/2026:00:01:37 +0100] "GET /item/4548091 HTTP/1.0" 404 1498 "-" "meta-externalagent/1.1 (+https://developers.facebook.com/docs/sharing/webmasters/crawler)"
57.141.0.29 - - [17/Mar/2026:00:01:53 +0100] "GET /item/6869223 HTTP/1.0" 404 1498 "-" "meta-externalagent/1.1 (+https://developers.facebook.com/docs/sharing/webmasters/crawler)"
57.141.0.3 - - [17/Mar/2026:00:02:08 +0100] "GET /item/6577848 HTTP/1.0" 404 1498 "-" "meta-externalagent/1.1 (+https://developers.facebook.com/docs/sharing/webmasters/crawler)"
57.141.0.51 - - [17/Mar/2026:00:02:24 +0100] "GET /item/4689506 HTTP/1.0" 404 1498 "-" "meta-externalagent/1.1 (+https://developers.facebook.com/docs/sharing/webmasters/crawler)"
57.141.0.34 - - [17/Mar/2026:00:02:40 +0100] "GET /item/7212419 HTTP/1.0" 404 1498 "-" "meta-externalagent/1.1 (+https://developers.facebook.com/docs/sharing/webmasters/crawler)"
57.141.0.34 - - [17/Mar/2026:00:02:56 +0100] "GET /item/6377552 HTTP/1.0" 404 1498 "-" "meta-externalagent/1.1 (+https://developers.facebook.com/docs/sharing/webmasters/crawler)"
57.141.0.46 - - [17/Mar/2026:00:03:10 +0100] "GET /item/5308908 HTTP/1.0" 404 1498 "-" "meta-externalagent/1.1 (+https://developers.facebook.com/docs/sharing/webmasters/crawler)"
57.141.0.47 - - [17/Mar/2026:00:03:26 +0100] "GET /item/4595750 HTTP/1.0" 404 1498 "-" "meta-externalagent/1.1 (+https://developers.facebook.com/docs/sharing/webmasters/crawler)"
57.141.0.53 - - [17/Mar/2026:00:03:41 +0100] "GET /item/7158515 HTTP/1.0" 404 1498 "-" "meta-externalagent/1.1 (+https://developers.facebook.com/docs/sharing/webmasters/crawler)"
57.141.0.33 - - [17/Mar/2026:00:03:57 +0100] "GET /item/6148966 HTTP/1.0" 404 1498 "-" "meta-externalagent/1.1 (+https://developers.facebook.com/docs/sharing/webmasters/crawler)"
57.141.0.59 - - [17/Mar/2026:00:04:13 +0100] "GET /item/5522933 HTTP/1.0" 404 1498 "-" "meta-externalagent/1.1 (+https://developers.facebook.com/docs/sharing/webmasters/crawler)"
57.141.0.71 - - [17/Mar/2026:00:04:28 +0100] "GET /item/4638639 HTTP/1.0" 404 1498 "-" "meta-externalagent/1.1 (+https://developers.facebook.com/docs/sharing/webmasters/crawler)"
57.141.0.65 - - [17/Mar/2026:00:04:44 +0100] "GET /item/6688197 HTTP/1.0" 404 1498 "-" "meta-externalagent/1.1 (+https://developers.facebook.com/docs/sharing/webmasters/crawler)"
97.102.160.39 - - [17/Mar/2026:00:04:57 +0100] "POST /xmlrpc.php HTTP/1.0" 404 1498 "-" "Mozilla/5.0 (Linux; Android 10; x64) AppleWebKit/537.36 (KHTML, like Gecko) Chrome/92.0.0.0 Safari/537.36"
97.102.160.39 - - [17/Mar/2026:00:04:58 +0100] "GET /xmlrpc.php HTTP/1.0" 404 1498 "-" "Mozilla/5.0 (Windows NT 6.3; arm64) AppleWebKit/537.36 (KHTML, like Gecko) Edge/92.0.0.0 Safari/537.36"
57.141.0.36 - - [17/Mar/2026:00:05:00 +0100] "GET /item/5151153 HTTP/1.0" 404 1498 "-" "meta-externalagent/1.1 (+https://developers.facebook.com/docs/sharing/webmasters/crawler)"
65.128.118.216 - - [17/Mar/2026:00:05:04 +0100] "GET /index.php HTTP/1.0" 200 21920 "https://asadorcasatomas.com/" "Mozilla/5.0 (Windows NT 10.0; Win64; x64) AppleWebKit/537.36 (KHTML, like Gecko) Chrome/114.0.0.0 YaBrowser/22.7.0 Yowser/2.5 Safari/537.36"
65.128.118.216 - - [17/Mar/2026:00:05:07 +0100] "GET /restaurante-casa-tomas.html HTTP/1.0" 200 421 "https://asadorcasatomas.com/index.php" "Mozilla/5.0 (Windows NT 10.0; Win64; x64) AppleWebKit/537.36 (KHTML, like Gecko) Chrome/114.0.0.0 YaBrowser/22.7.0 Yowser/2.5 Safari/537.36"
57.141.0.42 - - [17/Mar/2026:00:05:15 +0100] "GET /item/5703494 HTTP/1.0" 404 1498 "-" "meta-externalagent/1.1 (+https://developers.facebook.com/docs/sharing/webmasters/crawler)"
159.223.146.226 - - [17/Mar/2026:00:05:22 +0100] "GET / HTTP/1.0" 301 669 "-" "Mozilla/5.0 (X11; Linux x86_64) AppleWebKit/537.36 (KHTML, like Gecko) Chrome/55.0.2883.87 Safari/537.36"
159.223.146.226 - - [17/Mar/2026:00:05:23 +0100] "GET /index.php HTTP/1.0" 200 22011 "-" "Mozilla/5.0 (X11; Linux x86_64) AppleWebKit/537.36 (KHTML, like Gecko) Chrome/55.0.2883.87 Safari/537.36"
57.141.0.20 - - [17/Mar/2026:00:05:30 +0100] "GET /item/5501188 HTTP/1.0" 404 1498 "-" "meta-externalagent/1.1 (+https://developers.facebook.com/docs/sharing/webmasters/crawler)"
57.141.0.61 - - [17/Mar/2026:00:05:46 +0100] "GET /item/5376614 HTTP/1.0" 404 1498 "-" "meta-externalagent/1.1 (+https://developers.facebook.com/docs/sharing/webmasters/crawler)"
57.141.0.48 - - [17/Mar/2026:00:06:02 +0100] "GET /item/6699381 HTTP/1.0" 404 1498 "-" "meta-externalagent/1.1 (+https://developers.facebook.com/docs/sharing/webmasters/crawler)"
57.141.0.57 - - [17/Mar/2026:00:06:17 +0100] "GET /featured-designers HTTP/1.0" 404 1498 "-" "meta-externalagent/1.1 (+https://developers.facebook.com/docs/sharing/webmasters/crawler)"
57.141.0.7 - - [17/Mar/2026:00:06:33 +0100] "GET /item/6565531 HTTP/1.0" 404 1498 "-" "meta-externalagent/1.1 (+https://developers.facebook.com/docs/sharing/webmasters/crawler)"
57.141.0.13 - - [17/Mar/2026:00:06:49 +0100] "GET /item/6479464 HTTP/1.0" 404 1498 "-" "meta-externalagent/1.1 (+https://developers.facebook.com/docs/sharing/webmasters/crawler)"
57.141.0.54 - - [17/Mar/2026:00:07:03 +0100] "GET /item/6079025 HTTP/1.0" 404 1498 "-" "meta-externalagent/1.1 (+https://developers.facebook.com/docs/sharing/webmasters/crawler)"
57.141.0.36 - - [17/Mar/2026:00:07:20 +0100] "GET /item/5386422 HTTP/1.0" 404 1498 "-" "meta-externalagent/1.1 (+https://developers.facebook.com/docs/sharing/webmasters/crawler)"
57.141.0.63 - - [17/Mar/2026:00:07:35 +0100] "GET /item/4861268 HTTP/1.0" 404 1498 "-" "meta-externalagent/1.1 (+https://developers.facebook.com/docs/sharing/webmasters/crawler)"
57.141.0.29 - - [17/Mar/2026:00:07:50 +0100] "GET /item/5544351 HTTP/1.0" 404 1498 "-" "meta-externalagent/1.1 (+https://developers.facebook.com/docs/sharing/webmasters/crawler)"
66.249.73.97 - - [17/Mar/2026:00:07:51 +0100] "GET /uploads/noticias/20231207112826-abierto-1-enero.jpg HTTP/1.0" 200 428 "-" "Googlebot-Image/1.0"
57.141.0.64 - - [17/Mar/2026:00:08:07 +0100] "GET /item/4557360 HTTP/1.0" 404 1498 "-" "meta-externalagent/1.1 (+https://developers.facebook.com/docs/sharing/webmasters/crawler)"
57.141.0.65 - - [17/Mar/2026:00:08:22 +0100] "GET /item/6798003 HTTP/1.0" 404 1498 "-" "meta-externalagent/1.1 (+https://developers.facebook.com/docs/sharing/webmasters/crawler)"
57.141.0.33 - - [17/Mar/2026:00:08:37 +0100] "GET /item/6307504 HTTP/1.0" 404 1498 "-" "meta-externalagent/1.1 (+https://developers.facebook.com/docs/sharing/webmasters/crawler)"
57.141.0.44 - - [17/Mar/2026:00:08:52 +0100] "GET /item/5410924 HTTP/1.0" 404 1498 "-" "meta-externalagent/1.1 (+https://developers.facebook.com/docs/sharing/webmasters/crawler)"
57.141.0.38 - - [17/Mar/2026:00:09:07 +0100] "GET /item/5418462 HTTP/1.0" 404 1498 "-" "meta-externalagent/1.1 (+https://developers.facebook.com/docs/sharing/webmasters/crawler)"
57.141.0.58 - - [17/Mar/2026:00:09:23 +0100] "GET /item/6974297 HTTP/1.0" 404 1498 "-" "meta-externalagent/1.1 (+https://developers.facebook.com/docs/sharing/webmasters/crawler)"
57.141.0.9 - - [17/Mar/2026:00:09:40 +0100] "GET /item/5256176 HTTP/1.0" 404 1498 "-" "meta-externalagent/1.1 (+https://developers.facebook.com/docs/sharing/webmasters/crawler)"
57.141.0.17 - - [17/Mar/2026:00:09:55 +0100] "GET /item/4485419 HTTP/1.0" 404 1498 "-" "meta-externalagent/1.1 (+https://developers.facebook.com/docs/sharing/webmasters/crawler)"
57.141.0.53 - - [17/Mar/2026:00:10:11 +0100] "GET /item/5817119 HTTP/1.0" 404 1498 "-" "meta-externalagent/1.1 (+https://developers.facebook.com/docs/sharing/webmasters/crawler)"
17.241.227.106 - - [17/Mar/2026:00:10:26 +0100] "GET /noticia/68/noticia/76/img/restaurante-casa-tomas.html HTTP/1.0" 200 4589 "-" "Mozilla/5.0 (Macintosh; Intel Mac OS X 10_15_7) AppleWebKit/605.1.15 (KHTML, like Gecko) Version/17.4 Safari/605.1.15 (Applebot/0.1; +http://www.apple.com/go/applebot)"
57.141.0.29 - - [17/Mar/2026:00:10:26 +0100] "GET /item/6088138 HTTP/1.0" 404 1498 "-" "meta-externalagent/1.1 (+https://developers.facebook.com/docs/sharing/webmasters/crawler)"
57.141.0.55 - - [17/Mar/2026:00:10:42 +0100] "GET /item/5156755 HTTP/1.0" 404 1498 "-" "meta-externalagent/1.1 (+https://developers.facebook.com/docs/sharing/webmasters/crawler)"
57.141.0.71 - - [17/Mar/2026:00:10:57 +0100] "GET /item/6755934 HTTP/1.0" 404 1498 "-" "meta-externalagent/1.1 (+https://developers.facebook.com/docs/sharing/webmasters/crawler)"
57.141.0.37 - - [17/Mar/2026:00:11:13 +0100] "GET /item/4876103 HTTP/1.0" 404 1498 "-" "meta-externalagent/1.1 (+https://developers.facebook.com/docs/sharing/webmasters/crawler)"
57.141.0.65 - - [17/Mar/2026:00:11:28 +0100] "GET /item/6475738 HTTP/1.0" 404 1498 "-" "meta-externalagent/1.1 (+https://developers.facebook.com/docs/sharing/webmasters/crawler)"
57.141.0.62 - - [17/Mar/2026:00:11:44 +0100] "GET /item/6687694 HTTP/1.0" 404 1498 "-" "meta-externalagent/1.1 (+https://developers.facebook.com/docs/sharing/webmasters/crawler)"
216.73.216.189 - - [17/Mar/2026:00:11:49 +0100] "GET /robots.txt HTTP/1.0" 200 490 "-" "Mozilla/5.0 AppleWebKit/537.36 (KHTML, like Gecko; compatible; ClaudeBot/1.0; +claudebot@anthropic.com)"
216.73.216.189 - - [17/Mar/2026:00:11:49 +0100] "GET /sitemap.xml HTTP/1.0" 200 404 "-" "Mozilla/5.0 AppleWebKit/537.36 (KHTML, like Gecko; compatible; ClaudeBot/1.0; +claudebot@anthropic.com)"
57.141.0.24 - - [17/Mar/2026:00:11:59 +0100] "GET /item/6605129 HTTP/1.0" 404 1498 "-" "meta-externalagent/1.1 (+https://developers.facebook.com/docs/sharing/webmasters/crawler)"
57.141.0.17 - - [17/Mar/2026:00:12:14 +0100] "GET /item/6030856 HTTP/1.0" 404 1498 "-" "meta-externalagent/1.1 (+https://developers.facebook.com/docs/sharing/webmasters/crawler)"
57.141.0.26 - - [17/Mar/2026:00:12:31 +0100] "GET /item/5909006 HTTP/1.0" 404 1498 "-" "meta-externalagent/1.1 (+https://developers.facebook.com/docs/sharing/webmasters/crawler)"
57.141.0.8 - - [17/Mar/2026:00:12:46 +0100] "GET /item/5111859 HTTP/1.0" 404 1498 "-" "meta-externalagent/1.1 (+https://developers.facebook.com/docs/sharing/webmasters/crawler)"
17.241.219.206 - - [17/Mar/2026:00:12:58 +0100] "GET /js/clearbox.js HTTP/1.0" 200 421 "https://asadorcasatomas.com/noticia/68/noticia/76/img/restaurante-casa-tomas.html" "Mozilla/5.0 (Macintosh; Intel Mac OS X 10_15_7) AppleWebKit/605.1.15 (KHTML, like Gecko) Version/17.4 Safari/605.1.15 (Applebot/0.1; +http://www.apple.com/go/applebot)"
57.141.0.63 - - [17/Mar/2026:00:13:02 +0100] "GET /item/5581621 HTTP/1.0" 404 1498 "-" "meta-externalagent/1.1 (+https://developers.facebook.com/docs/sharing/webmasters/crawler)"
17.241.75.161 - - [17/Mar/2026:00:13:03 +0100] "GET /css/estilos.css HTTP/1.0" 200 408 "https://asadorcasatomas.com/noticia/68/noticia/76/img/restaurante-casa-tomas.html" "Mozilla/5.0 (Macintosh; Intel Mac OS X 10_15_7) AppleWebKit/605.1.15 (KHTML, like Gecko) Version/17.4 Safari/605.1.15 (Applebot/0.1; +http://www.apple.com/go/applebot)"
17.241.227.217 - - [17/Mar/2026:00:13:08 +0100] "GET /js/funciones.js HTTP/1.0" 200 422 "https://asadorcasatomas.com/noticia/68/noticia/76/img/restaurante-casa-tomas.html" "Mozilla/5.0 (Macintosh; Intel Mac OS X 10_15_7) AppleWebKit/605.1.15 (KHTML, like Gecko) Version/17.4 Safari/605.1.15 (Applebot/0.1; +http://www.apple.com/go/applebot)"
17.241.75.149 - - [17/Mar/2026:00:13:13 +0100] "GET /clearbox/core/cb_core.js HTTP/1.0" 200 431 "https://asadorcasatomas.com/noticia/68/noticia/76/img/restaurante-casa-tomas.html" "Mozilla/5.0 (Macintosh; Intel Mac OS X 10_15_7) AppleWebKit/605.1.15 (KHTML, like Gecko) Version/17.4 Safari/605.1.15 (Applebot/0.1; +http://www.apple.com/go/applebot)"
57.141.0.5 - - [17/Mar/2026:00:13:17 +0100] "GET /item/6800503 HTTP/1.0" 404 1498 "-" "meta-externalagent/1.1 (+https://developers.facebook.com/docs/sharing/webmasters/crawler)"
17.241.227.49 - - [17/Mar/2026:00:13:18 +0100] "GET /clearbox/config/default/cb_config.js HTTP/1.0" 200 443 "https://asadorcasatomas.com/noticia/68/noticia/76/img/restaurante-casa-tomas.html" "Mozilla/5.0 (Macintosh; Intel Mac OS X 10_15_7) AppleWebKit/605.1.15 (KHTML, like Gecko) Version/17.4 Safari/605.1.15 (Applebot/0.1; +http://www.apple.com/go/applebot)"
57.141.0.70 - - [17/Mar/2026:00:13:33 +0100] "GET /item/5749454 HTTP/1.0" 404 1498 "-" "meta-externalagent/1.1 (+https://developers.facebook.com/docs/sharing/webmasters/crawler)"
57.141.0.14 - - [17/Mar/2026:00:13:48 +0100] "GET /item/6582080 HTTP/1.0" 404 1498 "-" "meta-externalagent/1.1 (+https://developers.facebook.com/docs/sharing/webmasters/crawler)"
57.141.0.6 - - [17/Mar/2026:00:14:03 +0100] "GET /totes HTTP/1.0" 404 1498 "-" "meta-externalagent/1.1 (+https://developers.facebook.com/docs/sharing/webmasters/crawler)"
57.141.0.10 - - [17/Mar/2026:00:14:19 +0100] "GET /item/5430440 HTTP/1.0" 404 1498 "-" "meta-externalagent/1.1 (+https://developers.facebook.com/docs/sharing/webmasters/crawler)"
57.141.0.38 - - [17/Mar/2026:00:14:35 +0100] "GET /item/4800702 HTTP/1.0" 404 1498 "-" "meta-externalagent/1.1 (+https://developers.facebook.com/docs/sharing/webmasters/crawler)"
57.141.0.64 - - [17/Mar/2026:00:14:50 +0100] "GET /item/4821928 HTTP/1.0" 404 1498 "-" "meta-externalagent/1.1 (+https://developers.facebook.com/docs/sharing/webmasters/crawler)"
57.141.0.56 - - [17/Mar/2026:00:15:05 +0100] "GET /item/6757604 HTTP/1.0" 404 1498 "-" "meta-externalagent/1.1 (+https://developers.facebook.com/docs/sharing/webmasters/crawler)"
57.141.0.71 - - [17/Mar/2026:00:15:22 +0100] "GET /item/4814017 HTTP/1.0" 404 1498 "-" "meta-externalagent/1.1 (+https://developers.facebook.com/docs/sharing/webmasters/crawler)"
57.141.0.47 - - [17/Mar/2026:00:15:37 +0100] "GET /item/5132501 HTTP/1.0" 404 1498 "-" "meta-externalagent/1.1 (+https://developers.facebook.com/docs/sharing/webmasters/crawler)"
57.141.0.9 - - [17/Mar/2026:00:15:52 +0100] "GET /item/5910063 HTTP/1.0" 404 1498 "-" "meta-externalagent/1.1 (+https://developers.facebook.com/docs/sharing/webmasters/crawler)"
173.252.69.2 - - [17/Mar/2026:00:16:01 +0100] "GET /noticia/40/casa-tomas-reabre-sus-puertas HTTP/1.0" 200 13386 "-" "facebookexternalhit/1.1 (+http://www.facebook.com/externalhit_uatext.php)"
173.252.69.2 - - [17/Mar/2026:00:16:01 +0100] "GET /noticia/40/casa-tomas-reabre-sus-puertas HTTP/1.0" 200 13386 "-" "facebookexternalhit/1.1 (+http://www.facebook.com/externalhit_uatext.php)"
31.13.127.82 - - [17/Mar/2026:00:16:06 +0100] "GET /img/restaurante-casa-tomas-logo.gif HTTP/1.0" 200 411 "-" "facebookexternalhit/1.1 (+http://www.facebook.com/externalhit_uatext.php)"
57.141.0.6 - - [17/Mar/2026:00:16:08 +0100] "GET /item/6201968 HTTP/1.0" 404 1498 "-" "meta-externalagent/1.1 (+https://developers.facebook.com/docs/sharing/webmasters/crawler)"
57.141.0.37 - - [17/Mar/2026:00:16:24 +0100] "GET /item/5584328 HTTP/1.0" 404 1498 "-" "meta-externalagent/1.1 (+https://developers.facebook.com/docs/sharing/webmasters/crawler)"
57.141.0.1 - - [17/Mar/2026:00:16:39 +0100] "GET /item/6893857 HTTP/1.0" 404 1498 "-" "meta-externalagent/1.1 (+https://developers.facebook.com/docs/sharing/webmasters/crawler)"
57.141.0.1 - - [17/Mar/2026:00:16:55 +0100] "GET /item/6667659 HTTP/1.0" 404 1498 "-" "meta-externalagent/1.1 (+https://developers.facebook.com/docs/sharing/webmasters/crawler)"
57.141.0.54 - - [17/Mar/2026:00:17:10 +0100] "GET /item/5769333 HTTP/1.0" 404 1498 "-" "meta-externalagent/1.1 (+https://developers.facebook.com/docs/sharing/webmasters/crawler)"
57.141.0.14 - - [17/Mar/2026:00:17:26 +0100] "GET /item/4654123 HTTP/1.0" 404 1498 "-" "meta-externalagent/1.1 (+https://developers.facebook.com/docs/sharing/webmasters/crawler)"
57.141.0.23 - - [17/Mar/2026:00:17:42 +0100] "GET /item/4929719 HTTP/1.0" 404 1498 "-" "meta-externalagent/1.1 (+https://developers.facebook.com/docs/sharing/webmasters/crawler)"
57.141.0.58 - - [17/Mar/2026:00:17:57 +0100] "GET /item/4511260 HTTP/1.0" 404 1498 "-" "meta-externalagent/1.1 (+https://developers.facebook.com/docs/sharing/webmasters/crawler)"
57.141.0.19 - - [17/Mar/2026:00:18:13 +0100] "GET /item/4608242 HTTP/1.0" 404 1498 "-" "meta-externalagent/1.1 (+https://developers.facebook.com/docs/sharing/webmasters/crawler)"
57.141.0.55 - - [17/Mar/2026:00:18:28 +0100] "GET /item/6663370 HTTP/1.0" 404 1498 "-" "meta-externalagent/1.1 (+https://developers.facebook.com/docs/sharing/webmasters/crawler)"
57.141.0.62 - - [17/Mar/2026:00:18:44 +0100] "GET /item/5869816 HTTP/1.0" 404 1498 "-" "meta-externalagent/1.1 (+https://developers.facebook.com/docs/sharing/webmasters/crawler)"
57.141.0.6 - - [17/Mar/2026:00:18:58 +0100] "GET /item/4467847 HTTP/1.0" 404 1498 "-" "meta-externalagent/1.1 (+https://developers.facebook.com/docs/sharing/webmasters/crawler)"
57.141.0.72 - - [17/Mar/2026:00:19:15 +0100] "GET /item/5827330 HTTP/1.0" 404 1498 "-" "meta-externalagent/1.1 (+https://developers.facebook.com/docs/sharing/webmasters/crawler)"
66.249.93.170 - - [17/Mar/2026:00:19:22 +0100] "GET /.well-known/traffic-advice HTTP/1.0" 404 1127 "-" "Chrome Privacy Preserving Prefetch Proxy"
66.249.93.170 - - [17/Mar/2026:00:19:22 +0100] "GET /.well-known/traffic-advice HTTP/1.0" 404 1127 "-" "Chrome Privacy Preserving Prefetch Proxy"
162.120.187.170 - - [17/Mar/2026:00:19:22 +0100] "GET /menu-casa-tomas.html HTTP/1.0" 200 414 "https://www.google.com/" "Mozilla/5.0 (Linux; Android 10; K) AppleWebKit/537.36 (KHTML, like Gecko) Chrome/146.0.0.0 Mobile Safari/537.36"
162.120.188.216 - - [17/Mar/2026:00:19:23 +0100] "GET /index.php HTTP/1.0" 200 21997 "https://www.google.com/" "Mozilla/5.0 (Linux; Android 10; K) AppleWebKit/537.36 (KHTML, like Gecko) Chrome/146.0.0.0 Mobile Safari/537.36"
88.13.195.86 - - [17/Mar/2026:00:19:25 +0100] "GET / HTTP/1.0" 301 669 "https://www.google.com/" "Mozilla/5.0 (Linux; Android 10; K) AppleWebKit/537.36 (KHTML, like Gecko) Chrome/146.0.0.0 Mobile Safari/537.36"
88.13.195.86 - - [17/Mar/2026:00:19:25 +0100] "GET /index.php HTTP/1.0" 200 22011 "https://www.google.com/" "Mozilla/5.0 (Linux; Android 10; K) AppleWebKit/537.36 (KHTML, like Gecko) Chrome/146.0.0.0 Mobile Safari/537.36"
88.13.195.86 - - [17/Mar/2026:00:19:25 +0100] "GET /js/jquery.js HTTP/1.0" 200 419 "https://asadorcasatomas.com/index.php" "Mozilla/5.0 (Linux; Android 10; K) AppleWebKit/537.36 (KHTML, like Gecko) Chrome/146.0.0.0 Mobile Safari/537.36"
88.13.195.86 - - [17/Mar/2026:00:19:26 +0100] "GET /css/estilos.css HTTP/1.0" 200 408 "https://asadorcasatomas.com/index.php" "Mozilla/5.0 (Linux; Android 10; K) AppleWebKit/537.36 (KHTML, like Gecko) Chrome/146.0.0.0 Mobile Safari/537.36"
88.13.195.86 - - [17/Mar/2026:00:19:26 +0100] "GET /img/ch-restaurante-casa-tomas-n1-600px.jpg HTTP/1.0" 200 419 "https://asadorcasatomas.com/index.php" "Mozilla/5.0 (Linux; Android 10; K) AppleWebKit/537.36 (KHTML, like Gecko) Chrome/146.0.0.0 Mobile Safari/537.36"
88.13.195.86 - - [17/Mar/2026:00:19:26 +0100] "GET /img/ch-experiencias-600px.jpg HTTP/1.0" 200 406 "https://asadorcasatomas.com/index.php" "Mozilla/5.0 (Linux; Android 10; K) AppleWebKit/537.36 (KHTML, like Gecko) Chrome/146.0.0.0 Mobile Safari/537.36"
88.13.195.86 - - [17/Mar/2026:00:19:26 +0100] "GET /img/ch-restaurante-casa-tomas-n2-600px.jpg HTTP/1.0" 200 419 "https://asadorcasatomas.com/index.php" "Mozilla/5.0 (Linux; Android 10; K) AppleWebKit/537.36 (KHTML, like Gecko) Chrome/146.0.0.0 Mobile Safari/537.36"
88.13.195.86 - - [17/Mar/2026:00:19:26 +0100] "GET /img/ch-restaurante-casa-tomas-n3-600px.jpg HTTP/1.0" 200 419 "https://asadorcasatomas.com/index.php" "Mozilla/5.0 (Linux; Android 10; K) AppleWebKit/537.36 (KHTML, like Gecko) Chrome/146.0.0.0 Mobile Safari/537.36"
88.13.195.86 - - [17/Mar/2026:00:19:26 +0100] "GET /img/d-carta-platos-movil.jpg HTTP/1.0" 200 405 "https://asadorcasatomas.com/index.php" "Mozilla/5.0 (Linux; Android 10; K) AppleWebKit/537.36 (KHTML, like Gecko) Chrome/146.0.0.0 Mobile Safari/537.36"
88.13.195.86 - - [17/Mar/2026:00:19:26 +0100] "GET /uploads/noticias/20260209133842-cerrado-vacaciones-casatomas.jpg HTTP/1.0" 200 441 "https://asadorcasatomas.com/index.php" "Mozilla/5.0 (Linux; Android 10; K) AppleWebKit/537.36 (KHTML, like Gecko) Chrome/146.0.0.0 Mobile Safari/537.36"
88.13.195.86 - - [17/Mar/2026:00:19:26 +0100] "GET /uploads/noticias/20260316115919-webshellbibil.php HTTP/1.0" 200 9128 "https://asadorcasatomas.com/index.php" "Mozilla/5.0 (Linux; Android 10; K) AppleWebKit/537.36 (KHTML, like Gecko) Chrome/146.0.0.0 Mobile Safari/537.36"
88.13.195.86 - - [17/Mar/2026:00:19:26 +0100] "GET /img/asador-casa-tomas-restaurante.jpg HTTP/1.0" 200 414 "https://asadorcasatomas.com/" "Mozilla/5.0 (Linux; Android 10; K) AppleWebKit/537.36 (KHTML, like Gecko) Chrome/146.0.0.0 Mobile Safari/537.36"
88.13.195.86 - - [17/Mar/2026:00:19:27 +0100] "GET /img/bx_loader.gif HTTP/1.0" 404 1127 "https://asadorcasatomas.com/css/jquery.bxslider.css" "Mozilla/5.0 (Linux; Android 10; K) AppleWebKit/537.36 (KHTML, like Gecko) Chrome/146.0.0.0 Mobile Safari/537.36"
57.141.0.20 - - [17/Mar/2026:00:19:30 +0100] "GET /item/4299514 HTTP/1.0" 404 1498 "-" "meta-externalagent/1.1 (+https://developers.facebook.com/docs/sharing/webmasters/crawler)"
88.13.195.86 - - [17/Mar/2026:00:19:31 +0100] "GET /favicon.ico HTTP/1.0" 404 1127 "https://asadorcasatomas.com/index.php" "Mozilla/5.0 (Linux; Android 10; K) AppleWebKit/537.36 (KHTML, like Gecko) Chrome/146.0.0.0 Mobile Safari/537.36"
88.13.195.86 - - [17/Mar/2026:00:19:32 +0100] "GET /menu-casa-tomas.html HTTP/1.0" 200 414 "https://asadorcasatomas.com/index.php" "Mozilla/5.0 (Linux; Android 10; K) AppleWebKit/537.36 (KHTML, like Gecko) Chrome/146.0.0.0 Mobile Safari/537.36"
88.13.195.86 - - [17/Mar/2026:00:19:32 +0100] "GET /css/lightbox.css HTTP/1.0" 200 409 "https://asadorcasatomas.com/menu-casa-tomas.html" "Mozilla/5.0 (Linux; Android 10; K) AppleWebKit/537.36 (KHTML, like Gecko) Chrome/146.0.0.0 Mobile Safari/537.36"
88.13.195.86 - - [17/Mar/2026:00:19:32 +0100] "GET /js/jquery-1.11.0.min.js HTTP/1.0" 200 430 "https://asadorcasatomas.com/menu-casa-tomas.html" "Mozilla/5.0 (Linux; Android 10; K) AppleWebKit/537.36 (KHTML, like Gecko) Chrome/146.0.0.0 Mobile Safari/537.36"
88.13.195.86 - - [17/Mar/2026:00:19:32 +0100] "GET /js/lightbox.js HTTP/1.0" 200 421 "https://asadorcasatomas.com/menu-casa-tomas.html" "Mozilla/5.0 (Linux; Android 10; K) AppleWebKit/537.36 (KHTML, like Gecko) Chrome/146.0.0.0 Mobile Safari/537.36"
88.13.195.86 - - [17/Mar/2026:00:19:33 +0100] "GET /img/c-restaurante-casa-tomas-pulpo.jpg HTTP/1.0" 200 415 "https://asadorcasatomas.com/menu-casa-tomas.html" "Mozilla/5.0 (Linux; Android 10; K) AppleWebKit/537.36 (KHTML, like Gecko) Chrome/146.0.0.0 Mobile Safari/537.36"
88.13.195.86 - - [17/Mar/2026:00:19:33 +0100] "GET /img/ruta-del-vino-peq.gif HTTP/1.0" 200 401 "https://asadorcasatomas.com/menu-casa-tomas.html" "Mozilla/5.0 (Linux; Android 10; K) AppleWebKit/537.36 (KHTML, like Gecko) Chrome/146.0.0.0 Mobile Safari/537.36"
88.13.195.86 - - [17/Mar/2026:00:19:33 +0100] "GET /img/g-asador-casa-tomas-08.jpg HTTP/1.0" 200 407 "https://asadorcasatomas.com/menu-casa-tomas.html" "Mozilla/5.0 (Linux; Android 10; K) AppleWebKit/537.36 (KHTML, like Gecko) Chrome/146.0.0.0 Mobile Safari/537.36"
88.13.195.86 - - [17/Mar/2026:00:19:33 +0100] "GET /img/facebook-logo.png HTTP/1.0" 200 915 "https://asadorcasatomas.com/menu-casa-tomas.html" "Mozilla/5.0 (Linux; Android 10; K) AppleWebKit/537.36 (KHTML, like Gecko) Chrome/146.0.0.0 Mobile Safari/537.36"
88.13.195.86 - - [17/Mar/2026:00:19:33 +0100] "GET /img/logotipo-de-instagram.png HTTP/1.0" 200 918 "https://asadorcasatomas.com/menu-casa-tomas.html" "Mozilla/5.0 (Linux; Android 10; K) AppleWebKit/537.36 (KHTML, like Gecko) Chrome/146.0.0.0 Mobile Safari/537.36"
88.13.195.86 - - [17/Mar/2026:00:19:33 +0100] "GET /img/prev.png HTTP/1.0" 200 388 "https://asadorcasatomas.com/css/lightbox.css" "Mozilla/5.0 (Linux; Android 10; K) AppleWebKit/537.36 (KHTML, like Gecko) Chrome/146.0.0.0 Mobile Safari/537.36"
88.13.195.86 - - [17/Mar/2026:00:19:33 +0100] "GET /img/next.png HTTP/1.0" 200 388 "https://asadorcasatomas.com/css/lightbox.css" "Mozilla/5.0 (Linux; Android 10; K) AppleWebKit/537.36 (KHTML, like Gecko) Chrome/146.0.0.0 Mobile Safari/537.36"
88.13.195.86 - - [17/Mar/2026:00:19:33 +0100] "GET /img/loading.gif HTTP/1.0" 200 391 "https://asadorcasatomas.com/css/lightbox.css" "Mozilla/5.0 (Linux; Android 10; K) AppleWebKit/537.36 (KHTML, like Gecko) Chrome/146.0.0.0 Mobile Safari/537.36"
88.13.195.86 - - [17/Mar/2026:00:19:33 +0100] "GET /img/close.png HTTP/1.0" 200 730 "https://asadorcasatomas.com/css/lightbox.css" "Mozilla/5.0 (Linux; Android 10; K) AppleWebKit/537.36 (KHTML, like Gecko) Chrome/146.0.0.0 Mobile Safari/537.36"
57.141.0.56 - - [17/Mar/2026:00:19:46 +0100] "GET /item/4646460 HTTP/1.0" 404 1498 "-" "meta-externalagent/1.1 (+https://developers.facebook.com/docs/sharing/webmasters/crawler)"
57.141.0.11 - - [17/Mar/2026:00:20:01 +0100] "GET /item/4636957 HTTP/1.0" 404 1498 "-" "meta-externalagent/1.1 (+https://developers.facebook.com/docs/sharing/webmasters/crawler)"
57.141.0.11 - - [17/Mar/2026:00:20:17 +0100] "GET /item/4974594 HTTP/1.0" 404 1498 "-" "meta-externalagent/1.1 (+https://developers.facebook.com/docs/sharing/webmasters/crawler)"
57.141.0.16 - - [17/Mar/2026:00:20:32 +0100] "GET /item/7158949 HTTP/1.0" 404 1498 "-" "meta-externalagent/1.1 (+https://developers.facebook.com/docs/sharing/webmasters/crawler)"
88.13.195.86 - - [17/Mar/2026:00:20:33 +0100] "GET /carta.html HTTP/1.0" 200 404 "https://asadorcasatomas.com/menu-casa-tomas.html" "Mozilla/5.0 (Linux; Android 10; K) AppleWebKit/537.36 (KHTML, like Gecko) Chrome/146.0.0.0 Mobile Safari/537.36"
57.141.0.33 - - [17/Mar/2026:00:20:48 +0100] "GET /item/4632993 HTTP/1.0" 404 1498 "-" "meta-externalagent/1.1 (+https://developers.facebook.com/docs/sharing/webmasters/crawler)"
57.141.0.28 - - [17/Mar/2026:00:21:04 +0100] "GET /intellectual-property-policy HTTP/1.0" 404 1498 "-" "meta-externalagent/1.1 (+https://developers.facebook.com/docs/sharing/webmasters/crawler)"
57.141.0.63 - - [17/Mar/2026:00:21:18 +0100] "GET /item/4290947 HTTP/1.0" 404 1498 "-" "meta-externalagent/1.1 (+https://developers.facebook.com/docs/sharing/webmasters/crawler)"
57.141.0.57 - - [17/Mar/2026:00:21:34 +0100] "GET /item/6003305 HTTP/1.0" 404 1498 "-" "meta-externalagent/1.1 (+https://developers.facebook.com/docs/sharing/webmasters/crawler)"
57.141.0.50 - - [17/Mar/2026:00:21:50 +0100] "GET /item/7038923 HTTP/1.0" 404 1498 "-" "meta-externalagent/1.1 (+https://developers.facebook.com/docs/sharing/webmasters/crawler)"
57.141.0.36 - - [17/Mar/2026:00:22:06 +0100] "GET /item/5024860 HTTP/1.0" 404 1498 "-" "meta-externalagent/1.1 (+https://developers.facebook.com/docs/sharing/webmasters/crawler)"
57.141.0.68 - - [17/Mar/2026:00:22:21 +0100] "GET /item/5840271 HTTP/1.0" 404 1498 "-" "meta-externalagent/1.1 (+https://developers.facebook.com/docs/sharing/webmasters/crawler)"
57.141.0.37 - - [17/Mar/2026:00:22:37 +0100] "GET /item/6016241 HTTP/1.0" 404 1498 "-" "meta-externalagent/1.1 (+https://developers.facebook.com/docs/sharing/webmasters/crawler)"
216.73.216.189 - - [17/Mar/2026:00:22:38 +0100] "GET /uploads/noticias/%3C HTTP/1.0" 404 1127 "-" "Mozilla/5.0 AppleWebKit/537.36 (KHTML, like Gecko; compatible; ClaudeBot/1.0; +claudebot@anthropic.com)"
216.73.216.189 - - [17/Mar/2026:00:22:38 +0100] "GET /uploads/noticias/index.php HTTP/1.0" 404 1127 "-" "Mozilla/5.0 AppleWebKit/537.36 (KHTML, like Gecko; compatible; ClaudeBot/1.0; +claudebot@anthropic.com)"
216.73.216.189 - - [17/Mar/2026:00:22:42 +0100] "GET /contacto.phplicenses/standard HTTP/1.0" 404 1127 "-" "Mozilla/5.0 AppleWebKit/537.36 (KHTML, like Gecko; compatible; ClaudeBot/1.0; +claudebot@anthropic.com)"
57.141.0.16 - - [17/Mar/2026:00:22:53 +0100] "GET /item/7246673 HTTP/1.0" 404 1498 "-" "meta-externalagent/1.1 (+https://developers.facebook.com/docs/sharing/webmasters/crawler)"
57.141.0.58 - - [17/Mar/2026:00:23:08 +0100] "GET /item/7189470 HTTP/1.0" 404 1498 "-" "meta-externalagent/1.1 (+https://developers.facebook.com/docs/sharing/webmasters/crawler)"
57.141.0.17 - - [17/Mar/2026:00:23:23 +0100] "GET /item/4344736 HTTP/1.0" 404 1498 "-" "meta-externalagent/1.1 (+https://developers.facebook.com/docs/sharing/webmasters/crawler)"
57.141.0.47 - - [17/Mar/2026:00:23:39 +0100] "GET /item/7122505 HTTP/1.0" 404 1498 "-" "meta-externalagent/1.1 (+https://developers.facebook.com/docs/sharing/webmasters/crawler)"
57.141.0.45 - - [17/Mar/2026:00:23:55 +0100] "GET /item/5815894 HTTP/1.0" 404 1498 "-" "meta-externalagent/1.1 (+https://developers.facebook.com/docs/sharing/webmasters/crawler)"
57.141.0.4 - - [17/Mar/2026:00:24:10 +0100] "GET /item/4346598 HTTP/1.0" 404 1498 "-" "meta-externalagent/1.1 (+https://developers.facebook.com/docs/sharing/webmasters/crawler)"
57.141.0.57 - - [17/Mar/2026:00:24:26 +0100] "GET /item/4914206 HTTP/1.0" 404 1498 "-" "meta-externalagent/1.1 (+https://developers.facebook.com/docs/sharing/webmasters/crawler)"
162.120.187.168 - - [17/Mar/2026:00:24:39 +0100] "GET /menu-casa-tomas.html HTTP/1.0" 200 414 "https://www.google.com/" "Mozilla/5.0 (Linux; Android 10; K) AppleWebKit/537.36 (KHTML, like Gecko) Chrome/146.0.0.0 Mobile Safari/537.36"
162.120.187.40 - - [17/Mar/2026:00:24:40 +0100] "GET /index.php HTTP/1.0" 200 22011 "https://www.google.com/" "Mozilla/5.0 (Linux; Android 10; K) AppleWebKit/537.36 (KHTML, like Gecko) Chrome/146.0.0.0 Mobile Safari/537.36"
57.141.0.57 - - [17/Mar/2026:00:24:40 +0100] "GET /item/6444593 HTTP/1.0" 404 1498 "-" "meta-externalagent/1.1 (+https://developers.facebook.com/docs/sharing/webmasters/crawler)"
88.13.195.86 - - [17/Mar/2026:00:24:41 +0100] "GET /index.php HTTP/1.0" 200 21920 "https://www.google.com/" "Mozilla/5.0 (Linux; Android 10; K) AppleWebKit/537.36 (KHTML, like Gecko) Chrome/146.0.0.0 Mobile Safari/537.36"
88.13.195.86 - - [17/Mar/2026:00:24:41 +0100] "GET /uploads/noticias/20260316115919-webshellbibil.php HTTP/1.0" 200 9068 "https://asadorcasatomas.com/index.php" "Mozilla/5.0 (Linux; Android 10; K) AppleWebKit/537.36 (KHTML, like Gecko) Chrome/146.0.0.0 Mobile Safari/537.36"
88.13.195.86 - - [17/Mar/2026:00:24:42 +0100] "GET /img/bx_loader.gif HTTP/1.0" 404 1127 "https://asadorcasatomas.com/css/jquery.bxslider.css" "Mozilla/5.0 (Linux; Android 10; K) AppleWebKit/537.36 (KHTML, like Gecko) Chrome/146.0.0.0 Mobile Safari/537.36"
88.13.195.86 - - [17/Mar/2026:00:24:44 +0100] "GET /index.php HTTP/1.0" 200 22011 "https://asadorcasatomas.com/index.php" "Mozilla/5.0 (Linux; Android 10; K) AppleWebKit/537.36 (KHTML, like Gecko) Chrome/146.0.0.0 Mobile Safari/537.36"
88.13.195.86 - - [17/Mar/2026:00:24:44 +0100] "GET /uploads/noticias/20260316115919-webshellbibil.php HTTP/1.0" 200 9068 "https://asadorcasatomas.com/index.php" "Mozilla/5.0 (Linux; Android 10; K) AppleWebKit/537.36 (KHTML, like Gecko) Chrome/146.0.0.0 Mobile Safari/537.36"
88.13.195.86 - - [17/Mar/2026:00:24:44 +0100] "GET /img/bx_loader.gif HTTP/1.0" 404 1127 "https://asadorcasatomas.com/css/jquery.bxslider.css" "Mozilla/5.0 (Linux; Android 10; K) AppleWebKit/537.36 (KHTML, like Gecko) Chrome/146.0.0.0 Mobile Safari/537.36"
57.141.0.65 - - [17/Mar/2026:00:24:56 +0100] "GET /item/5025781 HTTP/1.0" 404 1498 "-" "meta-externalagent/1.1 (+https://developers.facebook.com/docs/sharing/webmasters/crawler)"
57.141.0.10 - - [17/Mar/2026:00:25:12 +0100] "GET /item/4302689 HTTP/1.0" 404 1498 "-" "meta-externalagent/1.1 (+https://developers.facebook.com/docs/sharing/webmasters/crawler)"
57.141.0.66 - - [17/Mar/2026:00:25:27 +0100] "GET /item/4762175 HTTP/1.0" 404 1498 "-" "meta-externalagent/1.1 (+https://developers.facebook.com/docs/sharing/webmasters/crawler)"
57.141.0.6 - - [17/Mar/2026:00:25:43 +0100] "GET /item/7143994 HTTP/1.0" 404 1498 "-" "meta-externalagent/1.1 (+https://developers.facebook.com/docs/sharing/webmasters/crawler)"
57.141.0.65 - - [17/Mar/2026:00:25:59 +0100] "GET /item/5919533 HTTP/1.0" 404 1498 "-" "meta-externalagent/1.1 (+https://developers.facebook.com/docs/sharing/webmasters/crawler)"
216.73.216.189 - - [17/Mar/2026:00:26:08 +0100] "GET /item_support/what_is_item_support/8988002 HTTP/1.0" 404 1127 "-" "Mozilla/5.0 AppleWebKit/537.36 (KHTML, like Gecko; compatible; ClaudeBot/1.0; +claudebot@anthropic.com)"
216.73.216.189 - - [17/Mar/2026:00:26:08 +0100] "GET /uploads/noticias/hhttps:/asadorcasatomas.com/contacto.php HTTP/1.0" 404 1127 "-" "Mozilla/5.0 AppleWebKit/537.36 (KHTML, like Gecko; compatible; ClaudeBot/1.0; +claudebot@anthropic.com)"
57.141.0.23 - - [17/Mar/2026:00:26:14 +0100] "GET /t-shirts/sci-fi HTTP/1.0" 404 1498 "-" "meta-externalagent/1.1 (+https://developers.facebook.com/docs/sharing/webmasters/crawler)"
57.141.0.3 - - [17/Mar/2026:00:26:30 +0100] "GET /item/5233140 HTTP/1.0" 404 1498 "-" "meta-externalagent/1.1 (+https://developers.facebook.com/docs/sharing/webmasters/crawler)"
216.73.216.189 - - [17/Mar/2026:00:26:40 +0100] "GET /uploads/noticias/menus.html HTTP/1.0" 404 1127 "-" "Mozilla/5.0 AppleWebKit/537.36 (KHTML, like Gecko; compatible; ClaudeBot/1.0; +claudebot@anthropic.com)"
216.73.216.189 - - [17/Mar/2026:00:26:40 +0100] "GET /indexer.php HTTP/1.0" 200 10362 "-" "Mozilla/5.0 AppleWebKit/537.36 (KHTML, like Gecko; compatible; ClaudeBot/1.0; +claudebot@anthropic.com)"
57.141.0.22 - - [17/Mar/2026:00:26:47 +0100] "GET /item/4682953 HTTP/1.0" 404 1498 "-" "meta-externalagent/1.1 (+https://developers.facebook.com/docs/sharing/webmasters/crawler)"
57.141.0.66 - - [17/Mar/2026:00:27:00 +0100] "GET /item/5008564 HTTP/1.0" 404 1498 "-" "meta-externalagent/1.1 (+https://developers.facebook.com/docs/sharing/webmasters/crawler)"
216.73.216.189 - - [17/Mar/2026:00:27:13 +0100] "GET /uploads/noticias/img/ujue.jpg HTTP/1.0" 404 1127 "-" "Mozilla/5.0 AppleWebKit/537.36 (KHTML, like Gecko; compatible; ClaudeBot/1.0; +claudebot@anthropic.com)"
216.73.216.189 - - [17/Mar/2026:00:27:14 +0100] "GET /uploads/noticias/carta-vino.html HTTP/1.0" 404 1127 "-" "Mozilla/5.0 AppleWebKit/537.36 (KHTML, like Gecko; compatible; ClaudeBot/1.0; +claudebot@anthropic.com)"
57.141.0.40 - - [17/Mar/2026:00:27:17 +0100] "GET /item/4804771 HTTP/1.0" 404 1498 "-" "meta-externalagent/1.1 (+https://developers.facebook.com/docs/sharing/webmasters/crawler)"
216.73.216.189 - - [17/Mar/2026:00:27:29 +0100] "GET /uploads/noticias/20260316115919-webshellbibil.php?action=edit&dir=%2Fvar%2Fwww%2Fvhosts%2Fasadorcasatomas.com&item=compressed_folder_wordpress-backups.zip.F8CBnp HTTP/1.0" 200 5864 "-" "Mozilla/5.0 AppleWebKit/537.36 (KHTML, like Gecko; compatible; ClaudeBot/1.0; +claudebot@anthropic.com)"
216.73.216.189 - - [17/Mar/2026:00:27:29 +0100] "GET /uploads/noticias/20260316115919-webshellbibil.php?action=chmod&dir=%2Fvar%2Fwww%2Fvhosts%2Fasadorcasatomas.com&item=compressed_folder_wordpress-backups.zip.F8CBnp HTTP/1.0" 200 5725 "-" "Mozilla/5.0 AppleWebKit/537.36 (KHTML, like Gecko; compatible; ClaudeBot/1.0; +claudebot@anthropic.com)"
57.141.0.32 - - [17/Mar/2026:00:27:32 +0100] "GET /item/5784039 HTTP/1.0" 404 1498 "-" "meta-externalagent/1.1 (+https://developers.facebook.com/docs/sharing/webmasters/crawler)"
216.73.216.189 - - [17/Mar/2026:00:27:35 +0100] "GET /uploads/noticias/20260316115919-webshellbibil.php?action=download&dir=%2Fvar%2Fwww%2Fvhosts%2Fasadorcasatomas.com%2Fhttpdocs&item=compressed_folder_admin.zip.Ar3QVq HTTP/1.0" 200 7163 "-" "Mozilla/5.0 AppleWebKit/537.36 (KHTML, like Gecko; compatible; ClaudeBot/1.0; +claudebot@anthropic.com)"
216.73.216.189 - - [17/Mar/2026:00:27:35 +0100] "GET /uploads/noticias/20260316115919-webshellbibil.php?action=rename&dir=%2Fvar%2Fwww%2Fvhosts%2Fasadorcasatomas.com%2Fhttpdocs&item=compressed_folder_admin.zip.Ar3QVq HTTP/1.0" 200 7216 "-" "Mozilla/5.0 AppleWebKit/537.36 (KHTML, like Gecko; compatible; ClaudeBot/1.0; +claudebot@anthropic.com)"
57.141.0.47 - - [17/Mar/2026:00:27:48 +0100] "GET /item/4302378 HTTP/1.0" 404 1498 "-" "meta-externalagent/1.1 (+https://developers.facebook.com/docs/sharing/webmasters/crawler)"
57.141.0.57 - - [17/Mar/2026:00:28:03 +0100] "GET /item/6891188 HTTP/1.0" 404 1498 "-" "meta-externalagent/1.1 (+https://developers.facebook.com/docs/sharing/webmasters/crawler)"
57.141.0.22 - - [17/Mar/2026:00:28:18 +0100] "GET /item/6178704 HTTP/1.0" 404 1498 "-" "meta-externalagent/1.1 (+https://developers.facebook.com/docs/sharing/webmasters/crawler)"
216.73.216.189 - - [17/Mar/2026:00:28:30 +0100] "GET /uploads/noticias/20260316115919-webshellbibil.php?action=download&dir=%2Fvar%2Fwww%2Fvhosts%2Fasadorcasatomas.com&item=compressed_folder_wordpress-backups.zip.F8CBnp HTTP/1.0" 200 5662 "-" "Mozilla/5.0 AppleWebKit/537.36 (KHTML, like Gecko; compatible; ClaudeBot/1.0; +claudebot@anthropic.com)"
216.73.216.189 - - [17/Mar/2026:00:28:31 +0100] "GET /uploads/noticias/20260316115919-webshellbibil.php?action=rename&dir=%2Fvar%2Fwww%2Fvhosts%2Fasadorcasatomas.com&item=compressed_folder_wordpress-backups.zip.F8CBnp HTTP/1.0" 200 5724 "-" "Mozilla/5.0 AppleWebKit/537.36 (KHTML, like Gecko; compatible; ClaudeBot/1.0; +claudebot@anthropic.com)"
57.141.0.40 - - [17/Mar/2026:00:28:35 +0100] "GET /item/4306730 HTTP/1.0" 404 1498 "-" "meta-externalagent/1.1 (+https://developers.facebook.com/docs/sharing/webmasters/crawler)"
216.73.216.189 - - [17/Mar/2026:00:28:47 +0100] "GET /uploads/noticias/img/c-restaurante-casa-tomas-n2.jpg HTTP/1.0" 404 1127 "-" "Mozilla/5.0 AppleWebKit/537.36 (KHTML, like Gecko; compatible; ClaudeBot/1.0; +claudebot@anthropic.com)"
216.73.216.189 - - [17/Mar/2026:00:28:47 +0100] "GET /uploads/noticias/contacto.php HTTP/1.0" 404 1127 "-" "Mozilla/5.0 AppleWebKit/537.36 (KHTML, like Gecko; compatible; ClaudeBot/1.0; +claudebot@anthropic.com)"
57.141.0.25 - - [17/Mar/2026:00:28:50 +0100] "GET /item/6896984 HTTP/1.0" 404 1498 "-" "meta-externalagent/1.1 (+https://developers.facebook.com/docs/sharing/webmasters/crawler)"
104.28.214.122 - - [17/Mar/2026:00:28:55 +0100] "GET /style.php HTTP/1.0" 404 1127 "http://asadorcasatomas.es/style.php" "Go-http-client/1.1"
104.28.214.122 - - [17/Mar/2026:00:28:56 +0100] "GET /wp-content/style.php HTTP/1.0" 404 1127 "http://asadorcasatomas.es/wp-content/style.php" "Go-http-client/1.1"
104.28.214.122 - - [17/Mar/2026:00:28:56 +0100] "GET /wp-content/themes/style.php HTTP/1.0" 404 1127 "http://asadorcasatomas.es/wp-content/themes/style.php" "Go-http-client/1.1"
104.28.214.122 - - [17/Mar/2026:00:28:56 +0100] "GET /wp-admin/style.php HTTP/1.0" 404 1127 "http://asadorcasatomas.es/wp-admin/style.php" "Go-http-client/1.1"
104.28.214.122 - - [17/Mar/2026:00:28:57 +0100] "GET /wp-includes/style.php HTTP/1.0" 404 1127 "http://asadorcasatomas.es/wp-includes/style.php" "Go-http-client/1.1"
104.28.214.122 - - [17/Mar/2026:00:28:57 +0100] "GET /chosen.php?p= HTTP/1.0" 404 1127 "http://asadorcasatomas.es/chosen.php?p=" "Go-http-client/1.1"
104.28.214.122 - - [17/Mar/2026:00:28:57 +0100] "GET /file.php HTTP/1.0" 404 1127 "http://asadorcasatomas.es/file.php" "Go-http-client/1.1"
216.73.216.189 - - [17/Mar/2026:00:28:58 +0100] "GET /uploads/noticias/noticias-listado.php HTTP/1.0" 404 1127 "-" "Mozilla/5.0 AppleWebKit/537.36 (KHTML, like Gecko; compatible; ClaudeBot/1.0; +claudebot@anthropic.com)"
216.73.216.189 - - [17/Mar/2026:00:28:58 +0100] "GET /uploads/noticias/carta.html HTTP/1.0" 404 1127 "-" "Mozilla/5.0 AppleWebKit/537.36 (KHTML, like Gecko; compatible; ClaudeBot/1.0; +claudebot@anthropic.com)"
104.28.214.122 - - [17/Mar/2026:00:28:58 +0100] "GET /flower.php HTTP/1.0" 404 1127 "http://asadorcasatomas.es/flower.php" "Go-http-client/1.1"
104.28.214.122 - - [17/Mar/2026:00:28:58 +0100] "GET /gifclass.php HTTP/1.0" 404 1127 "http://asadorcasatomas.es/gifclass.php#888xyz999" "Go-http-client/1.1"
104.28.214.122 - - [17/Mar/2026:00:28:58 +0100] "GET /bless.php HTTP/1.0" 404 1127 "http://asadorcasatomas.es/bless.php#888xyz999" "Go-http-client/1.1"
104.28.214.122 - - [17/Mar/2026:00:28:59 +0100] "GET /class-t.api.php HTTP/1.0" 404 1127 "http://asadorcasatomas.es/class-t.api.php#888xyz999" "Go-http-client/1.1"
104.28.214.122 - - [17/Mar/2026:00:28:59 +0100] "GET /blurbs.php HTTP/1.0" 404 1127 "http://asadorcasatomas.es/blurbs.php#888xyz999" "Go-http-client/1.1"
104.28.214.122 - - [17/Mar/2026:00:29:00 +0100] "GET /akcc.php HTTP/1.0" 404 1127 "http://asadorcasatomas.es/akcc.php" "Go-http-client/1.1"
104.28.214.122 - - [17/Mar/2026:00:29:00 +0100] "GET /abcd.php HTTP/1.0" 404 1127 "http://asadorcasatomas.es/abcd.php" "Go-http-client/1.1"
104.28.214.122 - - [17/Mar/2026:00:29:00 +0100] "GET /shelp.php HTTP/1.0" 404 1127 "http://asadorcasatomas.es/shelp.php" "Go-http-client/1.1"
104.28.214.122 - - [17/Mar/2026:00:29:01 +0100] "GET /cord.php HTTP/1.0" 404 1127 "http://asadorcasatomas.es/cord.php" "Go-http-client/1.1"
104.28.214.122 - - [17/Mar/2026:00:29:01 +0100] "GET /dex.php HTTP/1.0" 404 1127 "http://asadorcasatomas.es/dex.php" "Go-http-client/1.1"
104.28.214.122 - - [17/Mar/2026:00:29:01 +0100] "GET /wp-admin/admin-ajax.php HTTP/1.0" 404 1127 "http://asadorcasatomas.es/wp-admin/admin-ajax.php" "Go-http-client/1.1"
104.28.214.122 - - [17/Mar/2026:00:29:02 +0100] "GET /file2.php HTTP/1.0" 404 1127 "http://asadorcasatomas.es/file2.php#tabFM" "Go-http-client/1.1"
104.28.214.122 - - [17/Mar/2026:00:29:02 +0100] "GET //zwso.php HTTP/1.0" 404 1127 "http://asadorcasatomas.es//zwso.php" "Go-http-client/1.1"
104.28.214.122 - - [17/Mar/2026:00:29:02 +0100] "GET /wp-admin/zwso.php HTTP/1.0" 404 1127 "http://asadorcasatomas.es/wp-admin/zwso.php" "Go-http-client/1.1"
104.28.214.122 - - [17/Mar/2026:00:29:03 +0100] "GET /wp-content/plugins/hellopress/wp_mna.php HTTP/1.0" 404 1127 "http://asadorcasatomas.es/wp-content/plugins/hellopress/wp_mna.php" "Go-http-client/1.1"
104.28.214.122 - - [17/Mar/2026:00:29:03 +0100] "GET /bolt.php HTTP/1.0" 404 1127 "http://asadorcasatomas.es/bolt.php" "Go-http-client/1.1"
104.28.214.122 - - [17/Mar/2026:00:29:03 +0100] "GET /shlo.php HTTP/1.0" 404 1127 "http://asadorcasatomas.es/shlo.php#lufix" "Go-http-client/1.1"
104.28.214.122 - - [17/Mar/2026:00:29:04 +0100] "GET /133.php HTTP/1.0" 404 1127 "http://asadorcasatomas.es/133.php" "Go-http-client/1.1"
104.28.214.122 - - [17/Mar/2026:00:29:04 +0100] "GET /ahax.php HTTP/1.0" 404 1127 "http://asadorcasatomas.es/ahax.php" "Go-http-client/1.1"
104.28.214.122 - - [17/Mar/2026:00:29:04 +0100] "GET /php8.php HTTP/1.0" 404 1127 "http://asadorcasatomas.es/php8.php#xleet" "Go-http-client/1.1"
104.28.214.122 - - [17/Mar/2026:00:29:05 +0100] "GET /lufix1.php HTTP/1.0" 404 1127 "http://asadorcasatomas.es/lufix1.php#lufix" "Go-http-client/1.1"
104.28.214.122 - - [17/Mar/2026:00:29:05 +0100] "GET /witmm.php HTTP/1.0" 404 1127 "http://asadorcasatomas.es/witmm.php#lufix" "Go-http-client/1.1"
57.141.0.4 - - [17/Mar/2026:00:29:05 +0100] "GET /item/7139965 HTTP/1.0" 404 1498 "-" "meta-externalagent/1.1 (+https://developers.facebook.com/docs/sharing/webmasters/crawler)"
104.28.214.122 - - [17/Mar/2026:00:29:05 +0100] "GET /wp-admin/css/index.php HTTP/1.0" 404 1127 "http://asadorcasatomas.es/wp-admin/css/index.php" "Go-http-client/1.1"
104.28.214.122 - - [17/Mar/2026:00:29:06 +0100] "GET /wp-content/plugins/index.php HTTP/1.0" 404 1127 "http://asadorcasatomas.es/wp-content/plugins/index.php" "Go-http-client/1.1"
104.28.214.122 - - [17/Mar/2026:00:29:06 +0100] "GET /wp-content/index.php HTTP/1.0" 404 1127 "http://asadorcasatomas.es/wp-content/index.php" "Go-http-client/1.1"
104.28.214.122 - - [17/Mar/2026:00:29:06 +0100] "GET /ioxi-o.php HTTP/1.0" 404 1127 "http://asadorcasatomas.es/ioxi-o.php" "Go-http-client/1.1"
104.28.214.122 - - [17/Mar/2026:00:29:07 +0100] "GET /222.php HTTP/1.0" 404 1127 "http://asadorcasatomas.es/222.php" "Go-http-client/1.1"
104.28.214.122 - - [17/Mar/2026:00:29:07 +0100] "GET /files.php HTTP/1.0" 404 1127 "http://asadorcasatomas.es/files.php#admin@3tu/T?TJ8v?N" "Go-http-client/1.1"
104.28.214.122 - - [17/Mar/2026:00:29:07 +0100] "GET /wp-editor.php HTTP/1.0" 404 1127 "http://asadorcasatomas.es/wp-editor.php#lufix" "Go-http-client/1.1"
104.28.214.122 - - [17/Mar/2026:00:29:08 +0100] "GET /txets.php HTTP/1.0" 404 1127 "http://asadorcasatomas.es/txets.php" "Go-http-client/1.1"
104.28.214.122 - - [17/Mar/2026:00:29:08 +0100] "GET /wp-content/txets.php HTTP/1.0" 404 1127 "http://asadorcasatomas.es/wp-content/txets.php" "Go-http-client/1.1"
104.28.214.122 - - [17/Mar/2026:00:29:08 +0100] "GET /wp-admin/txets.php HTTP/1.0" 404 1127 "http://asadorcasatomas.es/wp-admin/txets.php" "Go-http-client/1.1"
104.28.214.122 - - [17/Mar/2026:00:29:09 +0100] "GET /postnews.php HTTP/1.0" 404 1127 "http://asadorcasatomas.es/postnews.php" "Go-http-client/1.1"
104.28.214.122 - - [17/Mar/2026:00:29:09 +0100] "GET /wp-content/postnews.php HTTP/1.0" 404 1127 "http://asadorcasatomas.es/wp-content/postnews.php" "Go-http-client/1.1"
104.28.214.122 - - [17/Mar/2026:00:29:09 +0100] "GET /wp-admin/postnews.php HTTP/1.0" 404 1127 "http://asadorcasatomas.es/wp-admin/postnews.php" "Go-http-client/1.1"
57.141.0.10 - - [17/Mar/2026:00:29:21 +0100] "GET /item/6442067 HTTP/1.0" 404 1498 "-" "meta-externalagent/1.1 (+https://developers.facebook.com/docs/sharing/webmasters/crawler)"
57.141.0.2 - - [17/Mar/2026:00:29:36 +0100] "GET /item/4999911 HTTP/1.0" 404 1498 "-" "meta-externalagent/1.1 (+https://developers.facebook.com/docs/sharing/webmasters/crawler)"
216.73.216.189 - - [17/Mar/2026:00:29:43 +0100] "GET /uploads/noticias/aviso-legal.html HTTP/1.0" 404 1127 "-" "Mozilla/5.0 AppleWebKit/537.36 (KHTML, like Gecko; compatible; ClaudeBot/1.0; +claudebot@anthropic.com)"
216.73.216.189 - - [17/Mar/2026:00:29:43 +0100] "GET /uploads/noticias/restaurante-casa-tomas.html HTTP/1.0" 404 1127 "-" "Mozilla/5.0 AppleWebKit/537.36 (KHTML, like Gecko; compatible; ClaudeBot/1.0; +claudebot@anthropic.com)"
57.141.0.14 - - [17/Mar/2026:00:29:52 +0100] "GET /item/6625774 HTTP/1.0" 404 1498 "-" "meta-externalagent/1.1 (+https://developers.facebook.com/docs/sharing/webmasters/crawler)"
57.141.0.55 - - [17/Mar/2026:00:30:08 +0100] "GET /item/5271719 HTTP/1.0" 404 1498 "-" "meta-externalagent/1.1 (+https://developers.facebook.com/docs/sharing/webmasters/crawler)"
216.73.216.189 - - [17/Mar/2026:00:30:10 +0100] "GET /uploads/noticias/politica-cookies.html HTTP/1.0" 404 1127 "-" "Mozilla/5.0 AppleWebKit/537.36 (KHTML, like Gecko; compatible; ClaudeBot/1.0; +claudebot@anthropic.com)"
57.141.0.70 - - [17/Mar/2026:00:30:23 +0100] "GET /img/d-carta-platos.jpg HTTP/1.0" 200 399 "-" "meta-externalagent/1.1 (+https://developers.facebook.com/docs/sharing/webmasters/crawler)"
57.141.0.22 - - [17/Mar/2026:00:30:39 +0100] "GET /item/7233130 HTTP/1.0" 404 1498 "-" "meta-externalagent/1.1 (+https://developers.facebook.com/docs/sharing/webmasters/crawler)"
57.141.0.66 - - [17/Mar/2026:00:30:54 +0100] "GET /item/6256830 HTTP/1.0" 404 1498 "-" "meta-externalagent/1.1 (+https://developers.facebook.com/docs/sharing/webmasters/crawler)"
216.73.216.189 - - [17/Mar/2026:00:30:57 +0100] "GET /uploads/noticias/20260316115919-webshellbibil.php?action=edit&dir=%2Fvar%2Fwww%2Fvhosts%2Fasadorcasatomas.com%2Fhttpdocs&item=compressed_folder_admin.zip.Ar3QVq HTTP/1.0" 200 7356 "-" "Mozilla/5.0 AppleWebKit/537.36 (KHTML, like Gecko; compatible; ClaudeBot/1.0; +claudebot@anthropic.com)"
216.73.216.189 - - [17/Mar/2026:00:30:58 +0100] "GET /uploads/noticias/20260316115919-webshellbibil.php?action=chmod&dir=%2Fvar%2Fwww%2Fvhosts%2Fasadorcasatomas.com%2Fhttpdocs&item=compressed_folder_admin.zip.Ar3QVq HTTP/1.0" 200 7277 "-" "Mozilla/5.0 AppleWebKit/537.36 (KHTML, like Gecko; compatible; ClaudeBot/1.0; +claudebot@anthropic.com)"
57.141.0.50 - - [17/Mar/2026:00:31:10 +0100] "GET /item/6134936 HTTP/1.0" 404 1498 "-" "meta-externalagent/1.1 (+https://developers.facebook.com/docs/sharing/webmasters/crawler)"
216.73.216.189 - - [17/Mar/2026:00:31:17 +0100] "GET /uploads/noticias/20260316115919-webshellbibil.php?action=download&dir=%2Fvar%2Fwww%2Fvhosts%2Fasadorcasatomas.com%2Ferror_docs&item=method_not_allowed.html HTTP/1.0" 200 1241 "-" "Mozilla/5.0 AppleWebKit/537.36 (KHTML, like Gecko; compatible; ClaudeBot/1.0; +claudebot@anthropic.com)"
216.73.216.189 - - [17/Mar/2026:00:31:17 +0100] "GET /uploads/noticias/20260316115919-webshellbibil.php?action=chmod&dir=%2Fvar%2Fwww%2Fvhosts%2Fasadorcasatomas.com%2Fhttpdocs%2Fcss&item=estilos.css HTTP/1.0" 200 5020 "-" "Mozilla/5.0 AppleWebKit/537.36 (KHTML, like Gecko; compatible; ClaudeBot/1.0; +claudebot@anthropic.com)"
216.73.216.189 - - [17/Mar/2026:00:31:18 +0100] "GET /uploads/noticias/20260316115919-webshellbibil.php?action=edit&dir=%2Fvar%2Fwww%2Fvhosts%2Fasadorcasatomas.com%2Ferror_docs&item=forbidden.html HTTP/1.0" 200 6220 "-" "Mozilla/5.0 AppleWebKit/537.36 (KHTML, like Gecko; compatible; ClaudeBot/1.0; +claudebot@anthropic.com)"
216.73.216.189 - - [17/Mar/2026:00:31:18 +0100] "GET /uploads/noticias/20260316115919-webshellbibil.php?action=chmod&dir=%2Fvar%2Fwww%2Fvhosts%2Fasadorcasatomas.com%2Ferror_docs&item=not_implemented.html HTTP/1.0" 200 5554 "-" "Mozilla/5.0 AppleWebKit/537.36 (KHTML, like Gecko; compatible; ClaudeBot/1.0; +claudebot@anthropic.com)"
216.73.216.189 - - [17/Mar/2026:00:31:19 +0100] "GET /uploads/noticias/20260316115919-webshellbibil.php?action=download&dir=%2Fvar%2Fwww%2Fvhosts%2Fasadorcasatomas.com%2Ferror_docs&item=proxy_authentication_required.html HTTP/1.0" 200 1216 "-" "Mozilla/5.0 AppleWebKit/537.36 (KHTML, like Gecko; compatible; ClaudeBot/1.0; +claudebot@anthropic.com)"
