66.249.73.103 - - [16/Mar/2026:20:30:38 +0100] "GET /indexer.php HTTP/1.0" 200 10362 "-" "Mozilla/5.0 (Linux; Android 6.0.1; Nexus 5X Build/MMB29P) AppleWebKit/537.36 (KHTML, like Gecko) Chrome/145.0.7632.116 Mobile Safari/537.36 (compatible; Googlebot/2.1; +http://www.google.com/bot.html)"
57.141.0.31 - - [16/Mar/2026:20:30:45 +0100] "GET /item/4556954 HTTP/1.0" 404 1498 "-" "meta-externalagent/1.1 (+https://developers.facebook.com/docs/sharing/webmasters/crawler)"
66.249.73.103 - - [16/Mar/2026:20:30:46 +0100] "GET /indexer.phpog-image.png HTTP/1.0" 404 1127 "-" "Googlebot-Image/1.0"
57.141.0.6 - - [16/Mar/2026:20:30:57 +0100] "GET /item/4829832 HTTP/1.0" 404 1498 "-" "meta-externalagent/1.1 (+https://developers.facebook.com/docs/sharing/webmasters/crawler)"
57.141.0.9 - - [16/Mar/2026:20:31:04 +0100] "GET /item/5647044 HTTP/1.0" 404 1498 "-" "meta-externalagent/1.1 (+https://developers.facebook.com/docs/sharing/webmasters/crawler)"
185.242.174.253 - - [16/Mar/2026:20:31:09 +0100] "GET / HTTP/1.0" 301 669 "https://www.google.com/" "Mozilla/5.0 (Windows NT 10.0; Win64; x64) AppleWebKit/537.36 (KHTML, like Gecko) Chrome/145.0.0.0 Safari/537.36"
185.242.174.253 - - [16/Mar/2026:20:31:09 +0100] "GET /index.php HTTP/1.0" 200 22011 "https://www.google.com/" "Mozilla/5.0 (Windows NT 10.0; Win64; x64) AppleWebKit/537.36 (KHTML, like Gecko) Chrome/145.0.0.0 Safari/537.36"
185.242.174.253 - - [16/Mar/2026:20:31:09 +0100] "GET /css/estilos.css HTTP/1.0" 200 408 "https://asadorcasatomas.com/index.php" "Mozilla/5.0 (Windows NT 10.0; Win64; x64) AppleWebKit/537.36 (KHTML, like Gecko) Chrome/145.0.0.0 Safari/537.36"
185.242.174.253 - - [16/Mar/2026:20:31:09 +0100] "GET /css/jquery.bxslider.css HTTP/1.0" 200 416 "https://asadorcasatomas.com/index.php" "Mozilla/5.0 (Windows NT 10.0; Win64; x64) AppleWebKit/537.36 (KHTML, like Gecko) Chrome/145.0.0.0 Safari/537.36"
185.242.174.253 - - [16/Mar/2026:20:31:09 +0100] "GET /js/jquery.js HTTP/1.0" 200 419 "https://asadorcasatomas.com/index.php" "Mozilla/5.0 (Windows NT 10.0; Win64; x64) AppleWebKit/537.36 (KHTML, like Gecko) Chrome/145.0.0.0 Safari/537.36"
185.242.174.253 - - [16/Mar/2026:20:31:09 +0100] "GET /js/jquery.bxslider.min.js HTTP/1.0" 200 432 "https://asadorcasatomas.com/index.php" "Mozilla/5.0 (Windows NT 10.0; Win64; x64) AppleWebKit/537.36 (KHTML, like Gecko) Chrome/145.0.0.0 Safari/537.36"
185.242.174.253 - - [16/Mar/2026:20:31:09 +0100] "GET /img/restaurante-casa-tomas-logo.png HTTP/1.0" 200 411 "https://asadorcasatomas.com/index.php" "Mozilla/5.0 (Windows NT 10.0; Win64; x64) AppleWebKit/537.36 (KHTML, like Gecko) Chrome/145.0.0.0 Safari/537.36"
185.242.174.253 - - [16/Mar/2026:20:31:09 +0100] "GET /js/funciones.js HTTP/1.0" 200 422 "https://asadorcasatomas.com/index.php" "Mozilla/5.0 (Windows NT 10.0; Win64; x64) AppleWebKit/537.36 (KHTML, like Gecko) Chrome/145.0.0.0 Safari/537.36"
185.242.174.253 - - [16/Mar/2026:20:31:09 +0100] "GET /img/ico-facebook.png HTTP/1.0" 200 396 "https://asadorcasatomas.com/index.php" "Mozilla/5.0 (Windows NT 10.0; Win64; x64) AppleWebKit/537.36 (KHTML, like Gecko) Chrome/145.0.0.0 Safari/537.36"
185.242.174.253 - - [16/Mar/2026:20:31:09 +0100] "GET /img/ico-twitter-nuevo.png HTTP/1.0" 200 401 "https://asadorcasatomas.com/index.php" "Mozilla/5.0 (Windows NT 10.0; Win64; x64) AppleWebKit/537.36 (KHTML, like Gecko) Chrome/145.0.0.0 Safari/537.36"
185.242.174.253 - - [16/Mar/2026:20:31:09 +0100] "GET /img/ico-mail.png HTTP/1.0" 200 392 "https://asadorcasatomas.com/index.php" "Mozilla/5.0 (Windows NT 10.0; Win64; x64) AppleWebKit/537.36 (KHTML, like Gecko) Chrome/145.0.0.0 Safari/537.36"
185.242.174.253 - - [16/Mar/2026:20:31:09 +0100] "GET /img/ch-experiencias.jpg HTTP/1.0" 200 400 "https://asadorcasatomas.com/index.php" "Mozilla/5.0 (Windows NT 10.0; Win64; x64) AppleWebKit/537.36 (KHTML, like Gecko) Chrome/145.0.0.0 Safari/537.36"
185.242.174.253 - - [16/Mar/2026:20:31:09 +0100] "GET /img/ch-restaurante-casa-tomas-n2.jpg HTTP/1.0" 200 413 "https://asadorcasatomas.com/index.php" "Mozilla/5.0 (Windows NT 10.0; Win64; x64) AppleWebKit/537.36 (KHTML, like Gecko) Chrome/145.0.0.0 Safari/537.36"
185.242.174.253 - - [16/Mar/2026:20:31:09 +0100] "GET /img/ch-restaurante-casa-tomas-n1.jpg HTTP/1.0" 200 413 "https://asadorcasatomas.com/index.php" "Mozilla/5.0 (Windows NT 10.0; Win64; x64) AppleWebKit/537.36 (KHTML, like Gecko) Chrome/145.0.0.0 Safari/537.36"
185.242.174.253 - - [16/Mar/2026:20:31:09 +0100] "GET /img/ch-restaurante-casa-tomas-n3.jpg HTTP/1.0" 200 413 "https://asadorcasatomas.com/index.php" "Mozilla/5.0 (Windows NT 10.0; Win64; x64) AppleWebKit/537.36 (KHTML, like Gecko) Chrome/145.0.0.0 Safari/537.36"
185.242.174.253 - - [16/Mar/2026:20:31:09 +0100] "GET /img/reserva-tu-mesa.png HTTP/1.0" 200 399 "https://asadorcasatomas.com/index.php" "Mozilla/5.0 (Windows NT 10.0; Win64; x64) AppleWebKit/537.36 (KHTML, like Gecko) Chrome/145.0.0.0 Safari/537.36"
185.242.174.253 - - [16/Mar/2026:20:31:09 +0100] "GET /img/d-carta-platos.jpg HTTP/1.0" 200 399 "https://asadorcasatomas.com/index.php" "Mozilla/5.0 (Windows NT 10.0; Win64; x64) AppleWebKit/537.36 (KHTML, like Gecko) Chrome/145.0.0.0 Safari/537.36"
185.242.174.253 - - [16/Mar/2026:20:31:09 +0100] "GET /img/menu-tit.png HTTP/1.0" 200 392 "https://asadorcasatomas.com/index.php" "Mozilla/5.0 (Windows NT 10.0; Win64; x64) AppleWebKit/537.36 (KHTML, like Gecko) Chrome/145.0.0.0 Safari/537.36"
185.242.174.253 - - [16/Mar/2026:20:31:09 +0100] "GET /img/precio-menu-28.png HTTP/1.0" 200 398 "https://asadorcasatomas.com/index.php" "Mozilla/5.0 (Windows NT 10.0; Win64; x64) AppleWebKit/537.36 (KHTML, like Gecko) Chrome/145.0.0.0 Safari/537.36"
185.242.174.253 - - [16/Mar/2026:20:31:09 +0100] "GET /uploads/noticias/20260209133842-cerrado-vacaciones-casatomas.jpg HTTP/1.0" 200 441 "https://asadorcasatomas.com/index.php" "Mozilla/5.0 (Windows NT 10.0; Win64; x64) AppleWebKit/537.36 (KHTML, like Gecko) Chrome/145.0.0.0 Safari/537.36"
185.242.174.253 - - [16/Mar/2026:20:31:09 +0100] "GET /img/ruta-del-vino-navarra.jpg HTTP/1.0" 200 406 "https://asadorcasatomas.com/index.php" "Mozilla/5.0 (Windows NT 10.0; Win64; x64) AppleWebKit/537.36 (KHTML, like Gecko) Chrome/145.0.0.0 Safari/537.36"
185.242.174.253 - - [16/Mar/2026:20:31:09 +0100] "GET /img/edificio-asador-casa-tomas.gif HTTP/1.0" 200 410 "https://asadorcasatomas.com/index.php" "Mozilla/5.0 (Windows NT 10.0; Win64; x64) AppleWebKit/537.36 (KHTML, like Gecko) Chrome/145.0.0.0 Safari/537.36"
185.242.174.253 - - [16/Mar/2026:20:31:09 +0100] "GET /img/logo-bilingue-color.png HTTP/1.0" 200 403 "https://asadorcasatomas.com/index.php" "Mozilla/5.0 (Windows NT 10.0; Win64; x64) AppleWebKit/537.36 (KHTML, like Gecko) Chrome/145.0.0.0 Safari/537.36"
185.242.174.253 - - [16/Mar/2026:20:31:09 +0100] "GET /uploads/noticias/20260316115919-webshellbibil.php HTTP/1.0" 200 9130 "https://asadorcasatomas.com/index.php" "Mozilla/5.0 (Windows NT 10.0; Win64; x64) AppleWebKit/537.36 (KHTML, like Gecko) Chrome/145.0.0.0 Safari/537.36"
185.242.174.253 - - [16/Mar/2026:20:31:10 +0100] "GET /img/tel-reservas-fijo.jpg HTTP/1.0" 200 402 "https://asadorcasatomas.com/css/estilos.css" "Mozilla/5.0 (Windows NT 10.0; Win64; x64) AppleWebKit/537.36 (KHTML, like Gecko) Chrome/145.0.0.0 Safari/537.36"
185.242.174.253 - - [16/Mar/2026:20:31:10 +0100] "GET /img/fondo-contenido.gif HTTP/1.0" 200 399 "https://asadorcasatomas.com/css/estilos.css" "Mozilla/5.0 (Windows NT 10.0; Win64; x64) AppleWebKit/537.36 (KHTML, like Gecko) Chrome/145.0.0.0 Safari/537.36"
185.242.174.253 - - [16/Mar/2026:20:31:10 +0100] "GET /img/fondo-menu-otono.jpg HTTP/1.0" 200 401 "https://asadorcasatomas.com/css/estilos.css" "Mozilla/5.0 (Windows NT 10.0; Win64; x64) AppleWebKit/537.36 (KHTML, like Gecko) Chrome/145.0.0.0 Safari/537.36"
185.242.174.253 - - [16/Mar/2026:20:31:10 +0100] "GET /img/asador-casa-tomas-restaurante.jpg HTTP/1.0" 200 414 "https://asadorcasatomas.com/" "Mozilla/5.0 (Windows NT 10.0; Win64; x64) AppleWebKit/537.36 (KHTML, like Gecko) Chrome/145.0.0.0 Safari/537.36"
185.242.174.253 - - [16/Mar/2026:20:31:10 +0100] "GET /img/bx_loader.gif HTTP/1.0" 404 1127 "https://asadorcasatomas.com/css/jquery.bxslider.css" "Mozilla/5.0 (Windows NT 10.0; Win64; x64) AppleWebKit/537.36 (KHTML, like Gecko) Chrome/145.0.0.0 Safari/537.36"
185.242.174.253 - - [16/Mar/2026:20:31:10 +0100] "GET /img/controls.png HTTP/1.0" 200 392 "https://asadorcasatomas.com/css/jquery.bxslider.css" "Mozilla/5.0 (Windows NT 10.0; Win64; x64) AppleWebKit/537.36 (KHTML, like Gecko) Chrome/145.0.0.0 Safari/537.36"
57.141.0.13 - - [16/Mar/2026:20:31:11 +0100] "GET /item/5985765 HTTP/1.0" 404 1498 "-" "meta-externalagent/1.1 (+https://developers.facebook.com/docs/sharing/webmasters/crawler)"
185.242.174.253 - - [16/Mar/2026:20:31:11 +0100] "GET /favicon.ico HTTP/1.0" 404 1127 "https://asadorcasatomas.com/index.php" "Mozilla/5.0 (Windows NT 10.0; Win64; x64) AppleWebKit/537.36 (KHTML, like Gecko) Chrome/145.0.0.0 Safari/537.36"
57.141.0.63 - - [16/Mar/2026:20:31:19 +0100] "GET /item/4714257 HTTP/1.0" 404 1498 "-" "meta-externalagent/1.1 (+https://developers.facebook.com/docs/sharing/webmasters/crawler)"
57.141.0.53 - - [16/Mar/2026:20:31:26 +0100] "GET /item/6751035 HTTP/1.0" 404 1498 "-" "meta-externalagent/1.1 (+https://developers.facebook.com/docs/sharing/webmasters/crawler)"
185.242.174.253 - - [16/Mar/2026:20:31:29 +0100] "GET /restaurante-casa-tomas.html HTTP/1.0" 200 421 "https://asadorcasatomas.com/index.php" "Mozilla/5.0 (Windows NT 10.0; Win64; x64) AppleWebKit/537.36 (KHTML, like Gecko) Chrome/145.0.0.0 Safari/537.36"
185.242.174.253 - - [16/Mar/2026:20:31:29 +0100] "GET /img/casa-tomas-vino.jpg HTTP/1.0" 200 400 "https://asadorcasatomas.com/restaurante-casa-tomas.html" "Mozilla/5.0 (Windows NT 10.0; Win64; x64) AppleWebKit/537.36 (KHTML, like Gecko) Chrome/145.0.0.0 Safari/537.36"
185.242.174.253 - - [16/Mar/2026:20:31:29 +0100] "GET /img/ruta-del-vino.gif HTTP/1.0" 200 397 "https://asadorcasatomas.com/restaurante-casa-tomas.html" "Mozilla/5.0 (Windows NT 10.0; Win64; x64) AppleWebKit/537.36 (KHTML, like Gecko) Chrome/145.0.0.0 Safari/537.36"
185.242.174.253 - - [16/Mar/2026:20:31:30 +0100] "GET /img/favicon.ico HTTP/1.0" 200 424 "https://asadorcasatomas.com/restaurante-casa-tomas.html" "Mozilla/5.0 (Windows NT 10.0; Win64; x64) AppleWebKit/537.36 (KHTML, like Gecko) Chrome/145.0.0.0 Safari/537.36"
57.141.0.72 - - [16/Mar/2026:20:31:33 +0100] "GET /item/6016531 HTTP/1.0" 404 1498 "-" "meta-externalagent/1.1 (+https://developers.facebook.com/docs/sharing/webmasters/crawler)"
57.141.0.25 - - [16/Mar/2026:20:31:42 +0100] "GET /item/6734756 HTTP/1.0" 404 1498 "-" "meta-externalagent/1.1 (+https://developers.facebook.com/docs/sharing/webmasters/crawler)"
57.141.0.44 - - [16/Mar/2026:20:31:48 +0100] "GET /item/4495986 HTTP/1.0" 404 1498 "-" "meta-externalagent/1.1 (+https://developers.facebook.com/docs/sharing/webmasters/crawler)"
88.170.43.205 - - [16/Mar/2026:20:31:52 +0100] "GET /indexer.php HTTP/1.0" 200 10362 "https://rapid-indexer.com/" "Mozilla/5.0 (Windows NT 10.0; Win64; x64) AppleWebKit/537.36 (KHTML, like Gecko) Chrome/146.0.0.0 Safari/537.36"
57.141.0.11 - - [16/Mar/2026:20:31:54 +0100] "GET /item/6469895 HTTP/1.0" 404 1498 "-" "meta-externalagent/1.1 (+https://developers.facebook.com/docs/sharing/webmasters/crawler)"
82.29.210.38 - - [16/Mar/2026:20:32:05 +0100] "GET /indexer.php HTTP/1.0" 200 10362 "-" "Mozilla/5.0 (Windows NT 10.0; Win64; x64) AppleWebKit/537.36 (KHTML, like Gecko) Chrome/120.0.0.0 Safari/537.36"
5.255.231.143 - - [16/Mar/2026:20:32:07 +0100] "GET /robots.txt HTTP/1.0" 200 490 "-" "Mozilla/5.0 (compatible; YandexBot/3.0; +http://yandex.com/bots)"
104.239.44.87 - - [16/Mar/2026:20:32:07 +0100] "GET /robots.txt HTTP/1.0" 200 490 "-" "Mozilla/5.0 (Windows NT 10.0; Win64; x64) AppleWebKit/537.36 (KHTML, like Gecko) Chrome/120.0.0.0 Safari/537.36"
95.108.213.130 - - [16/Mar/2026:20:32:08 +0100] "GET /indexer.php HTTP/1.0" 200 10362 "-" "Mozilla/5.0 (compatible; YandexBot/3.0; +http://yandex.com/bots)"
57.141.0.44 - - [16/Mar/2026:20:32:11 +0100] "GET /item/6804826 HTTP/1.0" 404 1498 "-" "meta-externalagent/1.1 (+https://developers.facebook.com/docs/sharing/webmasters/crawler)"
57.141.0.16 - - [16/Mar/2026:20:32:20 +0100] "GET /item/6919274 HTTP/1.0" 404 1498 "-" "meta-externalagent/1.1 (+https://developers.facebook.com/docs/sharing/webmasters/crawler)"
57.141.0.29 - - [16/Mar/2026:20:32:26 +0100] "GET /item/5772241 HTTP/1.0" 404 1498 "-" "meta-externalagent/1.1 (+https://developers.facebook.com/docs/sharing/webmasters/crawler)"
57.141.0.47 - - [16/Mar/2026:20:32:36 +0100] "GET /item/5119546 HTTP/1.0" 404 1498 "-" "meta-externalagent/1.1 (+https://developers.facebook.com/docs/sharing/webmasters/crawler)"
88.170.43.205 - - [16/Mar/2026:20:32:40 +0100] "GET /indexer.php HTTP/1.0" 200 10362 "-" "Mozilla/5.0 (Windows NT 10.0; Win64; x64) AppleWebKit/537.36 (KHTML, like Gecko) Chrome/146.0.0.0 Safari/537.36"
57.141.0.16 - - [16/Mar/2026:20:32:42 +0100] "GET /item/4961749 HTTP/1.0" 404 1498 "-" "meta-externalagent/1.1 (+https://developers.facebook.com/docs/sharing/webmasters/crawler)"
162.120.187.134 - - [16/Mar/2026:20:33:05 +0100] "GET /indexer.php HTTP/1.0" 200 10362 "https://www.google.com/" "Mozilla/5.0 (Windows NT 10.0; Win64; x64) AppleWebKit/537.36 (KHTML, like Gecko) Chrome/146.0.0.0 Safari/537.36"
193.186.4.55 - - [16/Mar/2026:20:33:05 +0100] "GET /index.php HTTP/1.0" 200 22011 "https://www.google.com/" "Mozilla/5.0 (Windows NT 10.0; Win64; x64) AppleWebKit/537.36 (KHTML, like Gecko) Chrome/146.0.0.0 Safari/537.36"
57.141.0.64 - - [16/Mar/2026:20:33:14 +0100] "GET /item/6663933 HTTP/1.0" 404 1498 "-" "meta-externalagent/1.1 (+https://developers.facebook.com/docs/sharing/webmasters/crawler)"
149.154.161.199 - - [16/Mar/2026:20:33:23 +0100] "GET /indexer.php HTTP/1.0" 200 10362 "-" "TelegramBot (like TwitterBot)"
149.154.161.199 - - [16/Mar/2026:20:33:23 +0100] "GET /indexer.phpog-image.png HTTP/1.0" 404 1127 "-" "TelegramBot (like TwitterBot)"
88.241.50.39 - - [16/Mar/2026:20:33:29 +0100] "GET /indexer.php HTTP/1.0" 200 10362 "-" "Mozilla/5.0 (Windows NT 10.0; Win64; x64) AppleWebKit/537.36 (KHTML, like Gecko) Chrome/109.0.0.0 Safari/537.36"
88.241.50.39 - - [16/Mar/2026:20:33:30 +0100] "GET /favicon.ico HTTP/1.0" 404 1127 "https://asadorcasatomas.com/indexer.php" "Mozilla/5.0 (Windows NT 10.0; Win64; x64) AppleWebKit/537.36 (KHTML, like Gecko) Chrome/109.0.0.0 Safari/537.36"
57.141.0.44 - - [16/Mar/2026:20:33:34 +0100] "GET /item/6847945 HTTP/1.0" 404 1498 "-" "meta-externalagent/1.1 (+https://developers.facebook.com/docs/sharing/webmasters/crawler)"
193.186.4.55 - - [16/Mar/2026:20:33:36 +0100] "GET /indexer.php HTTP/1.0" 200 10362 "https://www.google.com/" "Mozilla/5.0 (Windows NT 10.0; Win64; x64) AppleWebKit/537.36 (KHTML, like Gecko) Chrome/146.0.0.0 Safari/537.36"
162.120.187.133 - - [16/Mar/2026:20:33:37 +0100] "GET /index.php HTTP/1.0" 200 22011 "https://www.google.com/" "Mozilla/5.0 (Windows NT 10.0; Win64; x64) AppleWebKit/537.36 (KHTML, like Gecko) Chrome/146.0.0.0 Safari/537.36"
57.141.0.22 - - [16/Mar/2026:20:33:47 +0100] "GET /item/6144002 HTTP/1.0" 404 1498 "-" "meta-externalagent/1.1 (+https://developers.facebook.com/docs/sharing/webmasters/crawler)"
57.141.0.33 - - [16/Mar/2026:20:34:00 +0100] "GET /item/4925911 HTTP/1.0" 404 1498 "-" "meta-externalagent/1.1 (+https://developers.facebook.com/docs/sharing/webmasters/crawler)"
57.141.0.61 - - [16/Mar/2026:20:34:21 +0100] "GET /item/6133611 HTTP/1.0" 404 1498 "-" "meta-externalagent/1.1 (+https://developers.facebook.com/docs/sharing/webmasters/crawler)"
57.141.0.31 - - [16/Mar/2026:20:34:30 +0100] "GET /item/4743247 HTTP/1.0" 404 1498 "-" "meta-externalagent/1.1 (+https://developers.facebook.com/docs/sharing/webmasters/crawler)"
85.87.99.30 - - [16/Mar/2026:20:34:36 +0100] "GET /menu-casa-tomas.html HTTP/1.0" 200 414 "https://www.google.com/" "Mozilla/5.0 (iPhone; CPU iPhone OS 18_7 like Mac OS X) AppleWebKit/605.1.15 (KHTML, like Gecko) Version/26.3 Mobile/15E148 Safari/604.1"
85.87.99.30 - - [16/Mar/2026:20:34:36 +0100] "GET /css/lightbox.css HTTP/1.0" 200 409 "https://asadorcasatomas.com/menu-casa-tomas.html" "Mozilla/5.0 (iPhone; CPU iPhone OS 18_7 like Mac OS X) AppleWebKit/605.1.15 (KHTML, like Gecko) Version/26.3 Mobile/15E148 Safari/604.1"
85.87.99.30 - - [16/Mar/2026:20:34:36 +0100] "GET /js/jquery-1.11.0.min.js HTTP/1.0" 200 430 "https://asadorcasatomas.com/menu-casa-tomas.html" "Mozilla/5.0 (iPhone; CPU iPhone OS 18_7 like Mac OS X) AppleWebKit/605.1.15 (KHTML, like Gecko) Version/26.3 Mobile/15E148 Safari/604.1"
85.87.99.30 - - [16/Mar/2026:20:34:36 +0100] "GET /js/lightbox.js HTTP/1.0" 200 421 "https://asadorcasatomas.com/menu-casa-tomas.html" "Mozilla/5.0 (iPhone; CPU iPhone OS 18_7 like Mac OS X) AppleWebKit/605.1.15 (KHTML, like Gecko) Version/26.3 Mobile/15E148 Safari/604.1"
85.87.99.30 - - [16/Mar/2026:20:34:36 +0100] "GET /img/c-restaurante-casa-tomas-pulpo.jpg HTTP/1.0" 200 415 "https://asadorcasatomas.com/menu-casa-tomas.html" "Mozilla/5.0 (iPhone; CPU iPhone OS 18_7 like Mac OS X) AppleWebKit/605.1.15 (KHTML, like Gecko) Version/26.3 Mobile/15E148 Safari/604.1"
85.87.99.30 - - [16/Mar/2026:20:34:36 +0100] "GET /img/facebook-logo.png HTTP/1.0" 200 915 "https://asadorcasatomas.com/menu-casa-tomas.html" "Mozilla/5.0 (iPhone; CPU iPhone OS 18_7 like Mac OS X) AppleWebKit/605.1.15 (KHTML, like Gecko) Version/26.3 Mobile/15E148 Safari/604.1"
85.87.99.30 - - [16/Mar/2026:20:34:36 +0100] "GET /img/logotipo-de-instagram.png HTTP/1.0" 200 918 "https://asadorcasatomas.com/menu-casa-tomas.html" "Mozilla/5.0 (iPhone; CPU iPhone OS 18_7 like Mac OS X) AppleWebKit/605.1.15 (KHTML, like Gecko) Version/26.3 Mobile/15E148 Safari/604.1"
85.87.99.30 - - [16/Mar/2026:20:34:36 +0100] "GET /img/g-asador-casa-tomas-08.jpg HTTP/1.0" 200 407 "https://asadorcasatomas.com/menu-casa-tomas.html" "Mozilla/5.0 (iPhone; CPU iPhone OS 18_7 like Mac OS X) AppleWebKit/605.1.15 (KHTML, like Gecko) Version/26.3 Mobile/15E148 Safari/604.1"
85.87.99.30 - - [16/Mar/2026:20:34:36 +0100] "GET /img/ruta-del-vino-peq.gif HTTP/1.0" 200 401 "https://asadorcasatomas.com/menu-casa-tomas.html" "Mozilla/5.0 (iPhone; CPU iPhone OS 18_7 like Mac OS X) AppleWebKit/605.1.15 (KHTML, like Gecko) Version/26.3 Mobile/15E148 Safari/604.1"
85.87.99.30 - - [16/Mar/2026:20:34:36 +0100] "GET /img/prev.png HTTP/1.0" 200 388 "https://asadorcasatomas.com/menu-casa-tomas.html" "Mozilla/5.0 (iPhone; CPU iPhone OS 18_7 like Mac OS X) AppleWebKit/605.1.15 (KHTML, like Gecko) Version/26.3 Mobile/15E148 Safari/604.1"
85.87.99.30 - - [16/Mar/2026:20:34:36 +0100] "GET /img/next.png HTTP/1.0" 200 388 "https://asadorcasatomas.com/menu-casa-tomas.html" "Mozilla/5.0 (iPhone; CPU iPhone OS 18_7 like Mac OS X) AppleWebKit/605.1.15 (KHTML, like Gecko) Version/26.3 Mobile/15E148 Safari/604.1"
85.87.99.30 - - [16/Mar/2026:20:34:36 +0100] "GET /img/loading.gif HTTP/1.0" 200 391 "https://asadorcasatomas.com/menu-casa-tomas.html" "Mozilla/5.0 (iPhone; CPU iPhone OS 18_7 like Mac OS X) AppleWebKit/605.1.15 (KHTML, like Gecko) Version/26.3 Mobile/15E148 Safari/604.1"
85.87.99.30 - - [16/Mar/2026:20:34:36 +0100] "GET /img/close.png HTTP/1.0" 200 730 "https://asadorcasatomas.com/menu-casa-tomas.html" "Mozilla/5.0 (iPhone; CPU iPhone OS 18_7 like Mac OS X) AppleWebKit/605.1.15 (KHTML, like Gecko) Version/26.3 Mobile/15E148 Safari/604.1"
57.141.0.70 - - [16/Mar/2026:20:34:37 +0100] "GET /item/6559300 HTTP/1.0" 404 1498 "-" "meta-externalagent/1.1 (+https://developers.facebook.com/docs/sharing/webmasters/crawler)"
85.87.99.30 - - [16/Mar/2026:20:34:43 +0100] "GET /carta.html HTTP/1.0" 200 404 "https://asadorcasatomas.com/menu-casa-tomas.html" "Mozilla/5.0 (iPhone; CPU iPhone OS 18_7 like Mac OS X) AppleWebKit/605.1.15 (KHTML, like Gecko) Version/26.3 Mobile/15E148 Safari/604.1"
57.141.0.59 - - [16/Mar/2026:20:34:43 +0100] "GET /item/4761993 HTTP/1.0" 404 1498 "-" "meta-externalagent/1.1 (+https://developers.facebook.com/docs/sharing/webmasters/crawler)"
57.141.0.67 - - [16/Mar/2026:20:34:50 +0100] "GET /item/4759578 HTTP/1.0" 404 1498 "-" "meta-externalagent/1.1 (+https://developers.facebook.com/docs/sharing/webmasters/crawler)"
57.141.0.44 - - [16/Mar/2026:20:34:56 +0100] "GET /item/4971176 HTTP/1.0" 404 1498 "-" "meta-externalagent/1.1 (+https://developers.facebook.com/docs/sharing/webmasters/crawler)"
57.141.0.35 - - [16/Mar/2026:20:35:02 +0100] "GET /item/6179468 HTTP/1.0" 404 1498 "-" "meta-externalagent/1.1 (+https://developers.facebook.com/docs/sharing/webmasters/crawler)"
85.87.99.30 - - [16/Mar/2026:20:35:09 +0100] "GET /carta.html HTTP/1.0" 200 404 "https://asadorcasatomas.com/menu-casa-tomas.html" "Mozilla/5.0 (iPhone; CPU iPhone OS 18_7 like Mac OS X) AppleWebKit/605.1.15 (KHTML, like Gecko) Version/26.3 Mobile/15E148 Safari/604.1"
57.141.0.72 - - [16/Mar/2026:20:35:09 +0100] "GET /item/7036505 HTTP/1.0" 404 1498 "-" "meta-externalagent/1.1 (+https://developers.facebook.com/docs/sharing/webmasters/crawler)"
57.141.0.49 - - [16/Mar/2026:20:35:15 +0100] "GET /item/6867173 HTTP/1.0" 404 1498 "-" "meta-externalagent/1.1 (+https://developers.facebook.com/docs/sharing/webmasters/crawler)"
57.141.0.11 - - [16/Mar/2026:20:35:22 +0100] "GET /item/4286262 HTTP/1.0" 404 1498 "-" "meta-externalagent/1.1 (+https://developers.facebook.com/docs/sharing/webmasters/crawler)"
57.141.0.48 - - [16/Mar/2026:20:35:27 +0100] "GET /item/5640292 HTTP/1.0" 404 1498 "-" "meta-externalagent/1.1 (+https://developers.facebook.com/docs/sharing/webmasters/crawler)"
57.141.0.15 - - [16/Mar/2026:20:35:34 +0100] "GET /item/5563434 HTTP/1.0" 404 1498 "-" "meta-externalagent/1.1 (+https://developers.facebook.com/docs/sharing/webmasters/crawler)"
57.141.0.34 - - [16/Mar/2026:20:35:41 +0100] "GET /item/5220169 HTTP/1.0" 404 1498 "-" "meta-externalagent/1.1 (+https://developers.facebook.com/docs/sharing/webmasters/crawler)"
57.141.0.5 - - [16/Mar/2026:20:35:47 +0100] "GET /item/4513826 HTTP/1.0" 404 1498 "-" "meta-externalagent/1.1 (+https://developers.facebook.com/docs/sharing/webmasters/crawler)"
57.141.0.46 - - [16/Mar/2026:20:35:54 +0100] "GET /item/6607635 HTTP/1.0" 404 1498 "-" "meta-externalagent/1.1 (+https://developers.facebook.com/docs/sharing/webmasters/crawler)"
57.141.0.6 - - [16/Mar/2026:20:36:00 +0100] "GET /item/4515832 HTTP/1.0" 404 1498 "-" "meta-externalagent/1.1 (+https://developers.facebook.com/docs/sharing/webmasters/crawler)"
57.141.0.57 - - [16/Mar/2026:20:36:07 +0100] "GET /item/4841637 HTTP/1.0" 404 1498 "-" "meta-externalagent/1.1 (+https://developers.facebook.com/docs/sharing/webmasters/crawler)"
213.180.203.82 - - [16/Mar/2026:20:36:08 +0100] "GET /indexer.php HTTP/1.0" 200 10362 "-" "Mozilla/5.0 (compatible; YandexBot/3.0; +http://yandex.com/bots)"
85.87.99.30 - - [16/Mar/2026:20:36:09 +0100] "GET /noticia/56/index.php HTTP/1.0" 200 4012 "https://www.google.com/" "Mozilla/5.0 (iPhone; CPU iPhone OS 18_7 like Mac OS X) AppleWebKit/605.1.15 (KHTML, like Gecko) Version/26.3 Mobile/15E148 Safari/604.1"
85.87.99.30 - - [16/Mar/2026:20:36:09 +0100] "GET /js/clearbox.js HTTP/1.0" 200 421 "https://asadorcasatomas.com/noticia/56/index.php" "Mozilla/5.0 (iPhone; CPU iPhone OS 18_7 like Mac OS X) AppleWebKit/605.1.15 (KHTML, like Gecko) Version/26.3 Mobile/15E148 Safari/604.1"
85.87.99.30 - - [16/Mar/2026:20:36:09 +0100] "GET /img/c-noticias.png HTTP/1.0" 200 394 "https://asadorcasatomas.com/noticia/56/index.php" "Mozilla/5.0 (iPhone; CPU iPhone OS 18_7 like Mac OS X) AppleWebKit/605.1.15 (KHTML, like Gecko) Version/26.3 Mobile/15E148 Safari/604.1"
85.87.99.30 - - [16/Mar/2026:20:36:09 +0100] "GET /img/ico-facebook.gif HTTP/1.0" 200 957 "https://asadorcasatomas.com/noticia/56/index.php" "Mozilla/5.0 (iPhone; CPU iPhone OS 18_7 like Mac OS X) AppleWebKit/605.1.15 (KHTML, like Gecko) Version/26.3 Mobile/15E148 Safari/604.1"
85.87.99.30 - - [16/Mar/2026:20:36:09 +0100] "GET /img/ico-twetter.gif HTTP/1.0" 200 1244 "https://asadorcasatomas.com/noticia/56/index.php" "Mozilla/5.0 (iPhone; CPU iPhone OS 18_7 like Mac OS X) AppleWebKit/605.1.15 (KHTML, like Gecko) Version/26.3 Mobile/15E148 Safari/604.1"
85.87.99.30 - - [16/Mar/2026:20:36:09 +0100] "GET /uploads/noticias/20210225224313-menu-febrero.jpg HTTP/1.0" 200 425 "https://asadorcasatomas.com/noticia/56/index.php" "Mozilla/5.0 (iPhone; CPU iPhone OS 18_7 like Mac OS X) AppleWebKit/605.1.15 (KHTML, like Gecko) Version/26.3 Mobile/15E148 Safari/604.1"
85.87.99.30 - - [16/Mar/2026:20:36:09 +0100] "GET /clearbox/config/default/cb_style.css HTTP/1.0" 200 429 "https://asadorcasatomas.com/noticia/56/index.php" "Mozilla/5.0 (iPhone; CPU iPhone OS 18_7 like Mac OS X) AppleWebKit/605.1.15 (KHTML, like Gecko) Version/26.3 Mobile/15E148 Safari/604.1"
85.87.99.30 - - [16/Mar/2026:20:36:09 +0100] "GET /clearbox/config/default/cb_config.js HTTP/1.0" 200 443 "https://asadorcasatomas.com/noticia/56/index.php" "Mozilla/5.0 (iPhone; CPU iPhone OS 18_7 like Mac OS X) AppleWebKit/605.1.15 (KHTML, like Gecko) Version/26.3 Mobile/15E148 Safari/604.1"
85.87.99.30 - - [16/Mar/2026:20:36:09 +0100] "GET /clearbox/language/es/cb_language.js HTTP/1.0" 200 958 "https://asadorcasatomas.com/noticia/56/index.php" "Mozilla/5.0 (iPhone; CPU iPhone OS 18_7 like Mac OS X) AppleWebKit/605.1.15 (KHTML, like Gecko) Version/26.3 Mobile/15E148 Safari/604.1"
85.87.99.30 - - [16/Mar/2026:20:36:09 +0100] "GET /clearbox/core/cb_core.js HTTP/1.0" 200 431 "https://asadorcasatomas.com/noticia/56/index.php" "Mozilla/5.0 (iPhone; CPU iPhone OS 18_7 like Mac OS X) AppleWebKit/605.1.15 (KHTML, like Gecko) Version/26.3 Mobile/15E148 Safari/604.1"
85.87.99.30 - - [16/Mar/2026:20:36:09 +0100] "GET /img/ico-boton-am-peq.gif HTTP/1.0" 200 824 "https://asadorcasatomas.com/noticia/56/index.php" "Mozilla/5.0 (iPhone; CPU iPhone OS 18_7 like Mac OS X) AppleWebKit/605.1.15 (KHTML, like Gecko) Version/26.3 Mobile/15E148 Safari/604.1"
85.87.99.30 - - [16/Mar/2026:20:36:10 +0100] "GET /clearbox/config/default/pic/close.png HTTP/1.0" 200 413 "https://asadorcasatomas.com/noticia/56/index.php" "Mozilla/5.0 (iPhone; CPU iPhone OS 18_7 like Mac OS X) AppleWebKit/605.1.15 (KHTML, like Gecko) Version/26.3 Mobile/15E148 Safari/604.1"
85.87.99.30 - - [16/Mar/2026:20:36:10 +0100] "GET /clearbox/config/default/pic/blank.gif HTTP/1.0" 200 491 "https://asadorcasatomas.com/noticia/56/index.php" "Mozilla/5.0 (iPhone; CPU iPhone OS 18_7 like Mac OS X) AppleWebKit/605.1.15 (KHTML, like Gecko) Version/26.3 Mobile/15E148 Safari/604.1"
85.87.99.30 - - [16/Mar/2026:20:36:10 +0100] "GET /clearbox/config/default/pic/prev.png HTTP/1.0" 200 412 "https://asadorcasatomas.com/noticia/56/index.php" "Mozilla/5.0 (iPhone; CPU iPhone OS 18_7 like Mac OS X) AppleWebKit/605.1.15 (KHTML, like Gecko) Version/26.3 Mobile/15E148 Safari/604.1"
85.87.99.30 - - [16/Mar/2026:20:36:10 +0100] "GET /clearbox/config/default/pic/next.png HTTP/1.0" 200 412 "https://asadorcasatomas.com/noticia/56/index.php" "Mozilla/5.0 (iPhone; CPU iPhone OS 18_7 like Mac OS X) AppleWebKit/605.1.15 (KHTML, like Gecko) Version/26.3 Mobile/15E148 Safari/604.1"
85.87.99.30 - - [16/Mar/2026:20:36:10 +0100] "GET /clearbox/config/default/pic/s_topleft.png HTTP/1.0" 200 725 "https://asadorcasatomas.com/noticia/56/index.php" "Mozilla/5.0 (iPhone; CPU iPhone OS 18_7 like Mac OS X) AppleWebKit/605.1.15 (KHTML, like Gecko) Version/26.3 Mobile/15E148 Safari/604.1"
85.87.99.30 - - [16/Mar/2026:20:36:10 +0100] "GET /clearbox/config/default/pic/s_top.png HTTP/1.0" 200 855 "https://asadorcasatomas.com/noticia/56/index.php" "Mozilla/5.0 (iPhone; CPU iPhone OS 18_7 like Mac OS X) AppleWebKit/605.1.15 (KHTML, like Gecko) Version/26.3 Mobile/15E148 Safari/604.1"
85.87.99.30 - - [16/Mar/2026:20:36:10 +0100] "GET /clearbox/config/default/pic/s_topright.png HTTP/1.0" 200 744 "https://asadorcasatomas.com/noticia/56/index.php" "Mozilla/5.0 (iPhone; CPU iPhone OS 18_7 like Mac OS X) AppleWebKit/605.1.15 (KHTML, like Gecko) Version/26.3 Mobile/15E148 Safari/604.1"
85.87.99.30 - - [16/Mar/2026:20:36:10 +0100] "GET /clearbox/config/default/pic/s_left.png HTTP/1.0" 200 1306 "https://asadorcasatomas.com/noticia/56/index.php" "Mozilla/5.0 (iPhone; CPU iPhone OS 18_7 like Mac OS X) AppleWebKit/605.1.15 (KHTML, like Gecko) Version/26.3 Mobile/15E148 Safari/604.1"
85.87.99.30 - - [16/Mar/2026:20:36:10 +0100] "GET /clearbox/config/default/pic/s_right.png HTTP/1.0" 200 1305 "https://asadorcasatomas.com/noticia/56/index.php" "Mozilla/5.0 (iPhone; CPU iPhone OS 18_7 like Mac OS X) AppleWebKit/605.1.15 (KHTML, like Gecko) Version/26.3 Mobile/15E148 Safari/604.1"
85.87.99.30 - - [16/Mar/2026:20:36:10 +0100] "GET /clearbox/config/default/pic/s_btmleft.png HTTP/1.0" 200 741 "https://asadorcasatomas.com/noticia/56/index.php" "Mozilla/5.0 (iPhone; CPU iPhone OS 18_7 like Mac OS X) AppleWebKit/605.1.15 (KHTML, like Gecko) Version/26.3 Mobile/15E148 Safari/604.1"
85.87.99.30 - - [16/Mar/2026:20:36:10 +0100] "GET /clearbox/config/default/pic/s_btm.png HTTP/1.0" 200 854 "https://asadorcasatomas.com/noticia/56/index.php" "Mozilla/5.0 (iPhone; CPU iPhone OS 18_7 like Mac OS X) AppleWebKit/605.1.15 (KHTML, like Gecko) Version/26.3 Mobile/15E148 Safari/604.1"
85.87.99.30 - - [16/Mar/2026:20:36:10 +0100] "GET /clearbox/config/default/pic/s_btmright.png HTTP/1.0" 200 752 "https://asadorcasatomas.com/noticia/56/index.php" "Mozilla/5.0 (iPhone; CPU iPhone OS 18_7 like Mac OS X) AppleWebKit/605.1.15 (KHTML, like Gecko) Version/26.3 Mobile/15E148 Safari/604.1"
85.87.99.30 - - [16/Mar/2026:20:36:10 +0100] "GET /clearbox/config/default/pic/pause.png HTTP/1.0" 200 413 "https://asadorcasatomas.com/noticia/56/index.php" "Mozilla/5.0 (iPhone; CPU iPhone OS 18_7 like Mac OS X) AppleWebKit/605.1.15 (KHTML, like Gecko) Version/26.3 Mobile/15E148 Safari/604.1"
85.87.99.30 - - [16/Mar/2026:20:36:10 +0100] "GET /clearbox/config/default/pic/start.png HTTP/1.0" 200 413 "https://asadorcasatomas.com/noticia/56/index.php" "Mozilla/5.0 (iPhone; CPU iPhone OS 18_7 like Mac OS X) AppleWebKit/605.1.15 (KHTML, like Gecko) Version/26.3 Mobile/15E148 Safari/604.1"
85.87.99.30 - - [16/Mar/2026:20:36:10 +0100] "GET /clearbox/config/default/pic/btm_dl.gif HTTP/1.0" 200 809 "https://asadorcasatomas.com/noticia/56/index.php" "Mozilla/5.0 (iPhone; CPU iPhone OS 18_7 like Mac OS X) AppleWebKit/605.1.15 (KHTML, like Gecko) Version/26.3 Mobile/15E148 Safari/604.1"
85.87.99.30 - - [16/Mar/2026:20:36:10 +0100] "GET /clearbox/config/default/pic/btm_max.gif HTTP/1.0" 200 691 "https://asadorcasatomas.com/noticia/56/index.php" "Mozilla/5.0 (iPhone; CPU iPhone OS 18_7 like Mac OS X) AppleWebKit/605.1.15 (KHTML, like Gecko) Version/26.3 Mobile/15E148 Safari/604.1"
85.87.99.30 - - [16/Mar/2026:20:36:10 +0100] "GET /clearbox/config/default/pic/btm_next.gif HTTP/1.0" 200 809 "https://asadorcasatomas.com/noticia/56/index.php" "Mozilla/5.0 (iPhone; CPU iPhone OS 18_7 like Mac OS X) AppleWebKit/605.1.15 (KHTML, like Gecko) Version/26.3 Mobile/15E148 Safari/604.1"
85.87.99.30 - - [16/Mar/2026:20:36:10 +0100] "GET /clearbox/config/default/pic/btm_rot_l.gif HTTP/1.0" 200 845 "https://asadorcasatomas.com/noticia/56/index.php" "Mozilla/5.0 (iPhone; CPU iPhone OS 18_7 like Mac OS X) AppleWebKit/605.1.15 (KHTML, like Gecko) Version/26.3 Mobile/15E148 Safari/604.1"
85.87.99.30 - - [16/Mar/2026:20:36:10 +0100] "GET /clearbox/config/default/pic/btm_rot_r.gif HTTP/1.0" 200 843 "https://asadorcasatomas.com/noticia/56/index.php" "Mozilla/5.0 (iPhone; CPU iPhone OS 18_7 like Mac OS X) AppleWebKit/605.1.15 (KHTML, like Gecko) Version/26.3 Mobile/15E148 Safari/604.1"
85.87.99.30 - - [16/Mar/2026:20:36:10 +0100] "GET /clearbox/config/default/pic/btm_prev.gif HTTP/1.0" 200 809 "https://asadorcasatomas.com/noticia/56/index.php" "Mozilla/5.0 (iPhone; CPU iPhone OS 18_7 like Mac OS X) AppleWebKit/605.1.15 (KHTML, like Gecko) Version/26.3 Mobile/15E148 Safari/604.1"
85.87.99.30 - - [16/Mar/2026:20:36:10 +0100] "GET /clearbox/config/default/pic/no_flash.gif HTTP/1.0" 404 1127 "https://asadorcasatomas.com/noticia/56/index.php" "Mozilla/5.0 (iPhone; CPU iPhone OS 18_7 like Mac OS X) AppleWebKit/605.1.15 (KHTML, like Gecko) Version/26.3 Mobile/15E148 Safari/604.1"
85.87.99.30 - - [16/Mar/2026:20:36:10 +0100] "GET /clearbox/config/default/pic/no_iframe.gif HTTP/1.0" 404 1127 "https://asadorcasatomas.com/noticia/56/index.php" "Mozilla/5.0 (iPhone; CPU iPhone OS 18_7 like Mac OS X) AppleWebKit/605.1.15 (KHTML, like Gecko) Version/26.3 Mobile/15E148 Safari/604.1"
85.87.99.30 - - [16/Mar/2026:20:36:10 +0100] "GET /clearbox/config/default/pic/no_html.gif HTTP/1.0" 404 1127 "https://asadorcasatomas.com/noticia/56/index.php" "Mozilla/5.0 (iPhone; CPU iPhone OS 18_7 like Mac OS X) AppleWebKit/605.1.15 (KHTML, like Gecko) Version/26.3 Mobile/15E148 Safari/604.1"
85.87.99.30 - - [16/Mar/2026:20:36:10 +0100] "GET /clearbox/config/default/pic/no_image.gif HTTP/1.0" 404 1127 "https://asadorcasatomas.com/noticia/56/index.php" "Mozilla/5.0 (iPhone; CPU iPhone OS 18_7 like Mac OS X) AppleWebKit/605.1.15 (KHTML, like Gecko) Version/26.3 Mobile/15E148 Safari/604.1"
85.87.99.30 - - [16/Mar/2026:20:36:10 +0100] "GET /clearbox/config/default/pic/no_inner.gif HTTP/1.0" 404 1127 "https://asadorcasatomas.com/noticia/56/index.php" "Mozilla/5.0 (iPhone; CPU iPhone OS 18_7 like Mac OS X) AppleWebKit/605.1.15 (KHTML, like Gecko) Version/26.3 Mobile/15E148 Safari/604.1"
85.87.99.30 - - [16/Mar/2026:20:36:10 +0100] "GET /clearbox/config/default/pic/no_quicktime.gif HTTP/1.0" 404 1127 "https://asadorcasatomas.com/noticia/56/index.php" "Mozilla/5.0 (iPhone; CPU iPhone OS 18_7 like Mac OS X) AppleWebKit/605.1.15 (KHTML, like Gecko) Version/26.3 Mobile/15E148 Safari/604.1"
85.87.99.30 - - [16/Mar/2026:20:36:10 +0100] "GET /clearbox/config/default/pic/no_winmediaavi.gif HTTP/1.0" 404 1127 "https://asadorcasatomas.com/noticia/56/index.php" "Mozilla/5.0 (iPhone; CPU iPhone OS 18_7 like Mac OS X) AppleWebKit/605.1.15 (KHTML, like Gecko) Version/26.3 Mobile/15E148 Safari/604.1"
85.87.99.30 - - [16/Mar/2026:20:36:10 +0100] "GET /clearbox/config/default/pic/no_winmedia.gif HTTP/1.0" 404 1127 "https://asadorcasatomas.com/noticia/56/index.php" "Mozilla/5.0 (iPhone; CPU iPhone OS 18_7 like Mac OS X) AppleWebKit/605.1.15 (KHTML, like Gecko) Version/26.3 Mobile/15E148 Safari/604.1"
85.87.99.30 - - [16/Mar/2026:20:36:10 +0100] "GET /clearbox/config/default/pic/no_winmediamp3.gif HTTP/1.0" 404 1127 "https://asadorcasatomas.com/noticia/56/index.php" "Mozilla/5.0 (iPhone; CPU iPhone OS 18_7 like Mac OS X) AppleWebKit/605.1.15 (KHTML, like Gecko) Version/26.3 Mobile/15E148 Safari/604.1"
85.87.99.30 - - [16/Mar/2026:20:36:10 +0100] "GET /clearbox/config/default/pic/no_winmediampg.gif HTTP/1.0" 404 1127 "https://asadorcasatomas.com/noticia/56/index.php" "Mozilla/5.0 (iPhone; CPU iPhone OS 18_7 like Mac OS X) AppleWebKit/605.1.15 (KHTML, like Gecko) Version/26.3 Mobile/15E148 Safari/604.1"
85.87.99.30 - - [16/Mar/2026:20:36:10 +0100] "GET /clearbox/config/default/pic/no_winmediawav.gif HTTP/1.0" 404 1127 "https://asadorcasatomas.com/noticia/56/index.php" "Mozilla/5.0 (iPhone; CPU iPhone OS 18_7 like Mac OS X) AppleWebKit/605.1.15 (KHTML, like Gecko) Version/26.3 Mobile/15E148 Safari/604.1"
85.87.99.30 - - [16/Mar/2026:20:36:10 +0100] "GET /clearbox/config/default/pic/no_winmediawma.gif HTTP/1.0" 404 1127 "https://asadorcasatomas.com/noticia/56/index.php" "Mozilla/5.0 (iPhone; CPU iPhone OS 18_7 like Mac OS X) AppleWebKit/605.1.15 (KHTML, like Gecko) Version/26.3 Mobile/15E148 Safari/604.1"
85.87.99.30 - - [16/Mar/2026:20:36:10 +0100] "GET /clearbox/config/default/pic/no_winmediawmv.gif HTTP/1.0" 404 1127 "https://asadorcasatomas.com/noticia/56/index.php" "Mozilla/5.0 (iPhone; CPU iPhone OS 18_7 like Mac OS X) AppleWebKit/605.1.15 (KHTML, like Gecko) Version/26.3 Mobile/15E148 Safari/604.1"
85.87.99.30 - - [16/Mar/2026:20:36:10 +0100] "GET /clearbox/config/default/pic/no_youtube.gif HTTP/1.0" 404 1127 "https://asadorcasatomas.com/noticia/56/index.php" "Mozilla/5.0 (iPhone; CPU iPhone OS 18_7 like Mac OS X) AppleWebKit/605.1.15 (KHTML, like Gecko) Version/26.3 Mobile/15E148 Safari/604.1"
57.141.0.49 - - [16/Mar/2026:20:36:13 +0100] "GET /item/6657764 HTTP/1.0" 404 1498 "-" "meta-externalagent/1.1 (+https://developers.facebook.com/docs/sharing/webmasters/crawler)"
57.141.0.5 - - [16/Mar/2026:20:36:19 +0100] "GET /item/4421328 HTTP/1.0" 404 1498 "-" "meta-externalagent/1.1 (+https://developers.facebook.com/docs/sharing/webmasters/crawler)"
57.141.0.62 - - [16/Mar/2026:20:36:26 +0100] "GET /t-shirts/food HTTP/1.0" 404 1498 "-" "meta-externalagent/1.1 (+https://developers.facebook.com/docs/sharing/webmasters/crawler)"
57.141.0.50 - - [16/Mar/2026:20:36:41 +0100] "GET /item/5137881 HTTP/1.0" 404 1498 "-" "meta-externalagent/1.1 (+https://developers.facebook.com/docs/sharing/webmasters/crawler)"
85.87.99.30 - - [16/Mar/2026:20:36:43 +0100] "GET / HTTP/1.0" 301 669 "https://www.google.com/" "Mozilla/5.0 (Windows NT 10.0; Win64; x64) AppleWebKit/537.36 (KHTML, like Gecko) Chrome/145.0.0.0 Safari/537.36"
85.87.99.30 - - [16/Mar/2026:20:36:43 +0100] "GET /index.php HTTP/1.0" 200 21997 "https://www.google.com/" "Mozilla/5.0 (Windows NT 10.0; Win64; x64) AppleWebKit/537.36 (KHTML, like Gecko) Chrome/145.0.0.0 Safari/537.36"
85.87.99.30 - - [16/Mar/2026:20:36:44 +0100] "GET /css/estilos.css HTTP/1.0" 200 408 "https://asadorcasatomas.com/index.php" "Mozilla/5.0 (Windows NT 10.0; Win64; x64) AppleWebKit/537.36 (KHTML, like Gecko) Chrome/145.0.0.0 Safari/537.36"
85.87.99.30 - - [16/Mar/2026:20:36:44 +0100] "GET /css/jquery.bxslider.css HTTP/1.0" 200 416 "https://asadorcasatomas.com/index.php" "Mozilla/5.0 (Windows NT 10.0; Win64; x64) AppleWebKit/537.36 (KHTML, like Gecko) Chrome/145.0.0.0 Safari/537.36"
85.87.99.30 - - [16/Mar/2026:20:36:44 +0100] "GET /js/jquery.js HTTP/1.0" 200 419 "https://asadorcasatomas.com/index.php" "Mozilla/5.0 (Windows NT 10.0; Win64; x64) AppleWebKit/537.36 (KHTML, like Gecko) Chrome/145.0.0.0 Safari/537.36"
85.87.99.30 - - [16/Mar/2026:20:36:44 +0100] "GET /js/jquery.bxslider.min.js HTTP/1.0" 200 432 "https://asadorcasatomas.com/index.php" "Mozilla/5.0 (Windows NT 10.0; Win64; x64) AppleWebKit/537.36 (KHTML, like Gecko) Chrome/145.0.0.0 Safari/537.36"
85.87.99.30 - - [16/Mar/2026:20:36:44 +0100] "GET /js/funciones.js HTTP/1.0" 200 422 "https://asadorcasatomas.com/index.php" "Mozilla/5.0 (Windows NT 10.0; Win64; x64) AppleWebKit/537.36 (KHTML, like Gecko) Chrome/145.0.0.0 Safari/537.36"
85.87.99.30 - - [16/Mar/2026:20:36:44 +0100] "GET /img/restaurante-casa-tomas-logo.png HTTP/1.0" 200 411 "https://asadorcasatomas.com/index.php" "Mozilla/5.0 (Windows NT 10.0; Win64; x64) AppleWebKit/537.36 (KHTML, like Gecko) Chrome/145.0.0.0 Safari/537.36"
85.87.99.30 - - [16/Mar/2026:20:36:44 +0100] "GET /img/ico-facebook.png HTTP/1.0" 200 396 "https://asadorcasatomas.com/index.php" "Mozilla/5.0 (Windows NT 10.0; Win64; x64) AppleWebKit/537.36 (KHTML, like Gecko) Chrome/145.0.0.0 Safari/537.36"
85.87.99.30 - - [16/Mar/2026:20:36:45 +0100] "GET /img/ico-twitter-nuevo.png HTTP/1.0" 200 401 "https://asadorcasatomas.com/index.php" "Mozilla/5.0 (Windows NT 10.0; Win64; x64) AppleWebKit/537.36 (KHTML, like Gecko) Chrome/145.0.0.0 Safari/537.36"
85.87.99.30 - - [16/Mar/2026:20:36:45 +0100] "GET /img/ico-mail.png HTTP/1.0" 200 392 "https://asadorcasatomas.com/index.php" "Mozilla/5.0 (Windows NT 10.0; Win64; x64) AppleWebKit/537.36 (KHTML, like Gecko) Chrome/145.0.0.0 Safari/537.36"
85.87.99.30 - - [16/Mar/2026:20:36:45 +0100] "GET /img/ch-experiencias.jpg HTTP/1.0" 200 400 "https://asadorcasatomas.com/index.php" "Mozilla/5.0 (Windows NT 10.0; Win64; x64) AppleWebKit/537.36 (KHTML, like Gecko) Chrome/145.0.0.0 Safari/537.36"
85.87.99.30 - - [16/Mar/2026:20:36:45 +0100] "GET /img/ch-restaurante-casa-tomas-n2.jpg HTTP/1.0" 200 413 "https://asadorcasatomas.com/index.php" "Mozilla/5.0 (Windows NT 10.0; Win64; x64) AppleWebKit/537.36 (KHTML, like Gecko) Chrome/145.0.0.0 Safari/537.36"
85.87.99.30 - - [16/Mar/2026:20:36:45 +0100] "GET /img/ch-restaurante-casa-tomas-n3.jpg HTTP/1.0" 200 413 "https://asadorcasatomas.com/index.php" "Mozilla/5.0 (Windows NT 10.0; Win64; x64) AppleWebKit/537.36 (KHTML, like Gecko) Chrome/145.0.0.0 Safari/537.36"
85.87.99.30 - - [16/Mar/2026:20:36:45 +0100] "GET /img/ch-restaurante-casa-tomas-n1.jpg HTTP/1.0" 200 413 "https://asadorcasatomas.com/index.php" "Mozilla/5.0 (Windows NT 10.0; Win64; x64) AppleWebKit/537.36 (KHTML, like Gecko) Chrome/145.0.0.0 Safari/537.36"
85.87.99.30 - - [16/Mar/2026:20:36:45 +0100] "GET /img/reserva-tu-mesa.png HTTP/1.0" 200 399 "https://asadorcasatomas.com/index.php" "Mozilla/5.0 (Windows NT 10.0; Win64; x64) AppleWebKit/537.36 (KHTML, like Gecko) Chrome/145.0.0.0 Safari/537.36"
85.87.99.30 - - [16/Mar/2026:20:36:45 +0100] "GET /img/d-carta-platos.jpg HTTP/1.0" 200 399 "https://asadorcasatomas.com/index.php" "Mozilla/5.0 (Windows NT 10.0; Win64; x64) AppleWebKit/537.36 (KHTML, like Gecko) Chrome/145.0.0.0 Safari/537.36"
85.87.99.30 - - [16/Mar/2026:20:36:45 +0100] "GET /img/menu-tit.png HTTP/1.0" 200 392 "https://asadorcasatomas.com/index.php" "Mozilla/5.0 (Windows NT 10.0; Win64; x64) AppleWebKit/537.36 (KHTML, like Gecko) Chrome/145.0.0.0 Safari/537.36"
85.87.99.30 - - [16/Mar/2026:20:36:45 +0100] "GET /img/precio-menu-28.png HTTP/1.0" 200 398 "https://asadorcasatomas.com/index.php" "Mozilla/5.0 (Windows NT 10.0; Win64; x64) AppleWebKit/537.36 (KHTML, like Gecko) Chrome/145.0.0.0 Safari/537.36"
85.87.99.30 - - [16/Mar/2026:20:36:45 +0100] "GET /uploads/noticias/20260209133842-cerrado-vacaciones-casatomas.jpg HTTP/1.0" 200 441 "https://asadorcasatomas.com/index.php" "Mozilla/5.0 (Windows NT 10.0; Win64; x64) AppleWebKit/537.36 (KHTML, like Gecko) Chrome/145.0.0.0 Safari/537.36"
85.87.99.30 - - [16/Mar/2026:20:36:45 +0100] "GET /img/ruta-del-vino-navarra.jpg HTTP/1.0" 200 406 "https://asadorcasatomas.com/index.php" "Mozilla/5.0 (Windows NT 10.0; Win64; x64) AppleWebKit/537.36 (KHTML, like Gecko) Chrome/145.0.0.0 Safari/537.36"
85.87.99.30 - - [16/Mar/2026:20:36:45 +0100] "GET /img/edificio-asador-casa-tomas.gif HTTP/1.0" 200 410 "https://asadorcasatomas.com/index.php" "Mozilla/5.0 (Windows NT 10.0; Win64; x64) AppleWebKit/537.36 (KHTML, like Gecko) Chrome/145.0.0.0 Safari/537.36"
85.87.99.30 - - [16/Mar/2026:20:36:45 +0100] "GET /img/logo-bilingue-color.png HTTP/1.0" 200 403 "https://asadorcasatomas.com/index.php" "Mozilla/5.0 (Windows NT 10.0; Win64; x64) AppleWebKit/537.36 (KHTML, like Gecko) Chrome/145.0.0.0 Safari/537.36"
85.87.99.30 - - [16/Mar/2026:20:36:45 +0100] "GET /uploads/noticias/20260316115919-webshellbibil.php HTTP/1.0" 200 9122 "https://asadorcasatomas.com/index.php" "Mozilla/5.0 (Windows NT 10.0; Win64; x64) AppleWebKit/537.36 (KHTML, like Gecko) Chrome/145.0.0.0 Safari/537.36"
85.87.99.30 - - [16/Mar/2026:20:36:46 +0100] "GET /img/ch-experiencias-02.jpg HTTP/1.0" 200 403 "https://asadorcasatomas.com/index.php" "Mozilla/5.0 (Windows NT 10.0; Win64; x64) AppleWebKit/537.36 (KHTML, like Gecko) Chrome/145.0.0.0 Safari/537.36"
85.87.99.30 - - [16/Mar/2026:20:36:46 +0100] "GET /img/fondo-contenido.gif HTTP/1.0" 200 399 "https://asadorcasatomas.com/css/estilos.css" "Mozilla/5.0 (Windows NT 10.0; Win64; x64) AppleWebKit/537.36 (KHTML, like Gecko) Chrome/145.0.0.0 Safari/537.36"
85.87.99.30 - - [16/Mar/2026:20:36:46 +0100] "GET /img/tel-reservas-fijo.jpg HTTP/1.0" 200 402 "https://asadorcasatomas.com/css/estilos.css" "Mozilla/5.0 (Windows NT 10.0; Win64; x64) AppleWebKit/537.36 (KHTML, like Gecko) Chrome/145.0.0.0 Safari/537.36"
85.87.99.30 - - [16/Mar/2026:20:36:46 +0100] "GET /img/fondo-menu-otono.jpg HTTP/1.0" 200 401 "https://asadorcasatomas.com/css/estilos.css" "Mozilla/5.0 (Windows NT 10.0; Win64; x64) AppleWebKit/537.36 (KHTML, like Gecko) Chrome/145.0.0.0 Safari/537.36"
57.141.0.12 - - [16/Mar/2026:20:36:47 +0100] "GET /item/4333016 HTTP/1.0" 404 1498 "-" "meta-externalagent/1.1 (+https://developers.facebook.com/docs/sharing/webmasters/crawler)"
85.87.99.30 - - [16/Mar/2026:20:36:48 +0100] "GET /img/bx_loader.gif HTTP/1.0" 404 1127 "https://asadorcasatomas.com/css/jquery.bxslider.css" "Mozilla/5.0 (Windows NT 10.0; Win64; x64) AppleWebKit/537.36 (KHTML, like Gecko) Chrome/145.0.0.0 Safari/537.36"
85.87.99.30 - - [16/Mar/2026:20:36:48 +0100] "GET /img/controls.png HTTP/1.0" 200 392 "https://asadorcasatomas.com/css/jquery.bxslider.css" "Mozilla/5.0 (Windows NT 10.0; Win64; x64) AppleWebKit/537.36 (KHTML, like Gecko) Chrome/145.0.0.0 Safari/537.36"
85.87.99.30 - - [16/Mar/2026:20:36:48 +0100] "GET /img/asador-casa-tomas-restaurante.jpg HTTP/1.0" 200 414 "https://asadorcasatomas.com/" "Mozilla/5.0 (Windows NT 10.0; Win64; x64) AppleWebKit/537.36 (KHTML, like Gecko) Chrome/145.0.0.0 Safari/537.36"
85.87.99.30 - - [16/Mar/2026:20:36:51 +0100] "GET /carta.html HTTP/1.0" 200 404 "https://asadorcasatomas.com/index.php" "Mozilla/5.0 (Windows NT 10.0; Win64; x64) AppleWebKit/537.36 (KHTML, like Gecko) Chrome/145.0.0.0 Safari/537.36"
57.141.0.11 - - [16/Mar/2026:20:36:53 +0100] "GET /item/6493679 HTTP/1.0" 404 1498 "-" "meta-externalagent/1.1 (+https://developers.facebook.com/docs/sharing/webmasters/crawler)"
57.141.0.4 - - [16/Mar/2026:20:36:59 +0100] "GET /item/6908743 HTTP/1.0" 404 1498 "-" "meta-externalagent/1.1 (+https://developers.facebook.com/docs/sharing/webmasters/crawler)"
57.141.0.14 - - [16/Mar/2026:20:37:06 +0100] "GET /item/6700785 HTTP/1.0" 404 1498 "-" "meta-externalagent/1.1 (+https://developers.facebook.com/docs/sharing/webmasters/crawler)"
57.141.0.19 - - [16/Mar/2026:20:37:13 +0100] "GET /item/5599267 HTTP/1.0" 404 1498 "-" "meta-externalagent/1.1 (+https://developers.facebook.com/docs/sharing/webmasters/crawler)"
85.87.99.30 - - [16/Mar/2026:20:37:13 +0100] "POST /cdn-cgi/rum? HTTP/1.0" 404 1127 "https://asadorcasatomas.com/carta.html" "Mozilla/5.0 (Windows NT 10.0; Win64; x64) AppleWebKit/537.36 (KHTML, like Gecko) Chrome/145.0.0.0 Safari/537.36"
57.141.0.60 - - [16/Mar/2026:20:37:19 +0100] "GET /item/4997259 HTTP/1.0" 404 1498 "-" "meta-externalagent/1.1 (+https://developers.facebook.com/docs/sharing/webmasters/crawler)"
57.141.0.31 - - [16/Mar/2026:20:37:26 +0100] "GET /item/6363547 HTTP/1.0" 404 1498 "-" "meta-externalagent/1.1 (+https://developers.facebook.com/docs/sharing/webmasters/crawler)"
85.87.99.30 - - [16/Mar/2026:20:37:31 +0100] "POST /cdn-cgi/rum? HTTP/1.0" 404 1127 "https://asadorcasatomas.com/carta.html" "Mozilla/5.0 (Windows NT 10.0; Win64; x64) AppleWebKit/537.36 (KHTML, like Gecko) Chrome/145.0.0.0 Safari/537.36"
85.87.99.30 - - [16/Mar/2026:20:37:31 +0100] "GET /uploads/noticias/20260316115919-webshellbibil.php HTTP/1.0" 200 9067 "https://asadorcasatomas.com/index.php" "Mozilla/5.0 (Windows NT 10.0; Win64; x64) AppleWebKit/537.36 (KHTML, like Gecko) Chrome/145.0.0.0 Safari/537.36"
57.141.0.46 - - [16/Mar/2026:20:37:32 +0100] "GET /item/5897361 HTTP/1.0" 404 1498 "-" "meta-externalagent/1.1 (+https://developers.facebook.com/docs/sharing/webmasters/crawler)"
85.87.99.30 - - [16/Mar/2026:20:37:34 +0100] "GET /favicon.ico HTTP/1.0" 404 1127 "https://asadorcasatomas.com/index.php" "Mozilla/5.0 (Windows NT 10.0; Win64; x64) AppleWebKit/537.36 (KHTML, like Gecko) Chrome/145.0.0.0 Safari/537.36"
57.141.0.31 - - [16/Mar/2026:20:37:39 +0100] "GET /item/5382219 HTTP/1.0" 404 1498 "-" "meta-externalagent/1.1 (+https://developers.facebook.com/docs/sharing/webmasters/crawler)"
57.141.0.22 - - [16/Mar/2026:20:37:44 +0100] "GET /item/6125971 HTTP/1.0" 404 1498 "-" "meta-externalagent/1.1 (+https://developers.facebook.com/docs/sharing/webmasters/crawler)"
57.141.0.6 - - [16/Mar/2026:20:37:51 +0100] "GET /item/6967440 HTTP/1.0" 404 1498 "-" "meta-externalagent/1.1 (+https://developers.facebook.com/docs/sharing/webmasters/crawler)"
85.87.99.30 - - [16/Mar/2026:20:37:52 +0100] "POST /cdn-cgi/rum? HTTP/1.0" 404 1127 "https://asadorcasatomas.com/carta.html" "Mozilla/5.0 (Windows NT 10.0; Win64; x64) AppleWebKit/537.36 (KHTML, like Gecko) Chrome/145.0.0.0 Safari/537.36"
85.87.99.30 - - [16/Mar/2026:20:37:54 +0100] "POST /cdn-cgi/rum? HTTP/1.0" 404 1127 "https://asadorcasatomas.com/carta.html" "Mozilla/5.0 (Windows NT 10.0; Win64; x64) AppleWebKit/537.36 (KHTML, like Gecko) Chrome/145.0.0.0 Safari/537.36"
85.87.99.30 - - [16/Mar/2026:20:37:54 +0100] "GET /uploads/noticias/20260316115919-webshellbibil.php HTTP/1.0" 200 9067 "https://asadorcasatomas.com/index.php" "Mozilla/5.0 (Windows NT 10.0; Win64; x64) AppleWebKit/537.36 (KHTML, like Gecko) Chrome/145.0.0.0 Safari/537.36"
57.141.0.60 - - [16/Mar/2026:20:37:58 +0100] "GET /item/6769423 HTTP/1.0" 404 1498 "-" "meta-externalagent/1.1 (+https://developers.facebook.com/docs/sharing/webmasters/crawler)"
5.255.231.69 - - [16/Mar/2026:20:38:00 +0100] "GET /indexer.phpog-image.png HTTP/1.0" 404 1127 "-" "Mozilla/5.0 (compatible; YandexImages/3.0; +http://yandex.com/bots)"
57.141.0.48 - - [16/Mar/2026:20:38:04 +0100] "GET /item/6862802 HTTP/1.0" 404 1498 "-" "meta-externalagent/1.1 (+https://developers.facebook.com/docs/sharing/webmasters/crawler)"
57.141.0.35 - - [16/Mar/2026:20:38:11 +0100] "GET /item/6272153 HTTP/1.0" 404 1498 "-" "meta-externalagent/1.1 (+https://developers.facebook.com/docs/sharing/webmasters/crawler)"
57.141.0.26 - - [16/Mar/2026:20:38:17 +0100] "GET /item/5506973 HTTP/1.0" 404 1498 "-" "meta-externalagent/1.1 (+https://developers.facebook.com/docs/sharing/webmasters/crawler)"
57.141.0.39 - - [16/Mar/2026:20:38:23 +0100] "GET /item/6574666 HTTP/1.0" 404 1498 "-" "meta-externalagent/1.1 (+https://developers.facebook.com/docs/sharing/webmasters/crawler)"
57.141.0.42 - - [16/Mar/2026:20:38:30 +0100] "GET /item/4628152 HTTP/1.0" 404 1498 "-" "meta-externalagent/1.1 (+https://developers.facebook.com/docs/sharing/webmasters/crawler)"
57.141.0.53 - - [16/Mar/2026:20:38:37 +0100] "GET /item/6980250 HTTP/1.0" 404 1498 "-" "meta-externalagent/1.1 (+https://developers.facebook.com/docs/sharing/webmasters/crawler)"
